000
CXUS54 KLZK 231130
CF6HRO
PRELIMINARY LOCAL CLIMATOLOGICAL DATA (WS FORM: F-6)

                                          STATION:   Harrison
                                          MONTH:     SEPTEMBER
                                          YEAR:      2017
                                          LATITUDE:   36 15 N
                                          LONGITUDE:  93  9 W

  TEMPERATURE IN F:       :PCPN:    SNOW:  WIND      :SUNSHINE: SKY     :PK WND
================================================================================
1   2   3   4   5  6A  6B    7    8   9   10  11  12  13   14  15   16   17  18
                                     12Z  AVG MX 2MIN
DY MAX MIN AVG DEP HDD CDD  WTR  SNW DPTH SPD SPD DIR MIN PSBL S-S WX    SPD DR
================================================================================

 1  82  58  70  -5   0   5 0.00  0.0    0  4.7 12 330   M    M   1        17 330
 2  84  55  70  -4   0   5 0.00  0.0    0  2.5  8 310   M    M   0 1      12 270
 3  89  62  76   2   0  11 0.00  0.0    0  2.8 10 300   M    M   1 1      13 310
 4  92  66  79   5   0  14 0.00  0.0    0  6.7 15 240   M    M   1 1      23 210
 5  77  56  67  -6   0   2 0.00  0.0    0  7.5 15 340   M    M   3        23 330
 6  74  50  62 -11   3   0 0.00  0.0    0  5.8 16 340   M    M   1        22 360
 7  80  47  64  -9   1   0 0.00  0.0    0  3.8 15 280   M    M   0        19 300
 8  84  53  69  -3   0   4 0.00  0.0    0  2.7 12 130   M    M   0        16 130
 9  84  55  70  -2   0   5 0.00  0.0    0  5.2 15 110   M    M   0        19 130
10  81  52  67  -4   0   2 0.00  0.0    0  3.1 14  70   M    M   3        21  30
11  82  49  66  -5   0   1 0.00  0.0    0  4.3 13  20   M    M   0 1      19 360
12  77  57  67  -4   0   2    T  0.0    0  6.8 15 330   M    M   2        21 350
13  84  58  71   1   0   6 0.00  0.0    0  6.3 14 290   M    M   3        20 320
14  89  52  71   1   0   6 0.00  0.0    0  4.6 13 170   M    M   0        18 170
15  88  58  73   4   0   8 0.00  0.0    0  7.2 16 150   M    M   0 1      25 160
16  88  60  74   5   0   9 0.00  0.0    0  5.6 17 160   M    M   0 1      23 140
17  78  63  71   2   0   6 0.08  0.0    0  5.0 16  30   M    M   4 1      22  20
18  85  62  74   6   0   9 0.30  0.0    0  4.1 12  40   M    M   5 13     14  60
19  90  62  76   8   0  11 0.00  0.0    0  6.1 16 150   M    M   1 12     24 160
20  94  72  83  16   0  18 0.00  0.0    0  8.7 15 170   M    M   1        21 210
21  91  68  80  13   0  15 0.00  0.0    0  7.8 18 160   M    M   0 1      28 160
22  91  66  79  12   0  14 0.00  0.0    0  5.1 17 160   M    M   0 1      21 160
================================================================================
SM 1864 1281         4 153  0.38     0.0 116.4          M       26
================================================================================
AV 84.7 58.2                               5.3 FASTST   M    M   1    MAX(MPH)
                                 MISC ---->  # 18 160               # 28  160
================================================================================
NOTES:
# LAST OF SEVERAL OCCURRENCES

COLUMN 17 PEAK WIND IN M.P.H.

PRELIMINARY LOCAL CLIMATOLOGICAL DATA (WS FORM: F-6) , PAGE 2

                                          STATION:  Harrison
                                          MONTH:    SEPTEMBER
                                          YEAR:     2017
                                          LATITUDE:   36 15 N
                                          LONGITUDE:  93  9 W

[TEMPERATURE DATA]      [PRECIPITATION DATA]       SYMBOLS USED IN COLUMN 16

AVERAGE MONTHLY: 71.5   TOTAL FOR MONTH:   0.38    1 = FOG OR MIST
DPTR FM NORMAL:   0.7   DPTR FM NORMAL:   -2.73    2 = FOG REDUCING VISIBILITY
HIGHEST:    94 ON 20    GRTST 24HR  0.30 ON 18-18      TO 1/4 MILE OR LESS
LOWEST:     47 ON  7                               3 = THUNDER
                        SNOW, ICE PELLETS, HAIL    4 = ICE PELLETS
                        TOTAL MONTH:   0.0 INCH    5 = HAIL
                        GRTST 24HR     0.0         6 = FREEZING RAIN OR DRIZZLE
                        GRTST DEPTH:   0           7 = DUSTSTORM OR SANDSTORM:
                                                       VSBY 1/2 MILE OR LESS
                                                   8 = SMOKE OR HAZE
[NO. OF DAYS WITH]      [WEATHER - DAYS WITH]      9 = BLOWING SNOW
                                                   X = TORNADO
MAX 32 OR BELOW:   0    0.01 INCH OR MORE:   2
MAX 90 OR ABOVE:   5    0.10 INCH OR MORE:   1
MIN 32 OR BELOW:   0    0.50 INCH OR MORE:   0
MIN  0 OR BELOW:   0    1.00 INCH OR MORE:   0

[HDD (BASE 65) ]
TOTAL THIS MO.     4    CLEAR  (SCALE 0-3)  19
DPTR FM NORMAL   -13    PTCLDY (SCALE 4-7)   3
TOTAL FM JUL 1     4    CLOUDY (SCALE 8-10)  0
DPTR FM NORMAL   -14

[CDD (BASE 65) ]
TOTAL THIS MO.   153
DPTR FM NORMAL     9    [PRESSURE DATA]
TOTAL FM JAN 1  1258    HIGHEST SLP 30.06 ON 21
DPTR FM NORMAL   -97    LOWEST  SLP 29.89 ON 20

[REMARKS]
ALL SNOWFALL DATA IS FROM THE HARRISON COOPERATIVE OBSERVER SITE
