000
CXUS54 KLZK 011330
CF6HRO
PRELIMINARY LOCAL CLIMATOLOGICAL DATA (WS FORM: F-6)

                                          STATION:   Harrison
                                          MONTH:     JUNE
                                          YEAR:      2015
                                          LATITUDE:   36 15 N
                                          LONGITUDE:  93  9 W

  TEMPERATURE IN F:       :PCPN:    SNOW:  WIND      :SUNSHINE: SKY     :PK WND
================================================================================
1   2   3   4   5  6A  6B    7    8   9   10  11  12  13   14  15   16   17  18
                                     12Z  AVG MX 2MIN
DY MAX MIN AVG DEP HDD CDD  WTR  SNW DPTH SPD SPD DIR MIN PSBL S-S WX    SPD DR
================================================================================

 1  72  57  65  -5   0   0 0.00  0.0    0  4.3  8  90   M    M   9 1      15 190
 2  75  59  67  -3   0   2 0.00  0.0    0  5.9 10 110   M    M   8 1      15 110
 3  80  61  71   1   0   6 0.00  0.0    0  7.3 13 140   M    M   5 1      17  90
 4  86  62  74   3   0   9 0.00  0.0    0  4.5 13 160   M    M   4 123    17 150
 5  87  65  76   5   0  11 0.00  0.0    0  2.9 12  70   M    M   1 1      24 290
 6  85  64  75   4   0  10 0.00  0.0    0  3.4 10 160   M    M   2 1      13 320
 7  89  68  79   7   0  14 0.00  0.0    0  5.8 14 180   M    M   1 1      18 170
 8  86  68  77   5   0  12    T  0.0    0  8.2 17 260   M    M   1        26 280
 9  89  61  75   3   0  10 0.00  0.0    0  3.2 10 320   M    M   0        15 290
10  90  63  77   5   0  12 0.00  0.0    0  3.4  9 170   M    M   0        15 140
11  89  65  77   4   0  12 0.00  0.0    0  6.3 15 180   M    M   1        20 150
12  88  70  79   6   0  14 0.00  0.0    0  6.7 16 170   M    M   1 1      22 170
13  83  70  77   4   0  12 0.27  0.0    0  7.5 20 160   M    M   2 13     27 160
14  84  70  77   4   0  12 0.36  0.0    0  7.6 18 170   M    M   6 13     23 170
15  85  69  77   3   0  12 0.63  0.0    0  7.2 15 180   M    M   5 13     20 170
16  83  69  76   2   0  11 1.05  0.0    0  3.6  9 250   M    M   6 13     18 250
17  84  68  76   2   0  11 0.91  0.0    0  5.3 17 180   M    M   3 13     26 180
18  79  69  74   0   0   9 1.06  0.0    0 10.6 20 130   M    M  10 1      27 140
19  80  66  73  -2   0   8 0.40  0.0    0  7.8 18 300   M    M   7 1      24 300
20  91  63  77   2   0  12 0.00  0.0    0  5.9 14 230   M    M   3 12     21 230
21  88  73  81   6   0  16    T  0.0    0  7.3 15 240   M    M   2        24 280
22  88  74  81   6   0  16 0.00  0.0    0  8.2 18 240   M    M   1        28 260
23  91  75  83   7   0  18 0.00  0.0    0  8.1 20 260   M    M   0        29 260
24  92  71  82   6   0  17 0.00  0.0    0  4.6 10 260   M    M   0        13 270
25  91  73  82   6   0  17 0.00  0.0    0  5.5 15 280   M    M   0        22 280
26  83  68  76   0   0  11 0.84  0.0    0  5.0 20  10   M    M   5 13     26  20
27  80  62  71  -5   0   6 0.00  0.0    0  5.4 12  10   M    M   5        16  10
28  84  60  72  -4   0   7 0.00  0.0    0  5.2 15 240   M    M   1        22 210
29  86  68  77   0   0  12 0.00  0.0    0  6.9 16 260   M    M   1        26 260
30  85  64  75  -2   0  10 0.00  0.0    0  4.2 13 240   M    M   0        18 260
================================================================================
SM 2553 1995         0 329  5.52     0.0 177.8          M       90
================================================================================
AV 85.1 66.5                               5.9 FASTST   M    M   3    MAX(MPH)
                                 MISC ---->  # 20 160               # 29  260
================================================================================
NOTES:
# LAST OF SEVERAL OCCURRENCES

COLUMN 17 PEAK WIND IN M.P.H.

PRELIMINARY LOCAL CLIMATOLOGICAL DATA (WS FORM: F-6) , PAGE 2

                                          STATION:  Harrison
                                          MONTH:    JUNE
                                          YEAR:     2015
                                          LATITUDE:   36 15 N
                                          LONGITUDE:  93  9 W

[TEMPERATURE DATA]      [PRECIPITATION DATA]       SYMBOLS USED IN COLUMN 16

AVERAGE MONTHLY: 75.8   TOTAL FOR MONTH:   5.52    1 = FOG OR MIST
DPTR FM NORMAL:   2.1   DPTR FM NORMAL:    1.28    2 = FOG REDUCING VISIBILITY
HIGHEST:    92 ON 24    GRTST 24HR  1.47 ON 17-18      TO 1/4 MILE OR LESS
LOWEST:     57 ON  1                               3 = THUNDER
                        SNOW, ICE PELLETS, HAIL    4 = ICE PELLETS
                        TOTAL MONTH:   0.0 INCH    5 = HAIL
                        GRTST 24HR     0.0         6 = FREEZING RAIN OR DRIZZLE
                        GRTST DEPTH:   0           7 = DUSTSTORM OR SANDSTORM:
                                                       VSBY 1/2 MILE OR LESS
                                                   8 = SMOKE OR HAZE
[NO. OF DAYS WITH]      [WEATHER - DAYS WITH]      9 = BLOWING SNOW
                                                   X = TORNADO
MAX 32 OR BELOW:   0    0.01 INCH OR MORE:   8
MAX 90 OR ABOVE:   5    0.10 INCH OR MORE:   8
MIN 32 OR BELOW:   0    0.50 INCH OR MORE:   5
MIN  0 OR BELOW:   0    1.00 INCH OR MORE:   2

[HDD (BASE 65) ]
TOTAL THIS MO.     0    CLEAR  (SCALE 0-3)  18
DPTR FM NORMAL    -6    PTCLDY (SCALE 4-7)  10
TOTAL FM JUL 1  4154    CLOUDY (SCALE 8-10)  2
DPTR FM NORMAL   150

[CDD (BASE 65) ]
TOTAL THIS MO.   329
DPTR FM NORMAL    64    [PRESSURE DATA]
TOTAL FM JAN 1   453    HIGHEST SLP 30.15 ON 24
DPTR FM NORMAL    49    LOWEST  SLP 29.72 ON 19

[REMARKS]
ALL SNOWFALL DATA IS FROM THE HARRISON COOPERATIVE OBSERVER SITE
#FINAL-06-15#
