000
CXUS52 KMHX 300806
CF6HSE
PRELIMINARY LOCAL CLIMATOLOGICAL DATA (WS FORM: F-6)

                                          STATION:   CAPE HATTERAS NC
                                          MONTH:     OCTOBER
                                          YEAR:      2014
                                          LATITUDE:   35 13 N
                                          LONGITUDE:  75 37 W

  TEMPERATURE IN F:       :PCPN:    SNOW:  WIND      :SUNSHINE: SKY     :PK WND
================================================================================
1   2   3   4   5  6A  6B    7    8   9   10  11  12  13   14  15   16   17  18
                                     12Z  AVG MX 2MIN
DY MAX MIN AVG DEP HDD CDD  WTR  SNW DPTH SPD SPD DIR MIN PSBL S-S WX    SPD DR
================================================================================

 1  75  66  71   1   0   6 0.00  0.0    0  8.1 14  20   M    M   1        22  30
 2  75  64  70   0   0   5 0.00  0.0    0  5.4 10  40   M    M   1        17  40
 3  75  61  68  -2   0   3 0.00  0.0    0  5.6 14 190   M    M   3        18 190
 4  78  60  69   0   0   4 0.09  0.0    0 11.5 22 230   M    M   3 1      33 220
 5  65  49  57 -12   8   0 0.00  0.0    0  6.2 17 330   M    M   0        28 330
 6  72  48  60  -9   5   0 0.00  0.0    0  5.4 14 210   M    M   0        19 220
 7  74  62  68   0   0   3 0.00  0.0    0  6.2 16 210   M    M   1        21 220
 8  79  71  75   7   0  10 0.00  0.0    0 12.3 17 240   M    M   1        24 240
 9  74  57  66  -2   0   1 0.00  0.0    0  6.3 15  30   M    M   0        24  20
10  77  55  66  -2   0   1 0.00  0.0    0  4.8 14 210   M    M   0        19 210
11  80  69  75   8   0  10 0.54  0.0    0 10.4 16 240   M    M   2 1      23  40
12  75  68  72   5   0   7 0.18  0.0    0  9.5 16  30   M    M   8 1      25  30
13  79  68  74   7   0   9 0.44  0.0    0 12.4 21 140   M    M   4 1      27 130
14  82  74  78  12   0  13 0.00  0.0    0 17.3 24 170   M    M   5        33 160
15  81  61  71   5   0   6 1.62  0.0    0 17.2 30 220   M    M   8 18     42 220
16  72  64  68   2   0   3 0.00  0.0    0  9.2 14 280   M    M   3        21 230
17  71  63  67   1   0   2 0.00  0.0    0  8.7 14 270   M    M   0        21 310
18  76  64  70   5   0   5 0.00  0.0    0  8.8 15 320   M    M   1        24 330
19  64  56  60  -5   5   0 0.09  0.0    0  8.6 14 340   M    M   3        28 340
20  71  47  59  -6   6   0 0.00  0.0    0  5.3 17 200   M    M   1        24 200
21  72  64  68   4   0   3 0.13  0.0    0  6.8 20 260   M    M   3 1      26 280
22  67  56  62  -2   3   0 0.00  0.0    0 14.2 21 310   M    M   8        33 320
23  65  53  59  -5   6   0 0.00  0.0    M 11.3 18 310   M    M   3        33 310
24  66  56  61  -3   4   0 0.00  0.0    0  7.5 14 320   M    M   0        23 320
25  69  50  60  -3   5   0 0.00  0.0    0  5.4 13 270   M    M   0        19 260
26  71  48  60  -3   5   0 0.00  0.0    0  6.0 15 310   M    M   0        22 310
27  72  46  59  -4   6   0 0.00  0.0    0  4.6  9  80   M    M   0        13  40
28  77  48  63   1   2   0 0.00  0.0    0  4.1  9 230   M    M   0        13 230
29  75  69  72  10   0   7 0.00  0.0    0  9.2 15 260   M    M   2        21 280
================================================================================
SM 2129 1717        55  98  3.09     0.0 248.3          M       61
================================================================================
AV 73.4 59.2                               8.6 FASTST   M    M   2    MAX(MPH)
                                 MISC ---->  # 30 220               # 42  220
================================================================================
NOTES:
# LAST OF SEVERAL OCCURRENCES

COLUMN 17 PEAK WIND IN M.P.H.

PRELIMINARY LOCAL CLIMATOLOGICAL DATA (WS FORM: F-6) , PAGE 2

                                          STATION:  CAPE HATTERAS NC
                                          MONTH:    OCTOBER
                                          YEAR:     2014
                                          LATITUDE:   35 13 N
                                          LONGITUDE:  75 37 W

[TEMPERATURE DATA]      [PRECIPITATION DATA]       SYMBOLS USED IN COLUMN 16

AVERAGE MONTHLY: 66.3   TOTAL FOR MONTH:   3.09    1 = FOG OR MIST
DPTR FM NORMAL:   0.2   DPTR FM NORMAL:   -1.97    2 = FOG REDUCING VISIBILITY
HIGHEST:    82 ON 14    GRTST 24HR  1.62 ON 15-15      TO 1/4 MILE OR LESS
LOWEST:     46 ON 27                               3 = THUNDER
                        SNOW, ICE PELLETS, HAIL    4 = ICE PELLETS
                        TOTAL MONTH:   0.0 INCH    5 = HAIL
                        GRTST 24HR     0.0         6 = FREEZING RAIN OR DRIZZLE
                        GRTST DEPTH:   0           7 = DUSTSTORM OR SANDSTORM:
                                                       VSBY 1/2 MILE OR LESS
                                                   8 = SMOKE OR HAZE
[NO. OF DAYS WITH]      [WEATHER - DAYS WITH]      9 = BLOWING SNOW
                                                   X = TORNADO
MAX 32 OR BELOW:   0    0.01 INCH OR MORE:   7
MAX 90 OR ABOVE:   0    0.10 INCH OR MORE:   5
MIN 32 OR BELOW:   0    0.50 INCH OR MORE:   2
MIN  0 OR BELOW:   0    1.00 INCH OR MORE:   1

[HDD (BASE 65) ]
TOTAL THIS MO.    55    CLEAR  (SCALE 0-3)  23
DPTR FM NORMAL    -8    PTCLDY (SCALE 4-7)   5
TOTAL FM JUL 1    55    CLOUDY (SCALE 8-10)  1
DPTR FM NORMAL   -11

[CDD (BASE 65) ]
TOTAL THIS MO.    98
DPTR FM NORMAL     3    [PRESSURE DATA]
TOTAL FM JAN 1  1761    HIGHEST SLP M ON M
DPTR FM NORMAL    74    LOWEST  SLP 29.62 ON  4

[REMARKS]
