000
CXUS53 KAPX 230631
CF6HTL
PRELIMINARY LOCAL CLIMATOLOGICAL DATA (WS FORM: F-6)

                                          STATION:   HOUGHTON LAKE MI
                                          MONTH:     MAY
                                          YEAR:      2017
                                          LATITUDE:   44 22 N
                                          LONGITUDE:  84 41 W

  TEMPERATURE IN F:       :PCPN:    SNOW:  WIND      :SUNSHINE: SKY     :PK WND
================================================================================
1   2   3   4   5  6A  6B    7    8   9   10  11  12  13   14  15   16   17  18
                                     12Z  AVG MX 2MIN
DY MAX MIN AVG DEP HDD CDD  WTR  SNW DPTH SPD SPD DIR MIN PSBL S-S WX    SPD DR
================================================================================

 1  60  36  48  -1  17   0 1.09  0.0    0 10.4 23 200   M    M   9 138    30 200
 2  46  37  42  -7  23   0 0.09  0.0    0 14.0 23 300   M    M  10 1      34 260
 3  61  33  47  -3  18   0 0.00  0.0    0  6.4 12 230   M    M   0        14 210
 4  59  39  49  -1  16   0 0.00  0.0    0  5.2 16 100   M    M   0        21 110
 5  59  35  47  -3  18   0 0.00  0.0    0 10.6 21  30   M    M   2        27  40
 6  59  35  47  -4  18   0 0.00  0.0    0 14.3 25 310   M    M   1        35 310
 7  50  30  40 -11  25   0 0.00  0.0    0 12.4 23 310   M    M   0        35 300
 8  52  29  41 -11  24   0 0.00  0.0    0  9.2 20 290   M    M   0        30 290
 9  61  25  43  -9  22   0 0.00  0.0    0  4.2 10 300   M    M   3        13 310
10  66  39  53   1  12   0 0.01  0.0    0  6.3 14 130   M    M   6        17 120
11  69  44  57   5   8   0 0.00  0.0    0  5.8 16 130   M    M   6        21 140
12  68  36  52  -1  13   0 0.00  0.0    0  4.4 12 170   M    M   6 1      14 150
13  66  39  53   0  12   0    T  0.0    0  4.3 15  90   M    M   6 1      18  90
14  63  41  52  -1  13   0 0.00  0.0    0  8.1 22  10   M    M   5 1      30 320
15  74  33  54   0  11   0    T    M    0  4.7 12 130   M    M   1 1      14 150
16  81  53  67  13   0   2 0.11  0.0    0  8.7 18 210   M    M   4        26 190
17  85  67  76  22   0  11 0.00  0.0    0 11.3 21 200   M    M   1        31 220
18  74  39  57   2   8   0 0.07  0.0    0 15.2 31 260   M    M   7 3      50 240
19  59  37  48  -7  17   0    T  0.0    0  9.1 17  60   M    M   5 1      22  70
20  61  34  48  -7  17   0 0.01  0.0    0 13.1 25  90   M    M   4        33 100
21  69  45  57   1   8   0 0.16  0.0    0 10.2 20 230   M    M  10 13     28 230
22  63  46  55  -1  10   0 0.01  0.0    0 12.5 22 250   M    M   7        30 230
================================================================================
SM 1405  852       310  13  1.55     0.0 200.4          M       93
================================================================================
AV 63.9 38.7                               9.1 FASTST   M    M   4    MAX(MPH)
                                 MISC ---->  # 31 260               # 50  240
================================================================================
NOTES:
# LAST OF SEVERAL OCCURRENCES

COLUMN 17 PEAK WIND IN M.P.H.

PRELIMINARY LOCAL CLIMATOLOGICAL DATA (WS FORM: F-6) , PAGE 2

                                          STATION:  HOUGHTON LAKE MI
                                          MONTH:    MAY
                                          YEAR:     2017
                                          LATITUDE:   44 22 N
                                          LONGITUDE:  84 41 W

[TEMPERATURE DATA]      [PRECIPITATION DATA]       SYMBOLS USED IN COLUMN 16

AVERAGE MONTHLY: 51.3   TOTAL FOR MONTH:   1.55    1 = FOG OR MIST
DPTR FM NORMAL:  -1.2   DPTR FM NORMAL:   -0.38    2 = FOG REDUCING VISIBILITY
HIGHEST:    85 ON 17    GRTST 24HR  1.09 ON  1- 1      TO 1/4 MILE OR LESS
LOWEST:     25 ON  9                               3 = THUNDER
                        SNOW, ICE PELLETS, HAIL    4 = ICE PELLETS
                        TOTAL MONTH:   0.0 INCH    5 = HAIL
                        GRTST 24HR     0.0         6 = FREEZING RAIN OR DRIZZLE
                        GRTST DEPTH:   0           7 = DUSTSTORM OR SANDSTORM:
                                                       VSBY 1/2 MILE OR LESS
                                                   8 = SMOKE OR HAZE
[NO. OF DAYS WITH]      [WEATHER - DAYS WITH]      9 = BLOWING SNOW
                                                   X = TORNADO
MAX 32 OR BELOW:   0    0.01 INCH OR MORE:   8
MAX 90 OR ABOVE:   0    0.10 INCH OR MORE:   3
MIN 32 OR BELOW:   3    0.50 INCH OR MORE:   1
MIN  0 OR BELOW:   0    1.00 INCH OR MORE:   1

[HDD (BASE 65) ]
TOTAL THIS MO.   310    CLEAR  (SCALE 0-3)   9
DPTR FM NORMAL    29    PTCLDY (SCALE 4-7)  10
TOTAL FM JUL 1  6779    CLOUDY (SCALE 8-10)  3
DPTR FM NORMAL -1163

[CDD (BASE 65) ]
TOTAL THIS MO.    13
DPTR FM NORMAL    10    [PRESSURE DATA]
TOTAL FM JAN 1    14    HIGHEST SLP M ON M
DPTR FM NORMAL     9    LOWEST  SLP 29.35 ON M

[REMARKS]
