000
CXUS51 KRLX 281107
CF6HTS
PRELIMINARY LOCAL CLIMATOLOGICAL DATA (WS FORM: F-6)

                                          STATION:   HUNTINGTON WV
                                          MONTH:     AUGUST
                                          YEAR:      2014
                                          LATITUDE:   38 22 N
                                          LONGITUDE:  82 33 W

  TEMPERATURE IN F:       :PCPN:    SNOW:  WIND      :SUNSHINE: SKY     :PK WND
================================================================================
1   2   3   4   5  6A  6B    7    8   9   10  11  12  13   14  15   16   17  18
                                     12Z  AVG MX 2MIN
DY MAX MIN AVG DEP HDD CDD  WTR  SNW DPTH SPD SPD DIR MIN PSBL S-S WX    SPD DR
================================================================================

 1  82  59  71  -5   0   6 0.30  0.0    0  2.6 12 130   M    M   5 128    14 130
 2  80  59  70  -6   0   5 0.23  0.0    0  2.9  7 360   M    M   5 123    36 330
 3  79  59  69  -7   0   4 0.00  0.0    0  2.3  9 180   M    M   7 128    12 180
 4  84  58  71  -5   0   6 0.00  0.0    0  1.6  9  50   M    M   3 128    12  40
 5  84  58  71  -5   0   6 0.00  0.0    0  1.6  8 350   M    M   3 128    11 240
 6  83  65  74  -2   0   9 0.00  0.0    0  3.5 14 360   M    M   3        19 340
 7  80  62  71  -5   0   6 0.00  0.0    0  4.6 10  60   M    M   0        13  40
 8  71  61  66 -10   0   1 0.06  0.0    0  2.4  8  80   M    M   5 1      10  70
 9  82  67  75  -1   0  10 0.21  0.0    0  3.5 10  90   M    M   7 18     13  90
10  80  64  72  -3   0   7    T  0.0    0  4.0  8 130   M    M   5        14 110
11  80  70  75   0   0  10 0.20  0.0    0  7.5 20 170   M    M   6        28 160
12  82  65  74  -1   0   9 0.32  0.0    0  7.3 23 260   M    M   7 13     32 260
13  78  60  69  -6   0   4 0.00  0.0    0  5.3 12 340   M    M   6        17 350
14  75  59  67  -8   0   2 0.06  0.0    0  2.9  8 210   M    M   6 1      10 200
15  79  56  68  -7   0   3 0.00  0.0    0  1.8  8  20   M    M   4 128    14 260
16  83  50  67  -8   0   2 0.00  0.0    0  4.1 12 190   M    M   4 12     15 250
17  79  67  73  -2   0   8    T  0.0    0  1.8  7 210   M    M   7         9 230
18  83  68  76   1   0  11 1.09  0.0    0  3.6 12 240   M    M   8 138    17 240
19  83  68  76   1   0  11 0.00  0.0    0  3.8  8 180   M    M   6 128    11 170
20  86  66  76   1   0  11 0.36  0.0    0  5.1 16 300   M    M   2 13     24 300
21  83  65  74  -1   0   9 0.22  0.0    0  3.5 15 330   M    M   3 13     22 320
22  84  69  77   2   0  12 2.86  0.0    0  5.2 23 330   M    M   6 1238   31 290
23  85  70  78   4   0  13 0.00  0.0    0  1.7  7 210   M    M   7 128    10 200
24  88  68  78   4   0  13 0.00  0.0    0  3.7 10  80   M    M   3 128    15  60
25  84  63  74   0   0   9 0.00  0.0    0  3.0  9  80   M    M   1 18     12  90
26  85  60  73  -1   0   8 0.00  0.0    0  2.9  8 170   M    M   1 128    13 140
27  86  60  73  -1   0   8 0.06  0.0    0  2.3 10 330   M    M   1 138    14 330
================================================================================
SM 2208 1696         0 203  5.97     0.0  94.5          M      121
================================================================================
AV 81.8 62.8                               3.5 FASTST   M    M   4    MAX(MPH)
                                 MISC ---->  # 23 260                 36    M
================================================================================
NOTES:
# LAST OF SEVERAL OCCURRENCES

COLUMN 17 PEAK WIND IN M.P.H.

PRELIMINARY LOCAL CLIMATOLOGICAL DATA (WS FORM: F-6) , PAGE 2

                                          STATION:  HUNTINGTON WV
                                          MONTH:    AUGUST
                                          YEAR:     2014
                                          LATITUDE:   38 22 N
                                          LONGITUDE:  82 33 W

[TEMPERATURE DATA]      [PRECIPITATION DATA]       SYMBOLS USED IN COLUMN 16

AVERAGE MONTHLY: 72.3   TOTAL FOR MONTH:   5.97    1 = FOG OR MIST
DPTR FM NORMAL:  -2.9   DPTR FM NORMAL:    2.67    2 = FOG REDUCING VISIBILITY
HIGHEST:    88 ON 24    GRTST 24HR  2.86 ON 22-22      TO 1/4 MILE OR LESS
LOWEST:     50 ON 16                               3 = THUNDER
                        SNOW, ICE PELLETS, HAIL    4 = ICE PELLETS
                        TOTAL MONTH:   0.0 INCH    5 = HAIL
                        GRTST 24HR     0.0         6 = FREEZING RAIN OR DRIZZLE
                        GRTST DEPTH:   0           7 = DUSTSTORM OR SANDSTORM:
                                                       VSBY 1/2 MILE OR LESS
                                                   8 = SMOKE OR HAZE
[NO. OF DAYS WITH]      [WEATHER - DAYS WITH]      9 = BLOWING SNOW
                                                   X = TORNADO
MAX 32 OR BELOW:   0    0.01 INCH OR MORE:  12
MAX 90 OR ABOVE:   0    0.10 INCH OR MORE:   9
MIN 32 OR BELOW:   0    0.50 INCH OR MORE:   2
MIN  0 OR BELOW:   0    1.00 INCH OR MORE:   2

[HDD (BASE 65) ]
TOTAL THIS MO.     0    CLEAR  (SCALE 0-3)   8
DPTR FM NORMAL     0    PTCLDY (SCALE 4-7)  18
TOTAL FM JUL 1     3    CLOUDY (SCALE 8-10)  1
DPTR FM NORMAL     3

[CDD (BASE 65) ]
TOTAL THIS MO.   203
DPTR FM NORMAL   -72    [PRESSURE DATA]
TOTAL FM JAN 1   798    HIGHEST SLP M ON M
DPTR FM NORMAL  -147    LOWEST  SLP 29.75 ON 12

[REMARKS]
