000
CXUS51 KRLX 251222
CF6HTS
PRELIMINARY LOCAL CLIMATOLOGICAL DATA (WS FORM: F-6)

                                          STATION:   HUNTINGTON WV
                                          MONTH:     FEBRUARY
                                          YEAR:      2018
                                          LATITUDE:   38 22 N
                                          LONGITUDE:  82 33 W

  TEMPERATURE IN F:       :PCPN:    SNOW:  WIND      :SUNSHINE: SKY     :PK WND
================================================================================
1   2   3   4   5  6A  6B    7    8   9   10  11  12  13   14  15   16   17  18
                                     12Z  AVG MX 2MIN
DY MAX MIN AVG DEP HDD CDD  WTR  SNW DPTH SPD SPD DIR MIN PSBL S-S WX    SPD DR
================================================================================

 1  51  31  41   6  24   0 0.36    T    0  8.6 16 320   M    M   6 18     22 310
 2  31  15  23 -12  42   0    T    T    0  7.6 17 330   M    M   7        24 330
 3  40  13  27  -8  38   0 0.00  0.0    0  4.4 10 170   M    M   7        13 160
 4  41  31  36   1  29   0 0.36  0.2    T  6.8 20 290   M    M  10 1      32 280
 5  31  18  25 -10  40   0    T    T    T  5.8 22 310   M    M   3 1      30 310
 6  34  23  29  -6  36   0    T  0.0    0  3.1 10  90   M    M   9        14  70
 7  34  27  31  -5  34   0 1.28    T    0  6.9 14 300   M    M   8 18     19 330
 8  38  25  32  -4  33   0    T    T    0  4.7 14 220   M    M   6 8      20 220
 9  56  25  41   5  24   0 0.00  0.0    0  2.6 12 200   M    M   1        17 180
10  54  44  49  13  16   0 0.25  0.0    0  5.7 15 190   M    M   9 12     20 200
11  63  36  50  14  15   0 1.00  0.0    0  7.3 18 260   M    M  10 18     33 260
12  42  30  36   0  29   0 0.08    T    0  6.0 14 350   M    M   6 1      18 350
13  47  30  39   2  26   0 0.00  0.0    0  4.0 13  60   M    M   7        17  40
14  62  46  54  17  11   0 0.30  0.0    0  8.1 16 210   M    M  10 1      27 220
15  72  60  66  29   0   1 0.13  0.0    0 10.0 23 230   M    M   9 1      34 220
16  70  37  54  17  11   0 1.42  0.0    0  7.1 24 230   M    M  10 18     32 230
17  41  33  37  -1  28   0 0.76  0.0    0  5.2 13 250   M    M   8 1      18 250
18  50  37  44   6  21   0 0.00  0.0    0  5.9 17 280   M    M   5 1      25 270
19  75  37  56  18   9   0 0.08  0.0    0  7.6 21 230   M    M   6        31 240
20  81  61  71  33   0   6 0.00  0.0    0 10.2 18 190   M    M   1        27 180
21  77  49  63  24   2   0 0.08  0.0    0  9.0 25 220   M    M   7 1      33 230
22  49  44  47   8  18   0 0.10  0.0    0  5.5 15 290   M    M  10 12     24 290
23  75  47  61  22   4   0    T  0.0    0  5.6 22 240   M    M   5 1      31 250
24  65  54  60  20   5   0 1.58  0.0    0  4.9 14 190   M    M  10 123    24 180
================================================================================
SM 1279  853       495   7  7.78     0.2 152.6          M      170
================================================================================
AV 53.3 35.5                               6.4 FASTST   M    M   7    MAX(MPH)
                                 MISC ---->  # 25 220               # 34  220
================================================================================
NOTES:
# LAST OF SEVERAL OCCURRENCES

COLUMN 17 PEAK WIND IN M.P.H.

PRELIMINARY LOCAL CLIMATOLOGICAL DATA (WS FORM: F-6) , PAGE 2

                                          STATION:  HUNTINGTON WV
                                          MONTH:    FEBRUARY
                                          YEAR:     2018
                                          LATITUDE:   38 22 N
                                          LONGITUDE:  82 33 W

[TEMPERATURE DATA]      [PRECIPITATION DATA]       SYMBOLS USED IN COLUMN 16

AVERAGE MONTHLY: 44.4   TOTAL FOR MONTH:   7.78    1 = FOG OR MIST
DPTR FM NORMAL:   7.6   DPTR FM NORMAL:    5.17    2 = FOG REDUCING VISIBILITY
HIGHEST:    81 ON 20    GRTST 24HR  1.58 ON 24-24      TO 1/4 MILE OR LESS
LOWEST:     13 ON  3                               3 = THUNDER
                        SNOW, ICE PELLETS, HAIL    4 = ICE PELLETS
                        TOTAL MONTH:   0.2 INCH    5 = HAIL
                        GRTST 24HR   0.2 ON  4- 4  6 = FREEZING RAIN OR DRIZZLE
                        GRTST DEPTH:   0           7 = DUSTSTORM OR SANDSTORM:
                                                       VSBY 1/2 MILE OR LESS
                                                   8 = SMOKE OR HAZE
[NO. OF DAYS WITH]      [WEATHER - DAYS WITH]      9 = BLOWING SNOW
                                                   X = TORNADO
MAX 32 OR BELOW:   2    0.01 INCH OR MORE:  14
MAX 90 OR ABOVE:   0    0.10 INCH OR MORE:  11
MIN 32 OR BELOW:  11    0.50 INCH OR MORE:   5
MIN  0 OR BELOW:   0    1.00 INCH OR MORE:   4

[HDD (BASE 65) ]
TOTAL THIS MO.   495    CLEAR  (SCALE 0-3)   3
DPTR FM NORMAL  -183    PTCLDY (SCALE 4-7)  11
TOTAL FM JUL 1  3191    CLOUDY (SCALE 8-10) 10
DPTR FM NORMAL  -211

[CDD (BASE 65) ]
TOTAL THIS MO.     7
DPTR FM NORMAL     7    [PRESSURE DATA]
TOTAL FM JAN 1     7    HIGHEST SLP M ON M
DPTR FM NORMAL     7    LOWEST  SLP 29.73 ON 16

[REMARKS]
