000
CXUS51 KCAR 280600
CF6HUL
PRELIMINARY LOCAL CLIMATOLOGICAL DATA (WS FORM: F-6)

                                          STATION:   HOULTON ME
                                          MONTH:     JULY
                                          YEAR:      2015
                                          LATITUDE:   46  7 N
                                          LONGITUDE:  67 48 W

  TEMPERATURE IN F:       :PCPN:    SNOW:  WIND      :SUNSHINE: SKY     :PK WND
================================================================================
1   2   3   4   5  6A  6B    7    8   9   10  11  12  13   14  15   16   17  18
                                     12Z  AVG MX 2MIN
DY MAX MIN AVG DEP HDD CDD  WTR  SNW DPTH SPD SPD DIR MIN PSBL S-S WX    SPD DR
================================================================================

 1  71  57  64   0   1   0 0.04    M    M  5.8 13 150   M    M   6 1      19 140
 2  72  49  61  -3   4   0 0.00    M    M  8.9 22 230   M    M   6 1      28 240
 3  75  48  62  -3   3   0 0.00    M    M  9.2 20 250   M    M   0        32 270
 4  79  46  63  -2   2   0 0.00    M    M  3.9 12 240   M    M   0        16 240
 5  79  50  65   0   0   0 0.00    M    M  3.9 15 270   M    M   2 1      20 310
 6  83  50  67   2   0   2 0.00    M    M  2.9  8 220   M    M   0 1      11 210
 7  84  62  73   8   0   8 0.00    M    M  9.1 18 200   M    M   4        28 200
 8  78  47  63  -2   2   0 0.06    M    M  8.6 18 340   M    M   6 1      27 310
 9  76  42  59  -7   6   0 0.00    M    M  1.8  9 360   M    M   0 1      12 110
10  81  52  67   1   0   2 0.00    M    M  3.5 14  30   M    M   0        17  10
11  83  47  65  -1   0   0 0.00    M    M  2.6 10 230   M    M   3 18     15 220
12  83  54  69   3   0   4    T    M    M  6.5 15 250   M    M   3        21 250
13  81  46  64  -2   1   0 0.00    M    M  2.9  9 220   M    M   0 18     13 300
14  83  57  70   4   0   5 0.00    M    M  7.3 16 190   M    M   0 8      27 200
15  70  50  60  -6   5   0 0.12    M    M 10.0 18 340   M    M   6 1      24 360
16  72  39  56 -10   9   0 0.00    M    M  5.9 18 330   M    M   0        27  20
17  78  37  58  -8   7   0 0.00    M    M  2.6 12 250   M    M   0        17 240
18  68  58  63  -3   2   0 0.53    M    M  6.3 14 180   M    M   7 1      20 150
19  65  57  61  -5   4   0 0.01    M    M  2.9  8 100   M    M  10 1      13 150
20  69  59  64  -2   1   0 0.48    M    M  5.4 16 110   M    M  10 1      23 110
21  71  61  66   0   0   1    T    M    M  6.7 13 130   M    M  10 1      18 130
22  78  58  68   2   0   3 0.01    M    M  6.6 18 270   M    M   7 1      27 270
23  73  53  63  -3   2   0 0.14    M    M  3.8 14  10   M    M   7 1      19 360
24  67  52  60  -6   5   0 0.05    M    M  5.2 15  90   M    M  10 12     22  90
25  65  54  60  -6   5   0 0.01    M    M  3.5 10  70   M    M   9 18     13  80
26  65  56  61  -5   4   0 0.05    M    M  5.7 10 190   M    M  10 1      17 180
27  75  60  68   2   0   3 0.00    M    M  5.0 13 240   M    M   8 1      15 230
================================================================================
SM 2024 1401        63  28  1.50    M    146.5          M      124
================================================================================
AV 75.0 51.9                               5.4 FASTST   M    M   5    MAX(MPH)
                                 MISC ---->  # 22 230               # 32  270
================================================================================
NOTES:
# LAST OF SEVERAL OCCURRENCES

COLUMN 17 PEAK WIND IN M.P.H.

PRELIMINARY LOCAL CLIMATOLOGICAL DATA (WS FORM: F-6) , PAGE 2

                                          STATION:  HOULTON ME
                                          MONTH:    JULY
                                          YEAR:     2015
                                          LATITUDE:   46  7 N
                                          LONGITUDE:  67 48 W

[TEMPERATURE DATA]      [PRECIPITATION DATA]       SYMBOLS USED IN COLUMN 16

AVERAGE MONTHLY: 63.4   TOTAL FOR MONTH:   1.50    1 = FOG OR MIST
DPTR FM NORMAL:  -2.2   DPTR FM NORMAL:   -1.67    2 = FOG REDUCING VISIBILITY
HIGHEST:    84 ON  7    GRTST 24HR  0.54 ON 18-19      TO 1/4 MILE OR LESS
LOWEST:     37 ON 17                               3 = THUNDER
                        SNOW, ICE PELLETS, HAIL    4 = ICE PELLETS
                        TOTAL MONTH:    M          5 = HAIL
                        GRTST 24HR    M  ON   M    6 = FREEZING RAIN OR DRIZZLE
                        GRTST DEPTH:  M  ON   M    7 = DUSTSTORM OR SANDSTORM:
                                                       VSBY 1/2 MILE OR LESS
                                                   8 = SMOKE OR HAZE
[NO. OF DAYS WITH]      [WEATHER - DAYS WITH]      9 = BLOWING SNOW
                                                   X = TORNADO
MAX 32 OR BELOW:   0    0.01 INCH OR MORE:  11
MAX 90 OR ABOVE:   0    0.10 INCH OR MORE:   4
MIN 32 OR BELOW:   0    0.50 INCH OR MORE:   1
MIN  0 OR BELOW:   0    1.00 INCH OR MORE:   0

[HDD (BASE 65) ]
TOTAL THIS MO.    63    CLEAR  (SCALE 0-3)  12
DPTR FM NORMAL     6    PTCLDY (SCALE 4-7)   8
TOTAL FM JUL 1    63    CLOUDY (SCALE 8-10)  7
DPTR FM NORMAL     6

[CDD (BASE 65) ]
TOTAL THIS MO.    28
DPTR FM NORMAL   -51    [PRESSURE DATA]
TOTAL FM JAN 1    65    HIGHEST SLP M ON M
DPTR FM NORMAL   -53    LOWEST  SLP 29.53 ON M

[REMARKS]
