000
CXUS51 KCAR 230600
CF6HUL
PRELIMINARY LOCAL CLIMATOLOGICAL DATA (WS FORM: F-6)

                                          STATION:   HOULTON ME
                                          MONTH:     SEPTEMBER
                                          YEAR:      2017
                                          LATITUDE:   46  7 N
                                          LONGITUDE:  67 48 W

  TEMPERATURE IN F:       :PCPN:    SNOW:  WIND      :SUNSHINE: SKY     :PK WND
================================================================================
1   2   3   4   5  6A  6B    7    8   9   10  11  12  13   14  15   16   17  18
                                     12Z  AVG MX 2MIN
DY MAX MIN AVG DEP HDD CDD  WTR  SNW DPTH SPD SPD DIR MIN PSBL S-S WX    SPD DR
================================================================================

 1  56  45  51  -9  14   0 0.08    M    M 10.0 22 320   M    M   7 1      34 310
 2  70  42  56  -4   9   0 0.00    M    M  6.3 16 330   M    M   4        21 340
 3  70  39  55  -5  10   0 0.17    M    M  5.1 16 160   M    M   4 1      25 190
 4  69  53  61   1   4   0 0.16    M    M  7.6 20 270   M    M   6 1      25 260
 5  71  61  66   7   0   1 0.16    M    M  6.5 15 190   M    M   4 1      23 200
 6  65  59  62   3   3   0 0.73    M    M  3.1  9  10   M    M  10 1      13 200
 7  70  49  60   2   5   0 0.35    M    M  6.3 18 230   M    M   6 1      27 160
 8  68  47  58   0   7   0 0.02    M    M  3.5 14 280   M    M   6 1      19 300
 9  68  48  58   0   7   0 0.03    M    M  2.9 15  50   M    M   7 12     19  30
10  66  45  56  -1   9   0 0.00    M    M  4.2 17 360   M    M   5 12     21  10
11  75  42  59   2   6   0 0.00    M    M  4.4 17 360   M    M   1 1      22 340
12  78  42  60   3   5   0 0.00    M    M  4.2 17 270   M    M   1 1      22 270
13  80  45  63   7   2   0 0.00    M    M  4.4 15 250   M    M   0 1      22 260
14  82  51  67  11   0   2 0.00    M    M  4.1 10 260   M    M   0 18     15 270
15  77  47  62   7   3   0 0.00    M    M  1.4  8  20   M    M   0        11 340
16  82  50  66  11   0   1 0.00    M    M  4.9 14 360   M    M   6 12     18  10
17  82  58  70  15   0   5 0.00    M    M  3.9 10 260   M    M   3        15 270
18  75  59  67  13   0   2 0.00    M    M  4.9  9 140   M    M   9 1      16 170
19  72  56  64  10   1   0 0.00    M    M  2.9  9 160   M    M   8 1      12 190
20  78  51  65  12   0   0 0.01    M    M  5.6 14  10   M    M   4 1      18  10
21  75  43  59   6   6   0 0.00    M    M  5.0 18  20   M    M   0        23  30
22  75  34  55   3  10   0 0.00    M    M  1.6  8 300   M    M   0        13 360
================================================================================
SM 1604 1066       101  11  1.71    M    102.8          M       91
================================================================================
AV 72.9 48.5                               4.7 FASTST   M    M   4    MAX(MPH)
                                 MISC ---->  # 22 320               # 34  310
================================================================================
NOTES:
# LAST OF SEVERAL OCCURRENCES

COLUMN 17 PEAK WIND IN M.P.H.

PRELIMINARY LOCAL CLIMATOLOGICAL DATA (WS FORM: F-6) , PAGE 2

                                          STATION:  HOULTON ME
                                          MONTH:    SEPTEMBER
                                          YEAR:     2017
                                          LATITUDE:   46  7 N
                                          LONGITUDE:  67 48 W

[TEMPERATURE DATA]      [PRECIPITATION DATA]       SYMBOLS USED IN COLUMN 16

AVERAGE MONTHLY: 60.7   TOTAL FOR MONTH:   1.71    1 = FOG OR MIST
DPTR FM NORMAL:   4.0   DPTR FM NORMAL:   -0.71    2 = FOG REDUCING VISIBILITY
HIGHEST:    82 ON 17,16 GRTST 24HR  0.73 ON  6- 6      TO 1/4 MILE OR LESS
LOWEST:     34 ON 22                               3 = THUNDER
                        SNOW, ICE PELLETS, HAIL    4 = ICE PELLETS
                        TOTAL MONTH:    M          5 = HAIL
                        GRTST 24HR    M  ON   M    6 = FREEZING RAIN OR DRIZZLE
                        GRTST DEPTH:  M  ON   M    7 = DUSTSTORM OR SANDSTORM:
                                                       VSBY 1/2 MILE OR LESS
                                                   8 = SMOKE OR HAZE
[NO. OF DAYS WITH]      [WEATHER - DAYS WITH]      9 = BLOWING SNOW
                                                   X = TORNADO
MAX 32 OR BELOW:   0    0.01 INCH OR MORE:   9
MAX 90 OR ABOVE:   0    0.10 INCH OR MORE:   5
MIN 32 OR BELOW:   0    0.50 INCH OR MORE:   1
MIN  0 OR BELOW:   0    1.00 INCH OR MORE:   0

[HDD (BASE 65) ]
TOTAL THIS MO.   101    CLEAR  (SCALE 0-3)   7
DPTR FM NORMAL   -95    PTCLDY (SCALE 4-7)  13
TOTAL FM JUL 1   249    CLOUDY (SCALE 8-10)  2
DPTR FM NORMAL  -103

[CDD (BASE 65) ]
TOTAL THIS MO.    11
DPTR FM NORMAL    -1    [PRESSURE DATA]
TOTAL FM JAN 1   187    HIGHEST SLP M ON M
DPTR FM NORMAL    -3    LOWEST  SLP 29.55 ON  4

[REMARKS]
