000
CXUS52 KMFL 281000
CF6HWO
PRELIMINARY LOCAL CLIMATOLOGICAL DATA (WS FORM: F-6)

                                          STATION:   NORTH PERRY ARPT
                                          MONTH:     AUGUST
                                          YEAR:      2014
                                          LATITUDE:   26  0 N
                                          LONGITUDE:  80 14 W

  TEMPERATURE IN F:       :PCPN:    SNOW:  WIND      :SUNSHINE: SKY     :PK WND
================================================================================
1   2   3   4   5  6A  6B    7    8   9   10  11  12  13   14  15   16   17  18
                                     12Z  AVG MX 2MIN
DY MAX MIN AVG DEP HDD CDD  WTR  SNW DPTH SPD SPD DIR MIN PSBL S-S WX    SPD DR
================================================================================

 1  92  77  85   1   0  20 0.00  0.0    0  4.0 15 100   M    M   2        20 110
 2  90  77  84   0   0  19 1.36  0.0    0  3.8 16 190   M    M   4 13     21 100
 3  85  74  80  -4   0  15 0.15  0.0    0  6.0 17 150   M    M   6 3      24 140
 4  88  74  81  -3   0  16 0.35  0.0    0  7.1 25 260   M    M   4 3      30 260
 5  91  76  84   0   0  19    T  0.0    0  5.0 20 260   M    M   0        24 260
 6  93  76  85   1   0  20 0.50  0.0    0  3.3 21 200   M    M   2 13     25 210
 7  92  75  84   0   0  19 1.14  0.0    0  4.7 23 330   M    M   2 13     27 300
 8  91  75  83  -1   0  18    T  0.0    0  6.1 16 190   M    M   1 3      19 190
 9  95  78  87   3   0  22 0.00  0.0    0  4.3 15 180   M    M   2 3      19 260
10  94  79  87   3   0  22    T  0.0    0  3.9 15 130   M    M   2 3      21 130
11  93  76  85   1   0  20 0.36  0.0    0  3.4 29  10   M    M   2 3      34  10
12  91  76  84   0   0  19 0.65  0.0    0  3.9 23 270   M    M   3 38     32 270
13  94  77  86   2   0  21 0.00  0.0    0  4.5 16 150   M    M   2        21 190
14  93  77  85   1   0  20 0.03  0.0    0  4.3 23 260   M    M   3 3      27 270
15  93  74  84   0   0  19 0.52  0.0    0  4.4 29 300   M    M   2 13     36 310
16  93  75  84   0   0  19 0.19  0.0    0  4.2 25 310   M    M   3 13     34 310
17  92  77  85   1   0  20 0.00  0.0    0  5.6 15 130   M    M   1 3      19 130
18  93  78  86   2   0  21 0.00  0.0    0  5.2 15 110   M    M   1 3      21  80
19  93  78  86   2   0  21 0.00  0.0    0  4.4 13 130   M    M   1 3      17 110
20  92  79  86   2   0  21 0.00  0.0    0  4.1 15 110   M    M   1 3      19 110
21  93  80  87   3   0  22    T  0.0    0  5.2 16 100   M    M   1 3      20 100
22  93  79  86   2   0  21    T  0.0    0  6.1 14 100   M    M   2 3      17  90
23  94  78  86   2   0  21 0.00  0.0    0  7.0 17  80   M    M   1 3      22  80
24  95  78  87   3   0  22 0.00  0.0    0  6.6 16  70   M    M   1        20  70
25  93  79  86   2   0  21 0.53  0.0    0  8.9 25  20   M    M   4 1      31  10
26  91  80  86   3   0  21    T  0.0    0 12.7 23  30   M    M   4        30  40
27  92  75  84   1   0  19 0.00  0.0    0  8.4 17  70   M    M   2        22 100
================================================================================
SM 2489 2077         0 538  5.78     0.0 147.1          M       59
================================================================================
AV 92.2 76.9                               5.4 FASTST   M    M   2    MAX(MPH)
                                 MISC ---->  # 29  10               # 36  310
================================================================================
NOTES:
# LAST OF SEVERAL OCCURRENCES

COLUMN 17 PEAK WIND IN M.P.H.

PRELIMINARY LOCAL CLIMATOLOGICAL DATA (WS FORM: F-6) , PAGE 2

                                          STATION:  NORTH PERRY ARPT
                                          MONTH:    AUGUST
                                          YEAR:     2014
                                          LATITUDE:   26  0 N
                                          LONGITUDE:  80 14 W

[TEMPERATURE DATA]      [PRECIPITATION DATA]       SYMBOLS USED IN COLUMN 16

AVERAGE MONTHLY: 84.6   TOTAL FOR MONTH:   5.78    1 = FOG OR MIST
DPTR FM NORMAL:   0.6   DPTR FM NORMAL:   -2.28    2 = FOG REDUCING VISIBILITY
HIGHEST:    95 ON 24, 9 GRTST 24HR  1.36 ON  2- 2      TO 1/4 MILE OR LESS
LOWEST:     74 ON 15, 4                            3 = THUNDER
                        SNOW, ICE PELLETS, HAIL    4 = ICE PELLETS
                        TOTAL MONTH:   0.0 INCH    5 = HAIL
                        GRTST 24HR     0.0         6 = FREEZING RAIN OR DRIZZLE
                        GRTST DEPTH:   0           7 = DUSTSTORM OR SANDSTORM:
                                                       VSBY 1/2 MILE OR LESS
                                                   8 = SMOKE OR HAZE
[NO. OF DAYS WITH]      [WEATHER - DAYS WITH]      9 = BLOWING SNOW
                                                   X = TORNADO
MAX 32 OR BELOW:   0    0.01 INCH OR MORE:  11
MAX 90 OR ABOVE:  25    0.10 INCH OR MORE:  10
MIN 32 OR BELOW:   0    0.50 INCH OR MORE:   6
MIN  0 OR BELOW:   0    1.00 INCH OR MORE:   2

[HDD (BASE 65) ]
TOTAL THIS MO.     0    CLEAR  (SCALE 0-3)  22
DPTR FM NORMAL     0    PTCLDY (SCALE 4-7)   5
TOTAL FM JUL 1     0    CLOUDY (SCALE 8-10)  0
DPTR FM NORMAL     0

[CDD (BASE 65) ]
TOTAL THIS MO.   538
DPTR FM NORMAL    28    [PRESSURE DATA]
TOTAL FM JAN 1  2996    HIGHEST SLP M ON M
DPTR FM NORMAL   136    LOWEST  SLP 29.72 ON 25

[REMARKS]
