000
CXUS52 KMFL 011000
CF6HWO
PRELIMINARY LOCAL CLIMATOLOGICAL DATA (WS FORM: F-6)

                                          STATION:   NORTH PERRY ARPT
                                          MONTH:     JUNE
                                          YEAR:      2015
                                          LATITUDE:   26  0 N
                                          LONGITUDE:  80 14 W

  TEMPERATURE IN F:       :PCPN:    SNOW:  WIND      :SUNSHINE: SKY     :PK WND
================================================================================
1   2   3   4   5  6A  6B    7    8   9   10  11  12  13   14  15   16   17  18
                                     12Z  AVG MX 2MIN
DY MAX MIN AVG DEP HDD CDD  WTR  SNW DPTH SPD SPD DIR MIN PSBL S-S WX    SPD DR
================================================================================

 1  89  74  82   0   0  17 0.00  0.0    0  5.8 16 140   M    M   1        22 100
 2  85  76  81  -1   0  16    T  0.0    0  5.3 15 120   M    M   2        18 100
 3  85  73  79  -3   0  14 0.05  0.0    0  6.7 15  50   M    M   6        19  50
 4  88  73  81  -1   0  16 0.22  0.0    0  4.7 16 110   M    M   6 1      21 100
 5  88  75  82   0   0  17 0.00  0.0    0  6.4 18  70   M    M   2        24  80
 6  86  73  80  -2   0  15 0.04  0.0    0  5.8 17  80   M    M   4        20  80
 7  88  71  80  -2   0  15 0.00  0.0    0  7.1 18  90   M    M   1        23  70
 8  89  74  82   0   0  17 0.00  0.0    0  6.0 17 110   M    M   3        24 100
 9  90  74  82   0   0  17 0.08  0.0    0  3.8 18 120   M    M   2 8      23 210
10  89  73  81  -1   0  16 0.19  0.0    0  5.3 23 190   M    M   2 138    29 180
11  89  72  81  -1   0  16 0.07  0.0    0  9.0 18 100   M    M   3        25 120
12  91  81  86   4   0  21 0.00  0.0    0 11.3 21 110   M    M   4        27  90
13  88  80  84   2   0  19 0.02  0.0    0 13.1 21  80   M    M   5        26  80
14  89  80  85   3   0  20    T  0.0    0 11.9 21  90   M    M   3        25  90
15  90  77  84   2   0  19 0.05  0.0    0  9.7 17  90   M    M   2        23 120
16  90  76  83   1   0  18    T  0.0    0  7.5 14  90   M    M   1        17 110
17  92  77  85   3   0  20    T  0.0    0  8.3 16  90   M    M   2        21  90
18  93  79  86   4   0  21 0.01  0.0    0  7.5 15 120   M    M   1        21  90
19  92  78  85   2   0  20 0.00  0.0    0  7.1 16 100   M    M   1 X      21 120
20  93  78  86   3   0  21    T  0.0    0  6.7 16 110   M    M   1 8      19 110
21  94  78  86   3   0  21 0.00  0.0    0  6.5 17 100   M    M   1        22  80
22  93  79  86   3   0  21 0.00  0.0    0  8.0 17  90   M    M   2        24  80
23  93  81  87   4   0  22 0.00  0.0    0  9.3 18 110   M    M   1        27 120
24  93  81  87   4   0  22 0.00  0.0    0  8.5 17 110   M    M   1        23 110
25  93  79  86   3   0  21 0.00  0.0    0  6.5 17 120   M    M   1        22 120
26  92  78  85   2   0  20 0.04  0.0    0  5.2 15 320   M    M   2 1      18 130
27  91  79  85   2   0  20 0.09  0.0    0  4.3 22 220   M    M   3        27 230
28  93  79  86   3   0  21 0.01  0.0    0  5.5 17 200   M    M   3 3      21 180
29  95  75  85   2   0  20 0.01  0.0    0  4.3 22 360   M    M   2 3      27 360
30  98  77  88   5   0  23 0.00  0.0    0  6.8 21 360   M    M   0        27 340
================================================================================
SM 2719 2300         0 566  0.88     0.0 213.9          M       68
================================================================================
AV 90.6 76.7                               7.1 FASTST   M    M   2    MAX(MPH)
                                 MISC ---->  # 23 190               # 29  180
================================================================================
NOTES:
# LAST OF SEVERAL OCCURRENCES

COLUMN 17 PEAK WIND IN M.P.H.

PRELIMINARY LOCAL CLIMATOLOGICAL DATA (WS FORM: F-6) , PAGE 2

                                          STATION:  NORTH PERRY ARPT
                                          MONTH:    JUNE
                                          YEAR:     2015
                                          LATITUDE:   26  0 N
                                          LONGITUDE:  80 14 W

[TEMPERATURE DATA]      [PRECIPITATION DATA]       SYMBOLS USED IN COLUMN 16

AVERAGE MONTHLY: 83.6   TOTAL FOR MONTH:   0.88    1 = FOG OR MIST
DPTR FM NORMAL:   1.2   DPTR FM NORMAL:   -8.66    2 = FOG REDUCING VISIBILITY
HIGHEST:    98 ON 30    GRTST 24HR  0.26 ON 10-11      TO 1/4 MILE OR LESS
LOWEST:     71 ON  7                               3 = THUNDER
                        SNOW, ICE PELLETS, HAIL    4 = ICE PELLETS
                        TOTAL MONTH:   0.0 INCH    5 = HAIL
                        GRTST 24HR     0.0         6 = FREEZING RAIN OR DRIZZLE
                        GRTST DEPTH:   0           7 = DUSTSTORM OR SANDSTORM:
                                                       VSBY 1/2 MILE OR LESS
                                                   8 = SMOKE OR HAZE
[NO. OF DAYS WITH]      [WEATHER - DAYS WITH]      9 = BLOWING SNOW
                                                   X = TORNADO
MAX 32 OR BELOW:   0    0.01 INCH OR MORE:  13
MAX 90 OR ABOVE:  18    0.10 INCH OR MORE:   2
MIN 32 OR BELOW:   0    0.50 INCH OR MORE:   0
MIN  0 OR BELOW:   0    1.00 INCH OR MORE:   0

[HDD (BASE 65) ]
TOTAL THIS MO.     0    CLEAR  (SCALE 0-3)  25
DPTR FM NORMAL     0    PTCLDY (SCALE 4-7)   5
TOTAL FM JUL 1   103    CLOUDY (SCALE 8-10)  0
DPTR FM NORMAL   -42

[CDD (BASE 65) ]
TOTAL THIS MO.   566
DPTR FM NORMAL    46    [PRESSURE DATA]
TOTAL FM JAN 1  2157    HIGHEST SLP 30.20 ON 30
DPTR FM NORMAL   380    LOWEST  SLP 29.88 ON  3

[REMARKS]
#FINAL-06-15#
