000
CXUS55 KPIH 011200
CF6IDA

PRELIMINARY LOCAL CLIMATOLOGICAL DATA (WS FORM: F-6)

                                          STATION:   IDAHO FALLS ID
                                          MONTH:     APRIL
                                          YEAR:      2016
                                          LATITUDE:   43 31 N
                                          LONGITUDE: 112  4 W

  TEMPERATURE IN F:       :PCPN:    SNOW:  WIND      :SUNSHINE: SKY     :PK WND
================================================================================
1   2   3   4   5  6A  6B    7    8   9   10  11  12  13   14  15   16   17  18
                                     12Z  AVG MX 2MIN
DY MAX MIN AVG DEP HDD CDD  WTR  SNW DPTH SPD SPD DIR MIN PSBL S-S WX    SPD DR
================================================================================

 1  60  24  42   1  23   0 0.00    M    M  5.9 15  30   M    M   0        18  30
 2  64  26  45   3  20   0 0.00    M    M  9.2 22 220   M    M   1 8      31 210
 3  66  32  49   7  16   0 0.02    M    M  7.8 23 280   M    M   5 3      27 290
 4  53  31  42   0  23   0 0.03    M    M 11.1 26 230   M    M   5 13     35 210
 5  55  27  41  -1  24   0 0.00    M    M 14.6 28 210   M    M   2        35 210
 6  61  32  47   5  18   0 0.00    M    M 13.2 23 210   M    M   1        28 230
 7  70  27  49   6  16   0 0.00    M    M  3.9 12  30   M    M   0        21  30
 8  74  32  53  10  12   0 0.00    M    M  7.9 16 110   M    M   0        28 100
 9  71  32  52   9  13   0    T    M    M  9.6 23 210   M    M   2        30 220
10  65  42  54  11  11   0 0.25    M    M  7.1 24  60   M    M   6 3      31  60
11  68  35  52   8  13   0 0.00    M    M  7.4 22 200   M    M   3        27 210
12  70  37  54  10  11   0    T    M    M 10.4 29 190   M    M   5 38     44 190
13  59  47  53   9  12   0    T    M    M 15.7 29 210   M    M   7        36 210
14  49  36  43  -1  22   0 0.18    M    M 16.8 31 200   M    M   6 1      40 200
15  52  34  43  -1  22   0    T    M    M 14.1 30 330   M    M   5 13     38 360
16  59  26  43  -2  22   0 0.00    M    M 12.9 26  30   M    M   0        33  30
17  63  29  46   1  19   0 0.00    M    M 13.4 23  30   M    M   0        28  40
18  62  31  47   2  18   0 0.00    M    M  7.4 18  70   M    M   5        30  40
19  72  35  54   8  11   0 0.00    M    M  5.8 18 210   M    M   4        22 220
20  73  33  53   7  12   0 0.00    M    M  2.8 12 360   M    M   0        14  80
21  77  35  56  10   9   0 0.00    M    M  6.7 20 200   M    M   1        25 190
22  77  41  59  13   6   0    T    M    M 11.1 32 130   M    M   2        39 190
23  61  44  53   7  12   0 0.05    M    M 11.5 30 210   M    M   9 1      37 210
24  55  41  48   1  17   0 0.04    M    M 14.2 24 220   M    M   8 1      30 220
25  58  30  44  -3  21   0 0.01    M    M 12.4 29  20   M    M   5 12     34  20
26  59  38  49   2  16   0 0.00    M    M 11.3 24 330   M    M   7        29 350
27  60  35  48   0  17   0 0.00    M    M  5.9 17  10   M    M   7        22 360
28  60  28  44  -4  21   0 0.00    M    M  9.1 22 330   M    M   3        27 330
29  55  34  45  -3  20   0 0.02    M    M  6.2 22 180   M    M   7        26 170
30  60  30  45  -3  20   0    T    M    M  8.3 30 360   M    M   6        38 350
================================================================================
SM 1888 1004       497   0  0.60    M    293.7          M      112
================================================================================
AV 62.9 33.5                               9.8 FASTST   M    M   4    MAX(MPH)
                                 MISC ---->  # 32 130               # 44  190
================================================================================
NOTES:
# LAST OF SEVERAL OCCURRENCES
PRECIPITATION SUSPECT DURING FREEZING/FROZEN EVENTS

COLUMN 17 PEAK WIND IN M.P.H.

PRELIMINARY LOCAL CLIMATOLOGICAL DATA (WS FORM: F-6) , PAGE 2

                                          STATION:  IDAHO FALLS ID
                                          MONTH:    APRIL
                                          YEAR:     2016
                                          LATITUDE:   43 31 N
                                          LONGITUDE: 112  4 W

[TEMPERATURE DATA]      [PRECIPITATION DATA]       SYMBOLS USED IN COLUMN 16

AVERAGE MONTHLY: 48.2   TOTAL FOR MONTH:   0.60    1 = FOG OR MIST
DPTR FM NORMAL:   3.5   DPTR FM NORMAL:   -0.54    2 = FOG REDUCING VISIBILITY
HIGHEST:    77 ON 22,21 GRTST 24HR  0.25 ON 10-10      TO 1/4 MILE OR LESS
LOWEST:     24 ON  1                               3 = THUNDER
                        SNOW, ICE PELLETS, HAIL    4 = ICE PELLETS
                        TOTAL MONTH:    M          5 = HAIL
                        GRTST 24HR    M  ON   M    6 = FREEZING RAIN OR DRIZZLE
                        GRTST DEPTH:  M  ON   M    7 = DUSTSTORM OR SANDSTORM:
                                                       VSBY 1/2 MILE OR LESS
                                                   8 = SMOKE OR HAZE
[NO. OF DAYS WITH]      [WEATHER - DAYS WITH]      9 = BLOWING SNOW
                                                   X = TORNADO
MAX 32 OR BELOW:   0    0.01 INCH OR MORE:   8
MAX 90 OR ABOVE:   0    0.10 INCH OR MORE:   2
MIN 32 OR BELOW:  15    0.50 INCH OR MORE:   0
MIN  0 OR BELOW:   0    1.00 INCH OR MORE:   0

[HDD (BASE 65) ]
TOTAL THIS MO.   497    CLEAR  (SCALE 0-3)  13
DPTR FM NORMAL  -112    PTCLDY (SCALE 4-7)  15
TOTAL FM JUL 1  6874    CLOUDY (SCALE 8-10)  2
DPTR FM NORMAL  -439

[CDD (BASE 65) ]
TOTAL THIS MO.     0
DPTR FM NORMAL     0    [PRESSURE DATA]
TOTAL FM JAN 1     0    HIGHEST SLP 30.52 ON  6
DPTR FM NORMAL     0    LOWEST  SLP 29.55 ON 23

[REMARKS]
