000
CXUS51 KPHI 200800
CF6ILG
PRELIMINARY LOCAL CLIMATOLOGICAL DATA (WS FORM: F-6)

                                          STATION:   WILMINGTON DE
                                          MONTH:     SEPTEMBER
                                          YEAR:      2014
                                          LATITUDE:   39 40 N
                                          LONGITUDE:  75 36 W

  TEMPERATURE IN F:       :PCPN:    SNOW:  WIND      :SUNSHINE: SKY     :PK WND
================================================================================
1   2   3   4   5  6A  6B    7    8   9   10  11  12  13   14  15   16   17  18
                                     12Z  AVG MX 2MIN
DY MAX MIN AVG DEP HDD CDD  WTR  SNW DPTH SPD SPD DIR MIN PSBL S-S WX    SPD DR
================================================================================

 1  87  73  80   7   0  15    T  0.0    0  5.0 14 170   M    M   5 1      16 170
 2  91  73  82  10   0  17 0.61  0.0    0  7.5 28 240   M    M   2 13     36 250
 3  85  65  75   3   0  10 0.00  0.0    0  4.7 12 320   M    M   2        14 340
 4  85  63  74   2   0   9 0.00  0.0    0  6.7 16 170   M    M   2        20 150
 5  87  71  79   7   0  14 0.00  0.0    0  5.6 17 170   M    M   5 12     20 160
 6  91  72  82  11   0  17 0.39  0.0    0  8.0 26 320   M    M   1 138    36 330
 7  81  64  73   2   0   8 0.00  0.0    0  7.7 16  10   M    M   2        19 350
 8  74  64  69  -2   0   4 0.00  0.0    0 10.3 21 110   M    M   2        26 120
 9  76  69  73   3   0   8 0.00  0.0    0 13.0 20  50   M    M  10        25  50
10  80  64  72   2   0   7 0.00  0.0    0  7.2 15 150   M    M   5        19 150
11  86  69  78   8   0  13 0.00  0.0    0  9.2 20 260   M    M   7        25 260
12  76  60  68  -1   0   3 0.00  0.0    0  8.2 18  20   M    M   0        23  10
13  70  55  63  -6   2   0 0.46  0.0    0  6.0 22 320   M    M   6 1      29 320
14  69  49  59 -10   6   0 0.00  0.0    0  4.7 13 340   M    M   1 1      18  10
15  73  47  60  -8   5   0 0.00  0.0    0  3.9 10 170   M    M   0        15  60
16  75  56  66  -2   0   1 0.11  0.0    0  6.2 14 320   M    M   6 1      21 260
17  74  53  64  -4   1   0 0.00  0.0    0  3.3  9 200   M    M   3        14 120
18  72  51  62  -5   3   0    T  0.0    0  2.8 13 280   M    M   4        15  10
19  71  54  63  -4   2   0 0.00  0.0    0 10.8 20  60   M    M   2        25  50
================================================================================
SM 1503 1172        19 126  1.57     0.0 130.8          M       65
================================================================================
AV 79.1 61.7                               6.9 FASTST   M    M   3    MAX(MPH)
                                 MISC ---->  # 28 240               # 36  250
================================================================================
NOTES:
# LAST OF SEVERAL OCCURRENCES

COLUMN 17 PEAK WIND IN M.P.H.

PRELIMINARY LOCAL CLIMATOLOGICAL DATA (WS FORM: F-6) , PAGE 2

                                          STATION:  WILMINGTON DE
                                          MONTH:    SEPTEMBER
                                          YEAR:     2014
                                          LATITUDE:   39 40 N
                                          LONGITUDE:  75 36 W

[TEMPERATURE DATA]      [PRECIPITATION DATA]       SYMBOLS USED IN COLUMN 16

AVERAGE MONTHLY: 70.4   TOTAL FOR MONTH:   1.57    1 = FOG OR MIST
DPTR FM NORMAL:   0.4   DPTR FM NORMAL:   -1.02    2 = FOG REDUCING VISIBILITY
HIGHEST:    91 ON  6, 2 GRTST 24HR  1.34 ON 31- 1      TO 1/4 MILE OR LESS
LOWEST:     47 ON 15                               3 = THUNDER
                        SNOW, ICE PELLETS, HAIL    4 = ICE PELLETS
                        TOTAL MONTH:   0.0 INCH    5 = HAIL
                        GRTST 24HR     0.0         6 = FREEZING RAIN OR DRIZZLE
                        GRTST DEPTH:   0           7 = DUSTSTORM OR SANDSTORM:
                                                       VSBY 1/2 MILE OR LESS
                                                   8 = SMOKE OR HAZE
[NO. OF DAYS WITH]      [WEATHER - DAYS WITH]      9 = BLOWING SNOW
                                                   X = TORNADO
MAX 32 OR BELOW:   0    0.01 INCH OR MORE:   4
MAX 90 OR ABOVE:   2    0.10 INCH OR MORE:   4
MIN 32 OR BELOW:   0    0.50 INCH OR MORE:   1
MIN  0 OR BELOW:   0    1.00 INCH OR MORE:   0

[HDD (BASE 65) ]
TOTAL THIS MO.    19    CLEAR  (SCALE 0-3)  11
DPTR FM NORMAL     4    PTCLDY (SCALE 4-7)   7
TOTAL FM JUL 1    19    CLOUDY (SCALE 8-10)  1
DPTR FM NORMAL     2

[CDD (BASE 65) ]
TOTAL THIS MO.   126
DPTR FM NORMAL    18    [PRESSURE DATA]
TOTAL FM JAN 1  1032    HIGHEST SLP M ON M
DPTR FM NORMAL   -69    LOWEST  SLP 29.84 ON  2

[REMARKS]
