000
CXUS51 KPHI 210800
CF6ILG
PRELIMINARY LOCAL CLIMATOLOGICAL DATA (WS FORM: F-6)

                                          STATION:   WILMINGTON DE
                                          MONTH:     JULY
                                          YEAR:      2017
                                          LATITUDE:   39 40 N
                                          LONGITUDE:  75 36 W

  TEMPERATURE IN F:       :PCPN:    SNOW:  WIND      :SUNSHINE: SKY     :PK WND
================================================================================
1   2   3   4   5  6A  6B    7    8   9   10  11  12  13   14  15   16   17  18
                                     12Z  AVG MX 2MIN
DY MAX MIN AVG DEP HDD CDD  WTR  SNW DPTH SPD SPD DIR MIN PSBL S-S WX    SPD DR
================================================================================

 1  89  72  81   5   0  16 0.11  0.0    0  8.8 24 310   M    M   4 13     28 320
 2  89  69  79   3   0  14 0.00  0.0    0  5.8 15 240   M    M   1 1      19 240
 3  91  71  81   5   0  16 0.00  0.0    0  5.6 14 280   M    M   1        17 280
 4  91  71  81   5   0  16 0.05  0.0    0  6.8 18 170   M    M   3 13     24 140
 5  83  71  77   1   0  12 0.01  0.0    0  8.0 15  80   M    M   5        19  80
 6  75  70  73  -4   0   8 0.50  0.0    0  8.4 14  70   M    M   9 1      17  60
 7  87  70  79   2   0  14 0.57  0.0    0  5.4 30 270   M    M   7 1      39 280
 8  87  68  78   1   0  13 0.00  0.0    0  8.2 17 310   M    M   2 1      23 290
 9  82  65  74  -3   0   9 0.00  0.0    0  6.5 14 310   M    M   0        19 280
10  87  64  76  -1   0  11 0.00  0.0    0  7.7 17 160   M    M   5        22 210
11  90  74  82   5   0  17 0.00  0.0    0  8.4 17 250   M    M   2        22 240
12  90  76  83   6   0  18 0.00  0.0    0  8.0 17 250   M    M   1        22 230
13  93  75  84   7   0  19 0.00  0.0    0  6.3 16  10   M    M   2 18     21 120
14  87  72  80   3   0  15 1.49  0.0    0  3.9 35 350   M    M   5 13     43 340
15  88  68  78   1   0  13 0.00  0.0    0  6.3 16 340   M    M   5 1      22 300
16  85  65  75  -2   0  10 0.00  0.0    0  5.3 10 160   M    M   3        15 160
17  86  68  77   0   0  12 0.06  0.0    0  6.9 20 300   M    M   1 3      24 160
18  88  73  81   4   0  16 0.00  0.0    0  6.2 18 170   M    M   3        22 180
19  92  73  83   6   0  18 0.00  0.0    0  3.6 17 170   M    M   1        21 160
20  93  76  85   8   0  20 0.00  0.0    0  6.5 14 290   M    M   1        19 310
================================================================================
SM 1753 1411         0 287  2.79     0.0 132.6          M       61
================================================================================
AV 87.7 70.6                               6.6 FASTST   M    M   3    MAX(MPH)
                                 MISC ---->  # 35 350               # 43  340
================================================================================
NOTES:
# LAST OF SEVERAL OCCURRENCES

COLUMN 17 PEAK WIND IN M.P.H.

PRELIMINARY LOCAL CLIMATOLOGICAL DATA (WS FORM: F-6) , PAGE 2

                                          STATION:  WILMINGTON DE
                                          MONTH:    JULY
                                          YEAR:     2017
                                          LATITUDE:   39 40 N
                                          LONGITUDE:  75 36 W

[TEMPERATURE DATA]      [PRECIPITATION DATA]       SYMBOLS USED IN COLUMN 16

AVERAGE MONTHLY: 79.1   TOTAL FOR MONTH:   2.79    1 = FOG OR MIST
DPTR FM NORMAL:   2.4   DPTR FM NORMAL:   -0.20    2 = FOG REDUCING VISIBILITY
HIGHEST:    93 ON 20,13 GRTST 24HR  1.49 ON 14-14      TO 1/4 MILE OR LESS
LOWEST:     64 ON 10                               3 = THUNDER
                        SNOW, ICE PELLETS, HAIL    4 = ICE PELLETS
                        TOTAL MONTH:   0.0 INCH    5 = HAIL
                        GRTST 24HR     0.0         6 = FREEZING RAIN OR DRIZZLE
                        GRTST DEPTH:   0           7 = DUSTSTORM OR SANDSTORM:
                                                       VSBY 1/2 MILE OR LESS
                                                   8 = SMOKE OR HAZE
[NO. OF DAYS WITH]      [WEATHER - DAYS WITH]      9 = BLOWING SNOW
                                                   X = TORNADO
MAX 32 OR BELOW:   0    0.01 INCH OR MORE:   7
MAX 90 OR ABOVE:   7    0.10 INCH OR MORE:   4
MIN 32 OR BELOW:   0    0.50 INCH OR MORE:   3
MIN  0 OR BELOW:   0    1.00 INCH OR MORE:   1

[HDD (BASE 65) ]
TOTAL THIS MO.     0    CLEAR  (SCALE 0-3)  13
DPTR FM NORMAL     0    PTCLDY (SCALE 4-7)   6
TOTAL FM JUL 1     0    CLOUDY (SCALE 8-10)  1
DPTR FM NORMAL     0

[CDD (BASE 65) ]
TOTAL THIS MO.   287
DPTR FM NORMAL    51    [PRESSURE DATA]
TOTAL FM JAN 1   639    HIGHEST SLP M ON M
DPTR FM NORMAL    93    LOWEST  SLP 29.75 ON M

[REMARKS]
