000
CXUS51 KPHI 200800
CF6ILG
PRELIMINARY LOCAL CLIMATOLOGICAL DATA (WS FORM: F-6)

                                          STATION:   WILMINGTON DE
                                          MONTH:     OCTOBER
                                          YEAR:      2014
                                          LATITUDE:   39 40 N
                                          LONGITUDE:  75 36 W

  TEMPERATURE IN F:       :PCPN:    SNOW:  WIND      :SUNSHINE: SKY     :PK WND
================================================================================
1   2   3   4   5  6A  6B    7    8   9   10  11  12  13   14  15   16   17  18
                                     12Z  AVG MX 2MIN
DY MAX MIN AVG DEP HDD CDD  WTR  SNW DPTH SPD SPD DIR MIN PSBL S-S WX    SPD DR
================================================================================

 1  76  59  68   6   0   3 0.00  0.0    0  5.8 12  80   M    M   7        15  50
 2  70  55  63   2   2   0 0.00  0.0    0  3.7 12  10   M    M   5        16 340
 3  72  54  63   2   2   0 0.11  0.0    0  8.2 18 150   M    M   6 1      23 130
 4  71  45  58  -2   7   0 0.42    M    0 13.2 25 310   M    M   7 1      34 150
 5  62  39  51  -9  14   0 0.00  0.0    0  5.9 20 290   M    M   2        26 270
 6  73  41  57  -3   8   0 0.00  0.0    0 10.1 22 150   M    M   1        28 150
 7  71  62  67   8   0   2 0.36  0.0    0  9.8 21 190   M    M   4 1      29 180
 8  75  55  65   6   0   0 0.00  0.0    0  9.4 22 290   M    M   2        28 300
 9  70  49  60   2   5   0 0.00  0.0    0  7.1 16 250   M    M   0        22 240
10  61  50  56  -2   9   0    T  0.0    0  3.5  8  60   M    M   9        10 100
11  56  50  53  -5  12   0 0.43  0.0    0  7.7 15  10   M    M   8 1      19  20
12  64  44  54  -3  11   0 0.00  0.0    0  5.9 14  30   M    M   1 1      17  40
13  65  57  61   4   4   0 0.08  0.0    0  4.6 15 150   M    M  10 18     18 150
14  78  64  71  14   0   6 0.00  0.0    0 12.0 20 150   M    M   8        25 150
15  75  68  72  16   0   7 0.38  0.0    0 13.3 24 150   M    M   9 1      30 140
16  70  58  64   8   1   0 0.41  0.0    0  6.1 14 260   M    M   7 1      16 200
17  71  55  63   7   2   0 0.00  0.0    0  6.9 17 210   M    M   1        22 210
18  73  51  62   7   3   0 0.00  0.0    0 11.1 26 290   M    M   4        34 290
19  56  39  48  -7  17   0 0.00  0.0    0 12.6 28 320   M    M   2        38 330
================================================================================
SM 1309  995        97  18  2.19     0.0 156.9          M       93
================================================================================
AV 68.9 52.4                               8.3 FASTST   M    M   5    MAX(MPH)
                                 MISC ---->  # 28 320               # 38  330
================================================================================
NOTES:
# LAST OF SEVERAL OCCURRENCES

COLUMN 17 PEAK WIND IN M.P.H.

PRELIMINARY LOCAL CLIMATOLOGICAL DATA (WS FORM: F-6) , PAGE 2

                                          STATION:  WILMINGTON DE
                                          MONTH:    OCTOBER
                                          YEAR:     2014
                                          LATITUDE:   39 40 N
                                          LONGITUDE:  75 36 W

[TEMPERATURE DATA]      [PRECIPITATION DATA]       SYMBOLS USED IN COLUMN 16

AVERAGE MONTHLY: 60.6   TOTAL FOR MONTH:   2.19    1 = FOG OR MIST
DPTR FM NORMAL:   2.5   DPTR FM NORMAL:    0.00    2 = FOG REDUCING VISIBILITY
HIGHEST:    78 ON 14    GRTST 24HR  0.79 ON 15-16      TO 1/4 MILE OR LESS
LOWEST:     39 ON 19, 5                            3 = THUNDER
                        SNOW, ICE PELLETS, HAIL    4 = ICE PELLETS
                        TOTAL MONTH:   0.0 INCH    5 = HAIL
                        GRTST 24HR     0.0         6 = FREEZING RAIN OR DRIZZLE
                        GRTST DEPTH:   0           7 = DUSTSTORM OR SANDSTORM:
                                                       VSBY 1/2 MILE OR LESS
                                                   8 = SMOKE OR HAZE
[NO. OF DAYS WITH]      [WEATHER - DAYS WITH]      9 = BLOWING SNOW
                                                   X = TORNADO
MAX 32 OR BELOW:   0    0.01 INCH OR MORE:   7
MAX 90 OR ABOVE:   0    0.10 INCH OR MORE:   6
MIN 32 OR BELOW:   0    0.50 INCH OR MORE:   0
MIN  0 OR BELOW:   0    1.00 INCH OR MORE:   0

[HDD (BASE 65) ]
TOTAL THIS MO.    97    CLEAR  (SCALE 0-3)   7
DPTR FM NORMAL   -47    PTCLDY (SCALE 4-7)   8
TOTAL FM JUL 1   135    CLOUDY (SCALE 8-10)  4
DPTR FM NORMAL   -61

[CDD (BASE 65) ]
TOTAL THIS MO.    18
DPTR FM NORMAL     3    [PRESSURE DATA]
TOTAL FM JAN 1  1073    HIGHEST SLP M ON M
DPTR FM NORMAL   -69    LOWEST  SLP 29.54 ON  4

[REMARKS]
