000
CXUS51 KPHI 290800
CF6ILG
PRELIMINARY LOCAL CLIMATOLOGICAL DATA (WS FORM: F-6)

                                          STATION:   WILMINGTON DE
                                          MONTH:     JUNE
                                          YEAR:      2015
                                          LATITUDE:   39 40 N
                                          LONGITUDE:  75 36 W

  TEMPERATURE IN F:       :PCPN:    SNOW:  WIND      :SUNSHINE: SKY     :PK WND
================================================================================
1   2   3   4   5  6A  6B    7    8   9   10  11  12  13   14  15   16   17  18
                                     12Z  AVG MX 2MIN
DY MAX MIN AVG DEP HDD CDD  WTR  SNW DPTH SPD SPD DIR MIN PSBL S-S WX    SPD DR
================================================================================

 1  82  59  71   3   0   6 3.80  0.0    0  9.1 25 360   M    M   8 135    31  10
 2  59  53  56 -12   9   0 0.29  0.0    0 10.6 17  30   M    M   9 1      22  40
 3  67  53  60  -8   5   0 0.27  0.0    0  9.8 18  70   M    M   9 1      23  50
 4  69  55  62  -7   3   0 0.48  0.0    0 10.7 18  50   M    M  10 1      23  60
 5  73  55  64  -5   1   0    T  0.0    0  6.2 13  50   M    M   7 1      16  50
 6  81  64  73   3   0   8    T  0.0    0  8.1 20  10   M    M   5 1      25  20
 7  74  58  66  -4   0   1 0.00  0.0    0 11.1 22 160   M    M   3        27 150
 8  84  61  73   3   0   8 1.49  0.0    0 13.1 32 290   M    M   4 13     42 290
 9  85  66  76   6   0  11    T  0.0    0 10.4 22 250   M    M   6 3      28 260
10  83  60  72   1   0   7 0.00  0.0    0  5.9 17 160   M    M   1        22 240
11  90  67  79   8   0  14 0.00  0.0    0  7.4 16 230   M    M   0        19 240
12  91  73  82  11   0  17 0.00  0.0    0  8.1 17 200   M    M   0 18     23 220
13  86  74  80   8   0  15 0.00  0.0    0  8.7 20 300   M    M   4        24 300
14  88  72  80   8   0  15 0.30  0.0    0  5.8 21 160   M    M   5 13     27 170
15  88  73  81   9   0  16 0.10  0.0    0  7.2 16 270   M    M   5 138    19 260
16  90  72  81   8   0  16 0.60  0.0    0  8.4 20 350   M    M   4 12     25 350
17  82  67  75   2   0  10 0.02  0.0    0  9.4 18 170   M    M   4 1      21 170
18  74  65  70  -3   0   5 0.98  0.0    0  7.6 14 150   M    M  10 1      19 150
19  86  69  78   5   0  13 0.20  0.0    0  8.0 18 330   M    M   5 13     25 330
20  84  70  77   3   0  12 0.50  0.0    0  8.5 21 170   M    M   6 13     28 160
21  89  73  81   7   0  16 0.15  0.0    0 10.0 23 290   M    M   5 13     28 300
22  88  70  79   5   0  14 0.00  0.0    0  7.3 16 290   M    M   2        20 280
23  92  69  81   7   0  16 0.69  0.0    0  9.6 53 300   M    M   1 1238   66 290
24  84  63  74  -1   0   9 0.00  0.0    0  7.9 17 320   M    M   0        21 330
25  82  62  72  -3   0   7 0.38  0.0    0  5.9 15  30   M    M   4 1      17  30
26  81  66  74  -1   0   9    T  0.0    0  5.8 15 160   M    M   7 1      18 170
27  69  63  66  -9   0   1 2.17  0.0    0 14.1 29  80   M    M   9 1      37  70
28  77  65  71  -5   0   6 0.09  0.0    0 11.5 22 270   M    M   8 1      28 270
================================================================================
SM 2278 1817        18 252 12.51     0.0 246.2          M      141
================================================================================
AV 81.4 64.9                               8.8 FASTST   M    M   5    MAX(MPH)
                                 MISC ---->  # 53 300               # 66  290
================================================================================
NOTES:
# LAST OF SEVERAL OCCURRENCES

COLUMN 17 PEAK WIND IN M.P.H.

PRELIMINARY LOCAL CLIMATOLOGICAL DATA (WS FORM: F-6) , PAGE 2

                                          STATION:  WILMINGTON DE
                                          MONTH:    JUNE
                                          YEAR:     2015
                                          LATITUDE:   39 40 N
                                          LONGITUDE:  75 36 W

[TEMPERATURE DATA]      [PRECIPITATION DATA]       SYMBOLS USED IN COLUMN 16

AVERAGE MONTHLY: 73.1   TOTAL FOR MONTH:  12.51    1 = FOG OR MIST
DPTR FM NORMAL:   1.2   DPTR FM NORMAL:    8.89    2 = FOG REDUCING VISIBILITY
HIGHEST:    92 ON 23    GRTST 24HR  3.84 ON  1- 2      TO 1/4 MILE OR LESS
LOWEST:     53 ON  3, 2                            3 = THUNDER
                        SNOW, ICE PELLETS, HAIL    4 = ICE PELLETS
                        TOTAL MONTH:   0.0 INCH    5 = HAIL
                        GRTST 24HR     0.0         6 = FREEZING RAIN OR DRIZZLE
                        GRTST DEPTH:   0           7 = DUSTSTORM OR SANDSTORM:
                                                       VSBY 1/2 MILE OR LESS
                                                   8 = SMOKE OR HAZE
[NO. OF DAYS WITH]      [WEATHER - DAYS WITH]      9 = BLOWING SNOW
                                                   X = TORNADO
MAX 32 OR BELOW:   0    0.01 INCH OR MORE:  17
MAX 90 OR ABOVE:   4    0.10 INCH OR MORE:  15
MIN 32 OR BELOW:   0    0.50 INCH OR MORE:   7
MIN  0 OR BELOW:   0    1.00 INCH OR MORE:   3

[HDD (BASE 65) ]
TOTAL THIS MO.    18    CLEAR  (SCALE 0-3)   6
DPTR FM NORMAL     5    PTCLDY (SCALE 4-7)  16
TOTAL FM JUL 1  5075    CLOUDY (SCALE 8-10)  6
DPTR FM NORMAL   258

[CDD (BASE 65) ]
TOTAL THIS MO.   252
DPTR FM NORMAL    43    [PRESSURE DATA]
TOTAL FM JAN 1   420    HIGHEST SLP M ON M
DPTR FM NORMAL   132    LOWEST  SLP 29.61 ON 28

[REMARKS]
