000
CXUS54 KFWD 260730
CF6INJ
PRELIMINARY LOCAL CLIMATOLOGICAL DATA (WS FORM: F-6)

                                          STATION:   HILLSBORO
                                          MONTH:     SEPTEMBER
                                          YEAR:      2016
                                          LATITUDE:   32  0 N
                                          LONGITUDE:  97  6 W

  TEMPERATURE IN F:       :PCPN:    SNOW:  WIND      :SUNSHINE: SKY     :PK WND
================================================================================
1   2   3   4   5  6A  6B    7    8   9   10  11  12  13   14  15   16   17  18
                                     12Z  AVG MX 2MIN
DY MAX MIN AVG DEP HDD CDD  WTR  SNW DPTH SPD SPD DIR MIN PSBL S-S WX    SPD DR
================================================================================

 1  90  71  81  -1   0  16 1.24  0.0    0  7.0 16  90   M    M   4 3      21  90
 2  84  69  77  -4   0  12 0.01  0.0    0  4.6  8 330   M    M   6         M  M
 3  86  69  78  -3   0  13 0.00  0.0    0  6.3 13  90   M    M   2        16  90
 4  90  69  80  -1   0  15 0.00  0.0    0  8.0 10 140   M    M   2        17 140
 5  91  73  82   2   0  17 0.00  0.0    0  9.5 15 140   M    M   4        21 160
 6  92  74  83   3   0  18 0.00  0.0    0  9.0 13 170   M    M   7        17 170
 7  93  75  84   4   0  19 0.00  0.0    0  9.9 16 170   M    M   4        21 170
 8  92  74  83   3   0  18 0.00  0.0    0 10.6 15 180   M    M   1        20 160
 9  92  74  83   4   0  18 0.00  0.0    0 10.8 15 150   M    M   1        21 180
10  83  65  74  -5   0   9    M  0.0    0 10.6 20 330   M    M   3        25 330
11  87  57  72  -7   0   7 0.00  0.0    0  4.4  8 100   M    M   0         M  M
12  89  67  78   0   0  13 0.00  0.0    0  6.3  9 110   M    M   2        16 130
13  90  72  81   3   0  16 0.00  0.0    0  5.9  9 160   M    M   4         M  M
14  88  72  80   2   0  15 0.09  0.0    0  4.7  9 250   M    M   2         M  M
15  92  70  81   4   0  16 0.00  0.0    0  3.8  9 140   M    M   2         M  M
16  93  70  82   5   0  17 0.00  0.0    0  4.4 12  90   M    M   2         M  M
17  93  71  82   5   0  17 0.00  0.0    0  4.0  7 120   M    M   2         M  M
18  94  73  84   8   0  19 0.00  0.0    0  5.7  9 250   M    M   1         M  M
19  97  74  86  10   0  21 0.00  0.0    0  6.1 12 210   M    M   1         M  M
20  97  73  85   9   0  20 0.00  0.0    0  4.5  9 110   M    M   1         M  M
21  93  72  83   8   0  18 0.00  0.0    0  6.7  9 100   M    M   1         M  M
22  93  64  79   4   0  14 0.00  0.0    0  5.9 10 160   M    M   2         M  M
23  93  74  84   9   0  19 0.00  0.0    0 10.1 14 170   M    M   3        25 130
24  91  72  82   8   0  17 0.52  0.0    0 10.1 15 150   M    M   5 3      33 150
25  77  72  75   1   0  10 0.17  0.0    0  6.0 10 340   M    M   8 13      M  M
================================================================================
SM 2260 1766         0 394  2.03     0.0 174.9          M       70
================================================================================
AV 90.4 70.6                               7.0 FASTST   M    M   3    MAX(MPH)
                                 MISC ---->    20   M                 33    M
================================================================================
NOTES:
# LAST OF SEVERAL OCCURRENCES

COLUMN 17 PEAK WIND IN M.P.H.

PRELIMINARY LOCAL CLIMATOLOGICAL DATA (WS FORM: F-6) , PAGE 2

                                          STATION:  HILLSBORO
                                          MONTH:    SEPTEMBER
                                          YEAR:     2016
                                          LATITUDE:   32  0 N
                                          LONGITUDE:  97  6 W

[TEMPERATURE DATA]      [PRECIPITATION DATA]       SYMBOLS USED IN COLUMN 16

AVERAGE MONTHLY: 80.5   TOTAL FOR MONTH:   2.03    1 = FOG OR MIST
DPTR FM NORMAL:   2.6   DPTR FM NORMAL:   -0.50    2 = FOG REDUCING VISIBILITY
HIGHEST:    97 ON 20,19 GRTST 24HR  1.24 ON  1- 1      TO 1/4 MILE OR LESS
LOWEST:     57 ON 11                               3 = THUNDER
                        SNOW, ICE PELLETS, HAIL    4 = ICE PELLETS
                        TOTAL MONTH:   0.0 INCH    5 = HAIL
                        GRTST 24HR     0.0         6 = FREEZING RAIN OR DRIZZLE
                        GRTST DEPTH:   0           7 = DUSTSTORM OR SANDSTORM:
                                                       VSBY 1/2 MILE OR LESS
                                                   8 = SMOKE OR HAZE
[NO. OF DAYS WITH]      [WEATHER - DAYS WITH]      9 = BLOWING SNOW
                                                   X = TORNADO
MAX 32 OR BELOW:   0    0.01 INCH OR MORE:   5
MAX 90 OR ABOVE:  18    0.10 INCH OR MORE:   3
MIN 32 OR BELOW:   0    0.50 INCH OR MORE:   2
MIN  0 OR BELOW:   0    1.00 INCH OR MORE:   1

[HDD (BASE 65) ]
TOTAL THIS MO.     0    CLEAR  (SCALE 0-3)  17
DPTR FM NORMAL     0    PTCLDY (SCALE 4-7)   7
TOTAL FM JUL 1     0    CLOUDY (SCALE 8-10)  1
DPTR FM NORMAL     0

[CDD (BASE 65) ]
TOTAL THIS MO.   394
DPTR FM NORMAL    68    [PRESSURE DATA]
TOTAL FM JAN 1  2186    HIGHEST SLP M ON M
DPTR FM NORMAL  -130    LOWEST  SLP M ON M

[REMARKS]
