000
CXUS54 KFWD 270730
CF6INJ
PRELIMINARY LOCAL CLIMATOLOGICAL DATA (WS FORM: F-6)

                                          STATION:   HILLSBORO
                                          MONTH:     MARCH
                                          YEAR:      2015
                                          LATITUDE:   32  0 N
                                          LONGITUDE:  97  6 W

  TEMPERATURE IN F:       :PCPN:    SNOW:  WIND      :SUNSHINE: SKY     :PK WND
================================================================================
1   2   3   4   5  6A  6B    7    8   9   10  11  12  13   14  15   16   17  18
                                     12Z  AVG MX 2MIN
DY MAX MIN AVG DEP HDD CDD  WTR  SNW DPTH SPD SPD DIR MIN PSBL S-S WX    SPD DR
================================================================================

 1  39  33  36 -18  29   0 0.02  0.0    0  9.5 14 340   M    M  10 1      17 350
 2  41  35  38 -16  27   0 0.02  0.0    M  7.2 16 360   M    M  10 12     22 340
 3  58  40  49  -5  16   0 0.01  0.0    0  2.6  7 160   M    M  10 12      M  M
 4  57  31  44 -10  21   0 0.57    M    0 13.7 31 340   M    M  10 12     37 340
 5  40  26  33 -22  32   0 0.08    M    M 12.9 23 350   M    M   2        31 350
 6  52  24  38 -17  27   0 0.00  0.0    0  2.0  8 120   M    M   0         M  M
 7  56  27  42 -13  23   0 0.00  0.0    0  4.4  8 160   M    M   6         M  M
 8  51  46  49  -7  16   0 0.12  0.0    0  7.0 13 120   M    M  10 1       M  M
 9  49  46  48  -8  17   0 1.08  0.0    0  9.0 15  50   M    M  10 1       M  M
10  57  48  53  -3  12   0 0.00  0.0    0  6.5  9 330   M    M  10 1       M  M
11  63  48  56   0   9   0 0.00  0.0    0  4.8 10  30   M    M   7         M  M
12  69  48  59   2   6   0 0.00  0.0    0  7.9 14  10   M    M   5 1      18 340
13  67  51  59   2   6   0 0.00  0.0    0  8.6 20 320   M    M   7 1      22 330
14  71  53  62   5   3   0 0.00  0.0    0 10.8 22 330   M    M   8 1      31 330
15  69  55  62   5   3   0 0.00  0.0    0  5.9 12 340   M    M   9 1       M  M
16  79  49  64   6   1   0 0.00  0.0    0  4.1 10 150   M    M   0 1       M  M
17  78  64  71  13   0   6 0.00  0.0    0  6.1 13 190   M    M   6         M  M
18  68  58  63   5   2   0 0.08  0.0    0  3.1  9 310   M    M   5 1       M  M
19  80  61  71  13   0   6 0.00  0.0    0  7.8 12 180   M    M   6 12      M  M
20  73  57  65   6   0   0 0.79  0.0    0  9.3 16 320   M    M   8 13     17 360
21  67  58  63   4   2   0 0.16  0.0    0  6.6 13  40   M    M   9 1       M  M
22  67  50  59   0   6   0 0.00  0.0    0  4.7 10 310   M    M   7 1       M  M
23  74  48  61   1   4   0 0.00  0.0    0  6.2 12  90   M    M   0 1       M  M
24  78  59  69   9   0   4 0.00  0.0    0 13.6 20 170   M    M   0        25 180
25  79  60  70  10   0   5 0.00  0.0    0 13.4 23 160   M    M   1        30 160
26  68  42  55  -5  10   0 0.00  0.0    0 17.1 27 330   M    M   5        32 320
================================================================================
SM 1650 1217       272  21  2.93     0.0 204.8          M      161
================================================================================
AV 63.5 46.8                               7.9 FASTST   M    M   6    MAX(MPH)
                                 MISC ---->    31   M                 37    M
================================================================================
NOTES:
# LAST OF SEVERAL OCCURRENCES

COLUMN 17 PEAK WIND IN M.P.H.

PRELIMINARY LOCAL CLIMATOLOGICAL DATA (WS FORM: F-6) , PAGE 2

                                          STATION:  HILLSBORO
                                          MONTH:    MARCH
                                          YEAR:     2015
                                          LATITUDE:   32  0 N
                                          LONGITUDE:  97  6 W

[TEMPERATURE DATA]      [PRECIPITATION DATA]       SYMBOLS USED IN COLUMN 16

AVERAGE MONTHLY: 55.1   TOTAL FOR MONTH:   2.93    1 = FOG OR MIST
DPTR FM NORMAL:  -1.9   DPTR FM NORMAL:   -0.28    2 = FOG REDUCING VISIBILITY
HIGHEST:    80 ON 19    GRTST 24HR  1.08 ON  9- 9      TO 1/4 MILE OR LESS
LOWEST:     24 ON  6                               3 = THUNDER
                        SNOW, ICE PELLETS, HAIL    4 = ICE PELLETS
                        TOTAL MONTH:   0.0 INCH    5 = HAIL
                        GRTST 24HR     0.0         6 = FREEZING RAIN OR DRIZZLE
                        GRTST DEPTH:   0           7 = DUSTSTORM OR SANDSTORM:
                                                       VSBY 1/2 MILE OR LESS
                                                   8 = SMOKE OR HAZE
[NO. OF DAYS WITH]      [WEATHER - DAYS WITH]      9 = BLOWING SNOW
                                                   X = TORNADO
MAX 32 OR BELOW:   0    0.01 INCH OR MORE:  10
MAX 90 OR ABOVE:   0    0.10 INCH OR MORE:   5
MIN 32 OR BELOW:   4    0.50 INCH OR MORE:   3
MIN  0 OR BELOW:   0    1.00 INCH OR MORE:   1

[HDD (BASE 65) ]
TOTAL THIS MO.   272    CLEAR  (SCALE 0-3)   6
DPTR FM NORMAL    43    PTCLDY (SCALE 4-7)  10
TOTAL FM JUL 1  2196    CLOUDY (SCALE 8-10) 10
DPTR FM NORMAL   107

[CDD (BASE 65) ]
TOTAL THIS MO.    21
DPTR FM NORMAL    -2    [PRESSURE DATA]
TOTAL FM JAN 1    21    HIGHEST SLP M ON M
DPTR FM NORMAL   -10    LOWEST  SLP M ON M

[REMARKS]
