000
CXUS55 KDVN 271100
CF6IOW
PRELIMINARY LOCAL CLIMATOLOGICAL DATA (WS FORM: F-6)

                                          STATION:   IOWA CITY IA
                                          MONTH:     MAY
                                          YEAR:      2017
                                          LATITUDE:   41 37 N
                                          LONGITUDE:  91 33 W

  TEMPERATURE IN F:       :PCPN:    SNOW:  WIND      :SUNSHINE: SKY     :PK WND
================================================================================
1   2   3   4   5  6A  6B    7    8   9   10  11  12  13   14  15   16   17  18
                                     12Z  AVG MX 2MIN
DY MAX MIN AVG DEP HDD CDD  WTR  SNW DPTH SPD SPD DIR MIN PSBL S-S WX    SPD DR
================================================================================

 1  54  43  49  -7  16   0 0.12    M    M 14.5 29 260   M    M   9 18     36 260
 2  62  40  51  -5  14   0 0.00    M    M 13.2 31 310   M    M   5        39 310
 3  59  35  47 -10  18   0 0.00    M    M  3.1 13 150   M    M   0 1      16 160
 4  70  38  54  -3  11   0 0.00    M    M  9.7 22  40   M    M   1        30  50
 5  74  48  61   4   4   0 0.00    M    M  8.8 22 330   M    M   0        30 320
 6  71  46  59   1   6   0 0.00    M    M  7.9 22  20   M    M   1        27  60
 7  71  41  56  -2   9   0 0.00    M    M  2.6  8 100   M    M   0        13  40
 8  75  48  62   4   3   0 0.00    M    M  8.3 17 120   M    M   2 3      23 110
 9  74  51  63   4   2   0 0.00    M    M  6.2 14  40   M    M   1 3      17  70
10  65  56  61   2   4   0 0.97    M    M  7.7 18 310   M    M   8 138    27 310
11  74  57  66   6   0   1 0.00    M    M  7.6 14  40   M    M   6 18     18  30
12  75  52  64   4   1   0 0.00    M    M  6.8 16 340   M    M   0        21  10
13  83  49  66   6   0   1 0.00    M    M  5.8 18 280   M    M   0        23 270
14  84  53  69   8   0   4 0.00    M    M  6.3 17 210   M    M   0        26 190
15  91  61  76  15   0  11 0.00    M    M 10.3 23 170   M    M   3 8      28 190
16  89  68  79  18   0  14 0.00    M    M 14.9 25 180   M    M   0        34 220
17  84  62  73  11   0   8 0.64    M    M 12.9 37 180   M    M   6 13     47 180
18  70  58  64   2   1   0 0.00    M    M 13.1 23 260   M    M   7        35 230
19  58  48  53  -9  12   0 0.83    M    M 12.0 20  70   M    M   9 13     27  50
20  67  48  58  -5   7   0 0.31    M    M 10.2 18  80   M    M   9 13     30  80
21  56  48  52 -11  13   0 0.00    M    M 12.5 24 270   M    M   8        31 270
22  72  42  57  -7   8   0 0.00    M    M  9.8 28 220   M    M   3        36 220
23  66  48  57  -7   8   0    T    M    M  5.4 20 290   M    M   6        24 280
24  65  48  57  -7   8   0    T    M    M  8.0 18  20   M    M   9        22 350
25  74  47  61  -4   4   0 0.00    M    M  4.6  9 130   M    M   1        14 160
26  71  56  64  -1   1   0 0.36    M    M  4.5 14 250   M    M   6 123    21 100
================================================================================
SM 1854 1291       150  39  3.23    M    226.7          M      100
================================================================================
AV 71.3 49.7                               8.7 FASTST   M    M   4    MAX(MPH)
                                 MISC ---->  # 37 180               # 47  180
================================================================================
NOTES:
# LAST OF SEVERAL OCCURRENCES

COLUMN 17 PEAK WIND IN M.P.H.

PRELIMINARY LOCAL CLIMATOLOGICAL DATA (WS FORM: F-6) , PAGE 2

                                          STATION:  IOWA CITY IA
                                          MONTH:    MAY
                                          YEAR:     2017
                                          LATITUDE:   41 37 N
                                          LONGITUDE:  91 33 W

[TEMPERATURE DATA]      [PRECIPITATION DATA]       SYMBOLS USED IN COLUMN 16

AVERAGE MONTHLY: 60.5   TOTAL FOR MONTH:   3.23    1 = FOG OR MIST
DPTR FM NORMAL:   0.0   DPTR FM NORMAL:   -0.38    2 = FOG REDUCING VISIBILITY
HIGHEST:    91 ON 15    GRTST 24HR  0.97 ON 10-10      TO 1/4 MILE OR LESS
LOWEST:     35 ON  3                               3 = THUNDER
                        SNOW, ICE PELLETS, HAIL    4 = ICE PELLETS
                        TOTAL MONTH:    M          5 = HAIL
                        GRTST 24HR    M  ON   M    6 = FREEZING RAIN OR DRIZZLE
                        GRTST DEPTH:  M  ON   M    7 = DUSTSTORM OR SANDSTORM:
                                                       VSBY 1/2 MILE OR LESS
                                                   8 = SMOKE OR HAZE
[NO. OF DAYS WITH]      [WEATHER - DAYS WITH]      9 = BLOWING SNOW
                                                   X = TORNADO
MAX 32 OR BELOW:   0    0.01 INCH OR MORE:   6
MAX 90 OR ABOVE:   1    0.10 INCH OR MORE:   6
MIN 32 OR BELOW:   0    0.50 INCH OR MORE:   3
MIN  0 OR BELOW:   0    1.00 INCH OR MORE:   0

[HDD (BASE 65) ]
TOTAL THIS MO.   150    CLEAR  (SCALE 0-3)  14
DPTR FM NORMAL    -7    PTCLDY (SCALE 4-7)   8
TOTAL FM JUL 1  5108    CLOUDY (SCALE 8-10)  4
DPTR FM NORMAL -1242

[CDD (BASE 65) ]
TOTAL THIS MO.    39
DPTR FM NORMAL     0    [PRESSURE DATA]
TOTAL FM JAN 1    50    HIGHEST SLP M ON M
DPTR FM NORMAL     7    LOWEST  SLP 29.37 ON  1

[REMARKS]
