000
CXUS55 KPSR 281005
CF6IPL
PRELIMINARY LOCAL CLIMATOLOGICAL DATA (WS FORM: F-6)

                                          STATION:   IMPERIAL CA
                                          MONTH:     MARCH
                                          YEAR:      2015
                                          LATITUDE:   32 50 N
                                          LONGITUDE: 115 35 W

  TEMPERATURE IN F:       :PCPN:    SNOW:  WIND      :SUNSHINE: SKY     :PK WND
================================================================================
1   2   3   4   5  6A  6B    7    8   9   10  11  12  13   14  15   16   17  18
                                     12Z  AVG MX 2MIN
DY MAX MIN AVG DEP HDD CDD  WTR  SNW DPTH SPD SPD DIR MIN PSBL S-S WX    SPD DR
================================================================================

 1  61  52  57  -5   8   0 0.48  0.0    0  6.0 20 270   M    M   8 1      26 260
 2  64  50  57  -5   8   0 0.08  0.0    0  7.4 25 270   M    M   6 3      37 250
 3  67  44  56  -6   9   0 0.00  0.0    0  3.7 10 310   M    M   0        13 360
 4  70  45  58  -5   7   0 0.00  0.0    0  5.9 17 350   M    M   0        22 360
 5  75  42  59  -4   6   0 0.00  0.0    0  5.4 12 250   M    M   0        15 280
 6  83  43  63   0   2   0 0.00  0.0    0  7.4 18  40   M    M   0        22  50
 7  85  51  68   5   0   3 0.00  0.0    0  5.4 12  80   M    M   0        14  70
 8  88  50  69   6   0   4 0.00  0.0    0  3.8 13 250   M    M   0        15 250
 9  88  52  70   6   0   5 0.00  0.0    0  2.7 10  40   M    M   0        13  50
10  89  52  71   7   0   6 0.00  0.0    0  4.1  9 260   M    M   0        14 280
11  88  56  72   8   0   7 0.00  0.0    0  4.4 14 280   M    M   0        19 300
12  87  58  73   9   0   8 0.00  0.0    0  8.8 16 350   M    M   0        20 330
13  90  64  77  13   0  12 0.00  0.0    0 10.6 20 360   M    M   0        30  10
14  91  57  74  10   0   9 0.00  0.0    0  4.5  9 260   M    M   0        13  40
15  91  58  75  11   0  10 0.00  0.0    0  6.2 17 120   M    M   0        20 150
16  91  55  73   8   0   8 0.00  0.0    0  4.6 12 240   M    M   0        13 230
17  90  61  76  11   0  11 0.00  0.0    0  8.5 15 230   M    M   0        22 230
18  86  63  75  10   0  10    T  0.0    0  8.0 22 220   M    M   2 3      27 230
19  78  57  68   3   0   3    T  0.0    0  6.4 12 140   M    M   2         M  M
20  82  55  69   4   0   4 0.00  0.0    0  3.0  9  40   M    M   0         M  M
21  92  55  74   9   0   9 0.00  0.0    0  7.3 20 250   M    M   0        23 260
22  91  54  73   7   0   8 0.00  0.0    0  9.4 23 280   M    M   0        28 270
23  87  59  73   7   0   8 0.00  0.0    0  7.3 18 300   M    M   0        21 300
24  88  55  72   6   0   7 0.00  0.0    0  6.4 15 260   M    M   0        20 260
25  90  58  74   8   0   9 0.00  0.0    0  8.0 16 350   M    M   0        20 350
26  92  56  74   8   0   9 0.00  0.0    0  6.4 16  40   M    M   0        20  40
27  95  56  76  10   0  11 0.00  0.0    0  3.8  9  90   M    M   0 8      13 100
================================================================================
SM 2279 1458        40 161  0.56     0.0 165.4          M       18
================================================================================
AV 84.4 54.0                               6.1 FASTST   M    M   1    MAX(MPH)
                                 MISC ---->  # 25 270               # 37  250
================================================================================
NOTES:
# LAST OF SEVERAL OCCURRENCES

COLUMN 17 PEAK WIND IN M.P.H.

PRELIMINARY LOCAL CLIMATOLOGICAL DATA (WS FORM: F-6) , PAGE 2

                                          STATION:  IMPERIAL CA
                                          MONTH:    MARCH
                                          YEAR:     2015
                                          LATITUDE:   32 50 N
                                          LONGITUDE: 115 35 W

[TEMPERATURE DATA]      [PRECIPITATION DATA]       SYMBOLS USED IN COLUMN 16

AVERAGE MONTHLY: 69.2   TOTAL FOR MONTH:   0.56    1 = FOG OR MIST
DPTR FM NORMAL:   4.9   DPTR FM NORMAL:    0.22    2 = FOG REDUCING VISIBILITY
HIGHEST:    95 ON 27    GRTST 24HR  0.48 ON  1- 1      TO 1/4 MILE OR LESS
LOWEST:     42 ON  5                               3 = THUNDER
                        SNOW, ICE PELLETS, HAIL    4 = ICE PELLETS
                        TOTAL MONTH:   0.0 INCH    5 = HAIL
                        GRTST 24HR     0.0         6 = FREEZING RAIN OR DRIZZLE
                        GRTST DEPTH:   0           7 = DUSTSTORM OR SANDSTORM:
                                                       VSBY 1/2 MILE OR LESS
                                                   8 = SMOKE OR HAZE
[NO. OF DAYS WITH]      [WEATHER - DAYS WITH]      9 = BLOWING SNOW
                                                   X = TORNADO
MAX 32 OR BELOW:   0    0.01 INCH OR MORE:   2
MAX 90 OR ABOVE:  10    0.10 INCH OR MORE:   1
MIN 32 OR BELOW:   0    0.50 INCH OR MORE:   0
MIN  0 OR BELOW:   0    1.00 INCH OR MORE:   0

[HDD (BASE 65) ]
TOTAL THIS MO.    40    CLEAR  (SCALE 0-3)  25
DPTR FM NORMAL   -35    PTCLDY (SCALE 4-7)   1
TOTAL FM JUL 1   593    CLOUDY (SCALE 8-10)  1
DPTR FM NORMAL  -414

[CDD (BASE 65) ]
TOTAL THIS MO.   161
DPTR FM NORMAL   105    [PRESSURE DATA]
TOTAL FM JAN 1   198    HIGHEST SLP M ON M
DPTR FM NORMAL   134    LOWEST  SLP 29.76 ON  9

[REMARKS]
