000
CXUS55 KPSR 301005
CF6IPL
PRELIMINARY LOCAL CLIMATOLOGICAL DATA (WS FORM: F-6)

                                          STATION:   IMPERIAL CA
                                          MONTH:     SEPTEMBER
                                          YEAR:      2016
                                          LATITUDE:   32 50 N
                                          LONGITUDE: 115 35 W

  TEMPERATURE IN F:       :PCPN:    SNOW:  WIND      :SUNSHINE: SKY     :PK WND
================================================================================
1   2   3   4   5  6A  6B    7    8   9   10  11  12  13   14  15   16   17  18
                                     12Z  AVG MX 2MIN
DY MAX MIN AVG DEP HDD CDD  WTR  SNW DPTH SPD SPD DIR MIN PSBL S-S WX    SPD DR
================================================================================

 1 109  82  96   5   0  31 0.00  0.0    0  7.6 14 130   M    M   0         M  M
 2 109  80  95   5   0  30 0.00  0.0    0  5.0 13 260   M    M   0        16 250
 3 106  78  92   2   0  27 0.00  0.0    0  9.5 31 290   M    M   0 8      41 280
 4 101  76  89  -1   0  24 0.00  0.0    0 15.3 21 260   M    M   0        31 260
 5  99  65  82  -8   0  17 0.00  0.0    0  5.8 15 270   M    M   0        20 270
 6 101  64  83  -6   0  18 0.00  0.0    0  5.8 14 130   M    M   0 8      16 120
 7 103  72  88  -1   0  23 0.00  0.0    0  8.1 20 140   M    M   0        24 130
 8 103  81  92   3   0  27 0.00  0.0    0  6.0 14 130   M    M   0        15 130
 9 107  75  91   3   0  26 0.00  0.0    0  4.0 10  20   M    M   0        14  20
10 111  75  93   5   0  28 0.00  0.0    0  6.4 15 160   M    M   0        18 130
11   M   M   M   M   M   M 0.00  0.0    0   M   M   M   M    M   0         M  M
12   M   M   M   M   M   M 0.00  0.0    0   M   M   M   M    M   0 8       M  M
13  94  72  83  -4   0  18 0.00  0.0    0 15.5 29 290   M    M   2 8      35 280
14  95  68  82  -5   0  17 0.00  0.0    0  6.8 17 320   M    M   0        23 330
15  99  64  82  -4   0  17 0.00  0.0    0  4.6 12 320   M    M   0        15 320
16 101  65  83  -3   0  18 0.00  0.0    0  3.4  9 250   M    M   M        12  80
17 104  66  85  -1   0  20 0.00  0.0    0  3.6  9 260   M    M   M        11  80
18 108  69  89   4   0  24 0.00  0.0    0  4.1 10 270   M    M   M        14  20
19  97  75  86   1   0  21    T  0.0    0   M   M   M   M    M   M         M  M
20  81  72  77  -7   0  12 0.16  0.0    0   M   M   M   M    M   M         M  M
21  92  72  82  -2   0  17    T  0.0    0  4.4  9 330   M    M   5         M  M
22  98  69  84   0   0  19 0.00  0.0    0 14.4 33 250   M    M   0 8      38 250
23  88  61  75  -8   0  10 0.00  0.0    0  6.3 16 290   M    M   0        21 280
24  98  59  79  -4   0  14 0.00  0.0    0  5.4 15  10   M    M   0 8      19  10
25  99  64  82   0   0  17 0.00  0.0    0 10.4 26  20   M    M   0        34  40
26 102  68  85   3   0  20 0.00  0.0    0  8.0 17 130   M    M   1        25 110
27  97  72  85   3   0  20 0.00  0.0    0  4.5 14 350   M    M   1        19  10
28  98  71  85   4   0  20 0.00  0.0    0  3.1 10  80   M    M   0        13  50
29  97  70  84   3   0  19 0.00  0.0    0  5.9 18 250   M    M   0        21 250
================================================================================
SM 2697 1905         0 554  0.16     0.0 173.9          M        9
================================================================================
AV 99.9 70.6                               7.0 FASTST   M    M   0    MAX(MPH)
                                 MISC ---->  # 33 250               # 41  280
================================================================================
NOTES:
# LAST OF SEVERAL OCCURRENCES

COLUMN 17 PEAK WIND IN M.P.H.

PRELIMINARY LOCAL CLIMATOLOGICAL DATA (WS FORM: F-6) , PAGE 2

                                          STATION:  IMPERIAL CA
                                          MONTH:    SEPTEMBER
                                          YEAR:     2016
                                          LATITUDE:   32 50 N
                                          LONGITUDE: 115 35 W

[TEMPERATURE DATA]      [PRECIPITATION DATA]       SYMBOLS USED IN COLUMN 16

AVERAGE MONTHLY: 85.2   TOTAL FOR MONTH:   0.16    1 = FOG OR MIST
DPTR FM NORMAL:  -0.9   DPTR FM NORMAL:   -0.14    2 = FOG REDUCING VISIBILITY
HIGHEST:   111 ON 10    GRTST 24HR  0.21 ON 19-20      TO 1/4 MILE OR LESS
LOWEST:     59 ON 24                               3 = THUNDER
                        SNOW, ICE PELLETS, HAIL    4 = ICE PELLETS
                        TOTAL MONTH:   0.0 INCH    5 = HAIL
                        GRTST 24HR     0.0         6 = FREEZING RAIN OR DRIZZLE
                        GRTST DEPTH:   0           7 = DUSTSTORM OR SANDSTORM:
                                                       VSBY 1/2 MILE OR LESS
                                                   8 = SMOKE OR HAZE
[NO. OF DAYS WITH]      [WEATHER - DAYS WITH]      9 = BLOWING SNOW
                                                   X = TORNADO
MAX 32 OR BELOW:   0    0.01 INCH OR MORE:   1
MAX 90 OR ABOVE:  25    0.10 INCH OR MORE:   1
MIN 32 OR BELOW:   0    0.50 INCH OR MORE:   0
MIN  0 OR BELOW:   0    1.00 INCH OR MORE:   0

[HDD (BASE 65) ]
TOTAL THIS MO.     0    CLEAR  (SCALE 0-3)  23
DPTR FM NORMAL     0    PTCLDY (SCALE 4-7)   1
TOTAL FM JUL 1     0    CLOUDY (SCALE 8-10)  0
DPTR FM NORMAL     0

[CDD (BASE 65) ]
TOTAL THIS MO.   554
DPTR FM NORMAL   -61    [PRESSURE DATA]
TOTAL FM JAN 1  4193    HIGHEST SLP M ON M
DPTR FM NORMAL   577    LOWEST  SLP 29.54 ON  5

[REMARKS]
