000
CXUS55 KPSR 241005
CF6IPL
PRELIMINARY LOCAL CLIMATOLOGICAL DATA (WS FORM: F-6)

                                          STATION:   IMPERIAL CA
                                          MONTH:     APRIL
                                          YEAR:      2014
                                          LATITUDE:   32 50 N
                                          LONGITUDE: 115 35 W

  TEMPERATURE IN F:       :PCPN:    SNOW:  WIND      :SUNSHINE: SKY     :PK WND
================================================================================
1   2   3   4   5  6A  6B    7    8   9   10  11  12  13   14  15   16   17  18
                                     12Z  AVG MX 2MIN
DY MAX MIN AVG DEP HDD CDD  WTR  SNW DPTH SPD SPD DIR MIN PSBL S-S WX    SPD DR
================================================================================

 1  74  51  63  -4   2   0 0.00  0.0    0 16.7 30 240   M    M   1        37 240
 2  70  50  60  -7   5   0    T  0.0    0 14.4 31 270   M    M   2        38 270
 3  77  43  60  -7   5   0 0.00  0.0    0  4.2  9 260   M    M   0        13 280
 4  82  49  66  -1   0   1 0.00  0.0    0  8.9 26 260   M    M   0        34 250
 5  78  54  66  -2   0   1 0.00  0.0    0 10.3 23 260   M    M   0        30 260
 6  86  51  69   1   0   4 0.00  0.0    0  8.9 21 350   M    M   0        25 360
 7  91  53  72   4   0   7 0.00  0.0    0  4.9 13  70   M    M   0        17  70
 8  95  55  75   7   0  10 0.00  0.0    0  4.4 10 260   M    M   0        12  60
 9  98  58  78  10   0  13 0.00  0.0    0  6.5 12 280   M    M   0        15 150
10  97  58  78  10   0  13 0.00  0.0    0  5.1 12 280   M    M   0        15 200
11  96  67  82  13   0  17 0.00  0.0    0  9.2 20 270   M    M   0        27 270
12  88  63  76   7   0  11 0.00  0.0    0 16.5 31 250   M    M   0 8      39 240
13  88  57  73   4   0   8 0.00  0.0    0  7.3 15 260   M    M   0        17 270
14  87  54  71   1   0   6 0.00  0.0    0  6.5 20  50   M    M   0        24  50
15  92  53  73   3   0   8 0.00  0.0    0  5.1 16 250   M    M   0        20 250
16  95  59  77   7   0  12 0.00  0.0    0  6.3 14 140   M    M   0 8      21 120
17  88  59  74   4   0   9 0.00  0.0    0  8.8 17 130   M    M   0        21 130
18  84  65  75   5   0  10 0.00  0.0    0  7.2 16 130   M    M   0        19 140
19  90  60  75   4   0  10 0.00  0.0    0  4.5 12 220   M    M   0        17 150
20  94  64  79   8   0  14 0.00  0.0    0  5.6 13  80   M    M   0        17  70
21  98  65  82  11   0  17 0.00  0.0    0  6.6 16 140   M    M   0        28 140
22  92  63  78   6   0  13 0.00  0.0    0 14.7 26 240   M    M   0 8      34 240
23  86  59  73   1   0   8 0.00  0.0    0  7.4 16 270   M    M   0        23 270
================================================================================
SM 2026 1310        12 192    T      0.0 190.0          M        3
================================================================================
AV 88.1 57.0                               8.3 FASTST   M    M   0    MAX(MPH)
                                 MISC ---->  # 31 270               # 39  240
================================================================================
NOTES:
# LAST OF SEVERAL OCCURRENCES

COLUMN 17 PEAK WIND IN M.P.H.

PRELIMINARY LOCAL CLIMATOLOGICAL DATA (WS FORM: F-6) , PAGE 2

                                          STATION:  IMPERIAL CA
                                          MONTH:    APRIL
                                          YEAR:     2014
                                          LATITUDE:   32 50 N
                                          LONGITUDE: 115 35 W

[TEMPERATURE DATA]      [PRECIPITATION DATA]       SYMBOLS USED IN COLUMN 16

AVERAGE MONTHLY: 72.5   TOTAL FOR MONTH:      T    1 = FOG OR MIST
DPTR FM NORMAL:   3.4   DPTR FM NORMAL:   -0.07    2 = FOG REDUCING VISIBILITY
HIGHEST:    98 ON 21, 9 GRTST 24HR    T  ON  2- 2      TO 1/4 MILE OR LESS
LOWEST:     43 ON  3                               3 = THUNDER
                        SNOW, ICE PELLETS, HAIL    4 = ICE PELLETS
                        TOTAL MONTH:   0.0 INCH    5 = HAIL
                        GRTST 24HR     0.0         6 = FREEZING RAIN OR DRIZZLE
                        GRTST DEPTH:   0           7 = DUSTSTORM OR SANDSTORM:
                                                       VSBY 1/2 MILE OR LESS
                                                   8 = SMOKE OR HAZE
[NO. OF DAYS WITH]      [WEATHER - DAYS WITH]      9 = BLOWING SNOW
                                                   X = TORNADO
MAX 32 OR BELOW:   0    0.01 INCH OR MORE:   0
MAX 90 OR ABOVE:  11    0.10 INCH OR MORE:   0
MIN 32 OR BELOW:   0    0.50 INCH OR MORE:   0
MIN  0 OR BELOW:   0    1.00 INCH OR MORE:   0

[HDD (BASE 65) ]
TOTAL THIS MO.    12    CLEAR  (SCALE 0-3)  23
DPTR FM NORMAL    -2    PTCLDY (SCALE 4-7)   0
TOTAL FM JUL 1   615    CLOUDY (SCALE 8-10)  0
DPTR FM NORMAL  -411

[CDD (BASE 65) ]
TOTAL THIS MO.   192
DPTR FM NORMAL    81    [PRESSURE DATA]
TOTAL FM JAN 1   335    HIGHEST SLP M ON M
DPTR FM NORMAL   150    LOWEST  SLP 29.60 ON 22

[REMARKS]
