000
CXUS55 KEAX 012009
CF6IRK
PRELIMINARY LOCAL CLIMATOLOGICAL DATA (WS FORM: F-6)

                                          STATION:   KIRKSVILLE MO
                                          MONTH:     JUNE
                                          YEAR:      2015
                                          LATITUDE:   40  5 N
                                          LONGITUDE:  92 33 W

  TEMPERATURE IN F:       :PCPN:    SNOW:  WIND      :SUNSHINE: SKY     :PK WND
================================================================================
1   2   3   4   5  6A  6B    7    8   9   10  11  12  13   14  15   16   17  18
                                     12Z  AVG MX 2MIN
DY MAX MIN AVG DEP HDD CDD  WTR  SNW DPTH SPD SPD DIR MIN PSBL S-S WX    SPD DR
================================================================================

 1  64  50  57 -10   8   0 0.00    M    M  5.6 13  60   M    M   9 1      16  50
 2  70  48  59  -9   6   0 0.00    M    M  6.4 15 150   M    M   7 12     22 130
 3  71  56  64  -4   1   0 0.30    M    M  6.9 28 140   M    M   6 1      35 130
 4  79  66  73   5   0   8    T    M    M  4.6 13 200   M    M   4 1      17 200
 5  85  65  75   7   0  10    T    M    M  5.4 17  60   M    M   4 1      23  60
 6  79  62  71   2   0   6 0.00    M    M  7.8 15 120   M    M   0        19 100
 7  90  69  80  11   0  15 1.28    M    M 10.4 29 340   M    M   2 13     38 360
 8  85  60  73   4   0   8    T    M    M  6.6 17 310   M    M   0 1      22 290
 9  90  59  75   5   0  10 0.00    M    M  6.2 10 200   M    M   0        15 280
10  92  71  82  12   0  17 0.00    M    M  8.8 14 220   M    M   2        19 220
11  82  66  74   4   0   9 2.38    M    M  8.5 25 310   M    M   4 13     37 300
12  80  67  74   4   0   9    T    M    M  4.8 14 150   M    M   8 1      18 140
13   M   M   M   M   M   M 0.79    M    M  2.9  9 190   M    M   7 13      M  M
14  84  70  77   6   0  12 0.06    M    M  6.1 13 190   M    M   6 13     16 230
15  84  69  77   6   0  12 0.22    M    M  8.0 20 290   M    M   5 13     27 290
16  78  63  71   0   0   6 0.05    M    M  8.3 13  30   M    M   6 1       M  M
17  83  71  77   6   0  12 0.08    M    M  5.4  9 230   M    M   4 1      13 220
18  80  65  73   1   0   8 0.02    M    M  7.2 15  30   M    M   5 18     28 340
19  81  61  71  -1   0   6 0.00    M    M  8.8 17  40   M    M   1 1      23  30
20  91  58  75   3   0  10 1.51    M    M 10.2 31 340   M    M   3 123    45 340
21  78  66  72   0   0   7 0.20    M    M  5.1 17 210   M    M   4 13     23 210
22  88  70  79   7   0  14 0.69    M    M 11.9 37 290   M    M   5 13     54 280
23  80  62  71  -2   0   6 0.00    M    M  5.8 14  50   M    M   0 8      19  40
24  84  62  73   0   0   8 0.70    M    M 11.8 26  20   M    M   5 13     35 170
25  88  66  77   4   0  12 1.28    M    M  8.3 32  20   M    M   4 13     38  20
26  75  64  70  -3   0   5 1.45    M    M  6.6 17  50   M    M   7 13     22  50
27  81  61  71  -2   0   6 0.00    M    M  4.4 12  10   M    M   1 18     14  10
28  85  61  73   0   0   8 0.08    M    M  7.9 20 160   M    M   4 13     25 180
29  85  64  75   1   0  10 0.00    M    M  6.6 15 300   M    M   1 1      20 310
30  81  64  73  -1   0   8 0.10    M    M  5.0 12 300   M    M   0 18     14 290
================================================================================
SM 2373 1836        15 242 11.19    M    212.3          M      114
================================================================================
AV 81.8 63.3                               7.1 FASTST   M    M   4    MAX(MPH)
                                 MISC ---->  # 37 290               # 54  280
================================================================================
NOTES:
# LAST OF SEVERAL OCCURRENCES

COLUMN 17 PEAK WIND IN M.P.H.

PRELIMINARY LOCAL CLIMATOLOGICAL DATA (WS FORM: F-6) , PAGE 2

                                          STATION:  KIRKSVILLE MO
                                          MONTH:    JUNE
                                          YEAR:     2015
                                          LATITUDE:   40  5 N
                                          LONGITUDE:  92 33 W

[TEMPERATURE DATA]      [PRECIPITATION DATA]       SYMBOLS USED IN COLUMN 16

AVERAGE MONTHLY: 72.6   TOTAL FOR MONTH:  11.19    1 = FOG OR MIST
DPTR FM NORMAL:   1.8   DPTR FM NORMAL:    6.41    2 = FOG REDUCING VISIBILITY
HIGHEST:    92 ON 10    GRTST 24HR  2.38 ON 11-11      TO 1/4 MILE OR LESS
LOWEST:     48 ON  2                               3 = THUNDER
                        SNOW, ICE PELLETS, HAIL    4 = ICE PELLETS
                        TOTAL MONTH:    M          5 = HAIL
                        GRTST 24HR    M  ON   M    6 = FREEZING RAIN OR DRIZZLE
                        GRTST DEPTH:  M  ON   M    7 = DUSTSTORM OR SANDSTORM:
                                                       VSBY 1/2 MILE OR LESS
                                                   8 = SMOKE OR HAZE
[NO. OF DAYS WITH]      [WEATHER - DAYS WITH]      9 = BLOWING SNOW
                                                   X = TORNADO
MAX 32 OR BELOW:   0    0.01 INCH OR MORE:  17
MAX 90 OR ABOVE:   4    0.10 INCH OR MORE:  12
MIN 32 OR BELOW:   0    0.50 INCH OR MORE:   8
MIN  0 OR BELOW:   0    1.00 INCH OR MORE:   5

[HDD (BASE 65) ]
TOTAL THIS MO.    15    CLEAR  (SCALE 0-3)  11
DPTR FM NORMAL    -1    PTCLDY (SCALE 4-7)  18
TOTAL FM JUL 1  5780    CLOUDY (SCALE 8-10)  1
DPTR FM NORMAL   -76

[CDD (BASE 65) ]
TOTAL THIS MO.   242
DPTR FM NORMAL    50    [PRESSURE DATA]
TOTAL FM JAN 1   310    HIGHEST SLP 30.24 ON 24
DPTR FM NORMAL    56    LOWEST  SLP 29.66 ON 11

[REMARKS]
#FINAL-06-15#
