000
CXUS51 KOKX 280703
CF6ISP
PRELIMINARY LOCAL CLIMATOLOGICAL DATA (WS FORM: F-6)

                                          STATION:   ISLIP NY
                                          MONTH:     JULY
                                          YEAR:      2016
                                          LATITUDE:   40 47 N
                                          LONGITUDE:  73  6 W

  TEMPERATURE IN F:       :PCPN:    SNOW:  WIND      :SUNSHINE: SKY     :PK WND
================================================================================
1   2   3   4   5  6A  6B    7    8   9   10  11  12  13   14  15   16   17  18
                                     12Z  AVG MX 2MIN
DY MAX MIN AVG DEP HDD CDD  WTR  SNW DPTH SPD SPD DIR MIN PSBL S-S WX    SPD DR
================================================================================

 1  78  68  73   1   0   8 0.53  0.0    0  8.8 17 170   M    M   7 13     25 170
 2  78  65  72  -1   0   7 0.00  0.0    0 10.2 22 300   M    M   5 1      27 300
 3  79  59  69  -4   0   4 0.00  0.0    0  6.9 17 220   M    M   7        21 220
 4  82  61  72  -1   0   7 0.08  0.0    0  8.6 18 210   M    M   5 1      23 200
 5  86  70  78   5   0  13 1.08  0.0    0  7.2 15 330   M    M   7 1      20 220
 6  88  72  80   7   0  15 0.00  0.0    0  6.4 15 160   M    M   2        20 160
 7  87  74  81   8   0  16 0.01  0.0    0  5.5 17 220   M    M   7 1      23 210
 8  80  66  73  -1   0   8    T  0.0    0  9.2 16 100   M    M   8 1      21  90
 9  70  64  67  -7   0   2    T  0.0    0  8.1 15 130   M    M  10 1      18 130
10  84  64  74   0   0   9 0.00  0.0    0  6.4 17 300   M    M   7 1      22 290
11  79  65  72  -2   0   7 0.00  0.0    0  7.1 20  10   M    M   6        25  10
12  81  62  72  -2   0   7 0.00  0.0    0  8.1 17 200   M    M   6        23 200
13  81  70  76   2   0  11 0.00  0.0    0  9.7 16 200   M    M   5        24 190
14  84  74  79   5   0  14 0.02  0.0    0 10.5 17 200   M    M   7 13     22 190
15  93  73  83   9   0  18    T  0.0    0  7.1 16 240   M    M   4 13     22 240
16  90  71  81   7   0  16 0.01  0.0    0  5.3 13 220   M    M   6        18 220
17  88  72  80   6   0  15 0.00  0.0    0  7.0 16 220   M    M   5        22 240
18  91  72  82   8   0  17 0.22  0.0    0  9.3 22 220   M    M   6 13     27 180
19  85  66  76   2   0  11 0.00  0.0    0  9.5 21 330   M    M   4        27 280
20  82  63  73  -1   0   8 0.00  0.0    0  6.8 15 180   M    M   3        18 190
21  85  66  76   2   0  11 0.00  0.0    0 10.2 22 220   M    M   3        26 230
22  88  72  80   6   0  15 0.00  0.0    0 13.7 23 220   M    M   3        31 220
23  96  75  86  12   0  21 0.00  0.0    0 10.3 21 280   M    M   2        26 290
24  90  69  80   6   0  15 0.00  0.0    0  7.1 17 200   M    M   5        21 210
25  86  73  80   6   0  15 0.14  0.0    0 11.3 21 240   M    M   7 13     26 240
26  92  71  82   8   0  17 0.00  0.0    0  9.8 20 300   M    M   4        26 330
27  89  69  79   5   0  14 0.00  0.0    0  6.3 15 190   M    M   2        19 180
================================================================================
SM 2292 1846         0 321  2.09     0.0 226.4          M      143
================================================================================
AV 84.9 68.4                               8.4 FASTST   M    M   5    MAX(MPH)
                                 MISC ---->  # 23 220               # 31  220
================================================================================
NOTES:
# LAST OF SEVERAL OCCURRENCES

COLUMN 17 PEAK WIND IN M.P.H.

PRELIMINARY LOCAL CLIMATOLOGICAL DATA (WS FORM: F-6) , PAGE 2

                                          STATION:  ISLIP NY
                                          MONTH:    JULY
                                          YEAR:     2016
                                          LATITUDE:   40 47 N
                                          LONGITUDE:  73  6 W

[TEMPERATURE DATA]      [PRECIPITATION DATA]       SYMBOLS USED IN COLUMN 16

AVERAGE MONTHLY: 76.6   TOTAL FOR MONTH:   2.09    1 = FOG OR MIST
DPTR FM NORMAL:   2.9   DPTR FM NORMAL:   -0.85    2 = FOG REDUCING VISIBILITY
HIGHEST:    96 ON 23    GRTST 24HR  1.16 ON  4- 5      TO 1/4 MILE OR LESS
LOWEST:     59 ON  3                               3 = THUNDER
                        SNOW, ICE PELLETS, HAIL    4 = ICE PELLETS
                        TOTAL MONTH:   0.0 INCH    5 = HAIL
                        GRTST 24HR     0.0         6 = FREEZING RAIN OR DRIZZLE
                        GRTST DEPTH:   0           7 = DUSTSTORM OR SANDSTORM:
                                                       VSBY 1/2 MILE OR LESS
                                                   8 = SMOKE OR HAZE
[NO. OF DAYS WITH]      [WEATHER - DAYS WITH]      9 = BLOWING SNOW
                                                   X = TORNADO
MAX 32 OR BELOW:   0    0.01 INCH OR MORE:   8
MAX 90 OR ABOVE:   6    0.10 INCH OR MORE:   4
MIN 32 OR BELOW:   0    0.50 INCH OR MORE:   2
MIN  0 OR BELOW:   0    1.00 INCH OR MORE:   1

[HDD (BASE 65) ]
TOTAL THIS MO.     0    CLEAR  (SCALE 0-3)   6
DPTR FM NORMAL     0    PTCLDY (SCALE 4-7)  20
TOTAL FM JUL 1     0    CLOUDY (SCALE 8-10)  1
DPTR FM NORMAL     0

[CDD (BASE 65) ]
TOTAL THIS MO.   321
DPTR FM NORMAL    85    [PRESSURE DATA]
TOTAL FM JAN 1   504    HIGHEST SLP M ON M
DPTR FM NORMAL   104    LOWEST  SLP 29.71 ON  7

[REMARKS]
