000
CXUS52 TJSJ 281240
CF6IST
PRELIMINARY LOCAL CLIMATOLOGICAL DATA (WS FORM: F-6)

                                          STATION:   CYRIL E. KING AIRPORT/USVI
                                          MONTH:     NOVEMBER
                                          YEAR:      2014
                                          LATITUDE:   18 19 N
                                          LONGITUDE:  64 58 W

  TEMPERATURE IN F:       :PCPN:    SNOW:  WIND      :SUNSHINE: SKY     :PK WND
================================================================================
1   2   3   4   5  6A  6B    7    8   9   10  11  12  13   14  15   16   17  18
                                     12Z  AVG MX 2MIN
DY MAX MIN AVG DEP HDD CDD  WTR  SNW DPTH SPD SPD DIR MIN PSBL S-S WX    SPD DR
================================================================================

 1  87  77  82   0   0  17 0.00  0.0    0  8.9 14 140   M    M   2        18 150
 2  88  77  83   1   0  18 0.11  0.0    0  9.6 18 100   M    M   3        23 100
 3  87  78  83   1   0  18 0.09  0.0    0 10.0 16  60   M    M   3 1       M  M
 4  84  71  78  -4   0  13 1.87  0.0    0  8.8 13 110   M    M   6 1       M  M
 5  82  69  76  -6   0  11 0.20  0.0    0  9.2 14 140   M    M   3        24 140
 6  85  74  80  -2   0  15 0.14  0.0    0 11.8 15 120   M    M   3         M  M
 7  82  71  77  -5   0  12 2.69  0.0    0 13.4 21 350   M    M   8 1      30 340
 8  83  72  78  -4   0  13 0.05  0.0    0 16.4 22 120   M    M   4        37 120
 9  86  76  81  -1   0  16 0.00  0.0    0 11.2 18 130   M    M   2        23 110
10  86  77  82   1   0  17 0.00  0.0    0 11.6 18 130   M    M   5        26 130
11  86  75  81   0   0  16 0.04  0.0    0  9.0 18 110   M    M   1        22 110
12  85  74  80  -1   0  15 0.32  0.0    0  6.9 16 150   M    M   1 1      21 140
13  85  73  79  -2   0  14 0.04  0.0    0  4.6 15 360   M    M   4 18     19 350
14  85  75  80  -1   0  15 0.00  0.0    0  7.9 12  90   M    M   1         M  M
15  86  77  82   1   0  17 0.54  0.0    M  6.9 10  80   M    M   3         M  M
16  86  77  82   1   0  17    T  0.0    0 10.2 15  80   M    M   2        24  80
17  87  78  83   2   0  18    T  0.0    0 11.5 16  70   M    M   3        23  80
18  88  77  83   2   0  18 0.00  0.0    M 10.9 16 110   M    M   2         M  M
19  87  75  81   0   0  16 0.21  0.0    M 11.8 13  90   M    M   4        17 100
20  86  78  82   1   0  17 0.01  0.0    M 11.6 18 130   M    M   4        25 140
21  86  77  82   1   0  17    T  0.0    M  9.2 15 110   M    M   3        22 110
22  85  74  80  -1   0  15 0.42  0.0    0  9.2  9 100   M    M   0 1       M  M
23  86  76  81   0   0  16 0.05  0.0    M 11.3 15 110   M    M   3        31 100
24  86  76  81   0   0  16 0.13  0.0    M 12.7 25 100   M    M   4        31 110
25  85  75  80  -1   0  15 0.08  0.0    M 13.5 25 100   M    M   4        33 100
26  86  76  81   1   0  16 0.13  0.0    0 11.8 21 130   M    M   2        30 140
27  85  74  80   0   0  15    T  0.0    M  6.5 16  80   M    M   1        22  90
================================================================================
SM 2310 2029         0 423  7.12     0.0 276.4          M       81
================================================================================
AV 85.6 75.1                              10.2 FASTST   M    M   3    MAX(MPH)
                                 MISC ---->  # 25 100                 37    M
================================================================================
NOTES:
# LAST OF SEVERAL OCCURRENCES

COLUMN 17 PEAK WIND IN M.P.H.

PRELIMINARY LOCAL CLIMATOLOGICAL DATA (WS FORM: F-6) , PAGE 2

                                          STATION:  CYRIL E. KING AIRPORT/USVI
                                          MONTH:    NOVEMBER
                                          YEAR:     2014
                                          LATITUDE:   18 19 N
                                          LONGITUDE:  64 58 W

[TEMPERATURE DATA]      [PRECIPITATION DATA]       SYMBOLS USED IN COLUMN 16

AVERAGE MONTHLY: 80.4   TOTAL FOR MONTH:   7.12    1 = FOG OR MIST
DPTR FM NORMAL:  -0.9   DPTR FM NORMAL:    2.24    2 = FOG REDUCING VISIBILITY
HIGHEST:    88 ON 18, 2 GRTST 24HR  2.69 ON  7- 7      TO 1/4 MILE OR LESS
LOWEST:     69 ON  5                               3 = THUNDER
                        SNOW, ICE PELLETS, HAIL    4 = ICE PELLETS
                        TOTAL MONTH:   0.0 INCH    5 = HAIL
                        GRTST 24HR     0.0         6 = FREEZING RAIN OR DRIZZLE
                        GRTST DEPTH:   0           7 = DUSTSTORM OR SANDSTORM:
                                                       VSBY 1/2 MILE OR LESS
                                                   8 = SMOKE OR HAZE
[NO. OF DAYS WITH]      [WEATHER - DAYS WITH]      9 = BLOWING SNOW
                                                   X = TORNADO
MAX 32 OR BELOW:   0    0.01 INCH OR MORE:  18
MAX 90 OR ABOVE:   0    0.10 INCH OR MORE:  11
MIN 32 OR BELOW:   0    0.50 INCH OR MORE:   3
MIN  0 OR BELOW:   0    1.00 INCH OR MORE:   2

[HDD (BASE 65) ]
TOTAL THIS MO.     0    CLEAR  (SCALE 0-3)  15
DPTR FM NORMAL     0    PTCLDY (SCALE 4-7)  11
TOTAL FM JUL 1     0    CLOUDY (SCALE 8-10)  1
DPTR FM NORMAL     0

[CDD (BASE 65) ]
TOTAL THIS MO.   423
DPTR FM NORMAL   -16    [PRESSURE DATA]
TOTAL FM JAN 1  5503    HIGHEST SLP M ON M
DPTR FM NORMAL   -47    LOWEST  SLP 29.88 ON  3

[REMARKS]
