000
CXUS52 TJSJ 300430
CF6ISX
PRELIMINARY LOCAL CLIMATOLOGICAL DATA (WS FORM: F-6)

                                          STATION:   HENRY E. ROHLSEN AP/ST CROIX
                                          MONTH:     APRIL
                                          YEAR:      2016
                                          LATITUDE:   17 42 N
                                          LONGITUDE:  64 48 W

  TEMPERATURE IN F:       :PCPN:    SNOW:  WIND      :SUNSHINE: SKY     :PK WND
================================================================================
1   2   3   4   5  6A  6B    7    8   9   10  11  12  13   14  15   16   17  18
                                     12Z  AVG MX 2MIN
DY MAX MIN AVG DEP HDD CDD  WTR  SNW DPTH SPD SPD DIR MIN PSBL S-S WX    SPD DR
================================================================================

 1  80  73  77  -2   0  12 0.31  0.0    0  8.8 22  70   M    M   7 1      29  70
 2  86  76  81   2   0  16    T  0.0    0 11.0 20 100   M    M   4        25 100
 3  85  75  80   1   0  15    T  0.0    0  8.9 18  90   M    M   3        22  90
 4  86  75  81   2   0  16 0.00  0.0    0  9.3 17 100   M    M   2        21  90
 5  86  74  80   1   0  15 0.00  0.0    0  7.7 13 130   M    M   3        16 100
 6  86  71  79   0   0  14 0.00  0.0    0  5.8 16 110   M    M   2        19 120
 7  86  73  80   0   0  15    T  0.0    0  8.5 15 110   M    M   3        21 100
 8  86  75  81   1   0  16 0.25  0.0    0  9.6 18 110   M    M   4 1      22 110
 9  87  75  81   1   0  16    T  0.0    0 11.6 21 100   M    M   2        27  80
10  87  74  81   1   0  16    T  0.0    0 10.1 22 100   M    M   3        29 110
11  87  73  80   0   0  15    T  0.0    0  9.2 18 110   M    M   4        23 120
12  86  73  80   0   0  15 0.01  0.0    0  5.9 13 130   M    M   2        18 110
13  84  71  78  -2   0  13 0.13  0.0    0  3.3 10 210   M    M   2        14 210
14  87  70  79  -1   0  14 0.00  0.0    0  4.8 12 140   M    M   2        16 140
15  86  70  78  -2   0  13 0.00  0.0    0  5.4 13 130   M    M   1        16 170
16  87  69  78  -2   0  13 0.00  0.0    0  7.4 14 110   M    M   0        18 130
17  87  72  80   0   0  15 0.00  0.0    0  5.8 12 120   M    M   2        16 160
18  83  74  79  -1   0  14 0.08  0.0    0  5.0 10 120   M    M   7        13  10
19  87  74  81   1   0  16 0.01  0.0    0  6.9 14  50   M    M   7        19  80
20  87  77  82   2   0  17    T  0.0    0 10.3 20  50   M    M   5        25  50
21  88  78  83   3   0  18    T  0.0    0 13.3 21  70   M    M   6        29  70
22  88  78  83   3   0  18 0.02  0.0    0 12.0 20 100   M    M   5 1      26  70
23  89  79  84   4   0  19    T  0.0    0 10.9 16 110   M    M   5        21 130
24  89  80  85   5   0  20 0.00  0.0    0  7.8 16 160   M    M   4        21 140
25  88  78  83   3   0  18 0.00  0.0    0  4.3 12 150   M    M   4        14 150
26  88  76  82   2   0  17 0.00  0.0    0  7.8 14 100   M    M   2 8      20  90
27  90  81  86   6   0  21    T  0.0    0 12.6 20 110   M    M   3        24 100
28  87  78  83   2   0  18 0.08  0.0    0 10.3 20 110   M    M   6 1      26 120
29  89  77  83   2   0  18    T  0.0    0  9.2 15 110   M    M   3        20 120
================================================================================
SM 2512 2169         0 463  0.89     0.0 243.5          M      103
================================================================================
AV 86.6 74.8                               8.4 FASTST   M    M   4    MAX(MPH)
                                 MISC ---->  # 22  70               # 29   70
================================================================================
NOTES:
# LAST OF SEVERAL OCCURRENCES

COLUMN 17 PEAK WIND IN M.P.H.

PRELIMINARY LOCAL CLIMATOLOGICAL DATA (WS FORM: F-6) , PAGE 2

                                          STATION:  HENRY E. ROHLSEN AP/ST CROIX
                                          MONTH:    APRIL
                                          YEAR:     2016
                                          LATITUDE:   17 42 N
                                          LONGITUDE:  64 48 W

[TEMPERATURE DATA]      [PRECIPITATION DATA]       SYMBOLS USED IN COLUMN 16

AVERAGE MONTHLY: 80.7   TOTAL FOR MONTH:   0.89    1 = FOG OR MIST
DPTR FM NORMAL:   0.8   DPTR FM NORMAL:   -1.14    2 = FOG REDUCING VISIBILITY
HIGHEST:    90 ON 27    GRTST 24HR  1.23 ON 31- 1      TO 1/4 MILE OR LESS
LOWEST:     69 ON 16                               3 = THUNDER
                        SNOW, ICE PELLETS, HAIL    4 = ICE PELLETS
                        TOTAL MONTH:   0.0 INCH    5 = HAIL
                        GRTST 24HR     0.0         6 = FREEZING RAIN OR DRIZZLE
                        GRTST DEPTH:   0           7 = DUSTSTORM OR SANDSTORM:
                                                       VSBY 1/2 MILE OR LESS
                                                   8 = SMOKE OR HAZE
[NO. OF DAYS WITH]      [WEATHER - DAYS WITH]      9 = BLOWING SNOW
                                                   X = TORNADO
MAX 32 OR BELOW:   0    0.01 INCH OR MORE:   8
MAX 90 OR ABOVE:   1    0.10 INCH OR MORE:   3
MIN 32 OR BELOW:   0    0.50 INCH OR MORE:   0
MIN  0 OR BELOW:   0    1.00 INCH OR MORE:   0

[HDD (BASE 65) ]
TOTAL THIS MO.     0    CLEAR  (SCALE 0-3)  12
DPTR FM NORMAL     0    PTCLDY (SCALE 4-7)  17
TOTAL FM JUL 1     0    CLOUDY (SCALE 8-10)  0
DPTR FM NORMAL     0

[CDD (BASE 65) ]
TOTAL THIS MO.   463
DPTR FM NORMAL    32    [PRESSURE DATA]
TOTAL FM JAN 1  1784    HIGHEST SLP M ON M
DPTR FM NORMAL   156    LOWEST  SLP 29.81 ON 26

[REMARKS]
