000
CXHW53 PHFO 201250
CF6ITO
PRELIMINARY LOCAL CLIMATOLOGICAL DATA (WS FORM: F-6)

                                          STATION:   HILO HI
                                          MONTH:     AUGUST
                                          YEAR:      2014
                                          LATITUDE:   19 43 N
                                          LONGITUDE: 155  4 W

  TEMPERATURE IN F:       :PCPN:    SNOW:  WIND      :SUNSHINE: SKY     :PK WND
================================================================================
1   2   3   4   5  6A  6B    7    8   9   10  11  12  13   14  15   16   17  18
                                     12Z  AVG MX 2MIN
DY MAX MIN AVG DEP HDD CDD  WTR  SNW DPTH SPD SPD DIR MIN PSBL S-S WX    SPD DR
================================================================================

 1  78  72  75  -1   0  10 2.13  0.0    0  5.1 14 120   M    M   9 1      18 110
 2  85  73  79   3   0  14 0.19  0.0    0  5.9 14  90   M    M   8 1      19  80
 3  86  72  79   3   0  14 0.05  0.0    0  6.3 17 120   M    M   8 1      24 110
 4  85  74  80   3   0  15 0.03  0.0    0  6.5 16 100   M    M   8 1      21 110
 5  85  70  78   1   0  13 0.05  0.0    0  7.1 16  60   M    M   6 1      19  40
 6  85  72  79   2   0  14 0.10  0.0    0  5.8 17  50   M    M   8 1      21  60
 7  83  72  78   1   0  13 1.73  0.0    0 15.9 39  80   M    M  10 13     54 100
 8  84  71  78   1   0  13 2.04  0.0    0  8.9 33 110   M    M   9 1      47 120
 9  86  73  80   3   0  15 0.10  0.0    0  5.3 13  50   M    M   8 1      17  40
10  86  70  78   1   0  13    T  0.0    0  5.7 12  30   M    M   7        17  30
11  86  70  78   1   0  13 0.00  0.0    0  6.8 13  30   M    M   2        17  20
12  86  72  79   2   0  14 0.19  0.0    0  5.0 13  80   M    M   9 1      19  70
13  86  70  78   1   0  13 0.01  0.0    0  6.4 15  70   M    M   5 1      21  80
14  84  72  78   1   0  13 0.14  0.0    0  5.4 15  70   M    M   7 8      20  70
15  84  70  77   0   0  12 0.07  0.0    0  6.2 16  80   M    M   8 1      21  60
16  86  71  79   2   0  14 0.26  0.0    0  6.9 18  50   M    M   8 1      21  50
17  85  71  78   1   0  13 0.02  0.0    0  7.1 15  60   M    M   7 1      20  20
18  86  71  79   2   0  14 0.24  0.0    0  6.4 13  50   M    M   7 1      17  60
19  85  69  77   0   0  12 0.22  0.0    0  6.3 14  40   M    M   5 1      17  50
================================================================================
SM 1611 1355         0 252  7.57     0.0 129.0          M      139
================================================================================
AV 84.8 71.3                               6.8 FASTST   M    M   7    MAX(MPH)
                                 MISC ---->  # 39  80               # 54  100
================================================================================
NOTES:
# LAST OF SEVERAL OCCURRENCES

COLUMN 17 PEAK WIND IN M.P.H.

PRELIMINARY LOCAL CLIMATOLOGICAL DATA (WS FORM: F-6) , PAGE 2

                                          STATION:  HILO HI
                                          MONTH:    AUGUST
                                          YEAR:     2014
                                          LATITUDE:   19 43 N
                                          LONGITUDE: 155  4 W

[TEMPERATURE DATA]      [PRECIPITATION DATA]       SYMBOLS USED IN COLUMN 16

AVERAGE MONTHLY: 78.1   TOTAL FOR MONTH:   7.57    1 = FOG OR MIST
DPTR FM NORMAL:   1.2   DPTR FM NORMAL:    1.28    2 = FOG REDUCING VISIBILITY
HIGHEST:    86 ON 18,16 GRTST 24HR  3.44 ON  7- 8      TO 1/4 MILE OR LESS
LOWEST:     69 ON 19                               3 = THUNDER
                        SNOW, ICE PELLETS, HAIL    4 = ICE PELLETS
                        TOTAL MONTH:   0.0 INCH    5 = HAIL
                        GRTST 24HR     0.0         6 = FREEZING RAIN OR DRIZZLE
                        GRTST DEPTH:   0           7 = DUSTSTORM OR SANDSTORM:
                                                       VSBY 1/2 MILE OR LESS
                                                   8 = SMOKE OR HAZE
[NO. OF DAYS WITH]      [WEATHER - DAYS WITH]      9 = BLOWING SNOW
                                                   X = TORNADO
MAX 32 OR BELOW:   0    0.01 INCH OR MORE:  17
MAX 90 OR ABOVE:   0    0.10 INCH OR MORE:  11
MIN 32 OR BELOW:   0    0.50 INCH OR MORE:   3
MIN  0 OR BELOW:   0    1.00 INCH OR MORE:   3

[HDD (BASE 65) ]
TOTAL THIS MO.     0    CLEAR  (SCALE 0-3)   1
DPTR FM NORMAL     0    PTCLDY (SCALE 4-7)  11
TOTAL FM JUL 1     0    CLOUDY (SCALE 8-10)  7
DPTR FM NORMAL     0

[CDD (BASE 65) ]
TOTAL THIS MO.   252
DPTR FM NORMAL    43    [PRESSURE DATA]
TOTAL FM JAN 1  2120    HIGHEST SLP M ON M
DPTR FM NORMAL   194    LOWEST  SLP 29.91 ON  8

[REMARKS]
