000
CXHW53 PHFO 191250
CF6ITO
PRELIMINARY LOCAL CLIMATOLOGICAL DATA (WS FORM: F-6)

                                          STATION:   HILO HI
                                          MONTH:     DECEMBER
                                          YEAR:      2014
                                          LATITUDE:   19 43 N
                                          LONGITUDE: 155  4 W

  TEMPERATURE IN F:       :PCPN:    SNOW:  WIND      :SUNSHINE: SKY     :PK WND
================================================================================
1   2   3   4   5  6A  6B    7    8   9   10  11  12  13   14  15   16   17  18
                                     12Z  AVG MX 2MIN
DY MAX MIN AVG DEP HDD CDD  WTR  SNW DPTH SPD SPD DIR MIN PSBL S-S WX    SPD DR
================================================================================

 1  80  67  74   1   0   9 0.37  0.0    0  8.7 18  60   M    M   9 1      23  60
 2  80  65  73   0   0   8 0.31  0.0    0  6.6 13  30   M    M   7 1      17  20
 3  77  65  71  -2   0   6 0.10  0.0    0  5.0 14  70   M    M  10 1      16  90
 4  79  67  73   0   0   8 0.18  0.0    0  5.3 12 360   M    M   8 1      14 350
 5  79  67  73   0   0   8 0.00  0.0    0  4.2  9 240   M    M   7        11 200
 6  77  67  72  -1   0   7 0.15  0.0    0  5.2 15  60   M    M   9 1      18  60
 7  81  63  72  -1   0   7 0.00  0.0    0  5.8 13 100   M    M   4        16  70
 8  82  63  73   0   0   8 0.00  0.0    0  6.5 14 100   M    M   3        17 100
 9  82  64  73   0   0   8 0.00  0.0    0  5.3 14  10   M    M   2        16  20
10  82  63  73   0   0   8 0.00  0.0    0  7.1 15  20   M    M   2        18  10
11  82  60  71  -1   0   6 0.05  0.0    0  5.5 16  90   M    M   8 1      19  90
12  76  65  71  -1   0   6 1.60  0.0    0  5.4 10  80   M    M  10 1      15  80
13  79  69  74   2   0   9 0.58  0.0    0  8.2 16  40   M    M   9 1      21  40
14  80  67  74   2   0   9 0.16  0.0    0  9.4 18  50   M    M   9 18     24  50
15  79  67  73   1   0   8 0.06  0.0    0  7.9 16  50   M    M   9 1      21  50
16  78  66  72   0   0   7 0.54  0.0    0  4.8 14  90   M    M   9 1      16 100
17  81  66  74   2   0   9    T  0.0    0  5.8 17  80   M    M   8        19  80
18  80  68  74   2   0   9 0.21  0.0    0  4.8 13  60   M    M   8 1      16  70
================================================================================
SM 1434 1179         0 140  4.31     0.0 111.5          M      131
================================================================================
AV 79.7 65.5                               6.2 FASTST   M    M   7    MAX(MPH)
                                 MISC ---->  # 18  60               # 24   50
================================================================================
NOTES:
# LAST OF SEVERAL OCCURRENCES

COLUMN 17 PEAK WIND IN M.P.H.

PRELIMINARY LOCAL CLIMATOLOGICAL DATA (WS FORM: F-6) , PAGE 2

                                          STATION:  HILO HI
                                          MONTH:    DECEMBER
                                          YEAR:     2014
                                          LATITUDE:   19 43 N
                                          LONGITUDE: 155  4 W

[TEMPERATURE DATA]      [PRECIPITATION DATA]       SYMBOLS USED IN COLUMN 16

AVERAGE MONTHLY: 72.6   TOTAL FOR MONTH:   4.31    1 = FOG OR MIST
DPTR FM NORMAL:   0.0   DPTR FM NORMAL:   -2.84    2 = FOG REDUCING VISIBILITY
HIGHEST:    82 ON 11,10 GRTST 24HR  1.99 ON 12-13      TO 1/4 MILE OR LESS
LOWEST:     60 ON 11                               3 = THUNDER
                        SNOW, ICE PELLETS, HAIL    4 = ICE PELLETS
                        TOTAL MONTH:   0.0 INCH    5 = HAIL
                        GRTST 24HR     0.0         6 = FREEZING RAIN OR DRIZZLE
                        GRTST DEPTH:   0           7 = DUSTSTORM OR SANDSTORM:
                                                       VSBY 1/2 MILE OR LESS
                                                   8 = SMOKE OR HAZE
[NO. OF DAYS WITH]      [WEATHER - DAYS WITH]      9 = BLOWING SNOW
                                                   X = TORNADO
MAX 32 OR BELOW:   0    0.01 INCH OR MORE:  12
MAX 90 OR ABOVE:   0    0.10 INCH OR MORE:  10
MIN 32 OR BELOW:   0    0.50 INCH OR MORE:   3
MIN  0 OR BELOW:   0    1.00 INCH OR MORE:   1

[HDD (BASE 65) ]
TOTAL THIS MO.     0    CLEAR  (SCALE 0-3)   3
DPTR FM NORMAL     0    PTCLDY (SCALE 4-7)   6
TOTAL FM JUL 1     0    CLOUDY (SCALE 8-10)  9
DPTR FM NORMAL     0

[CDD (BASE 65) ]
TOTAL THIS MO.   140
DPTR FM NORMAL     5    [PRESSURE DATA]
TOTAL FM JAN 1  3550    HIGHEST SLP M ON M
DPTR FM NORMAL   408    LOWEST  SLP 29.95 ON  3

[REMARKS]
