000
CXHW53 PHFO 301250
CF6ITO
PRELIMINARY LOCAL CLIMATOLOGICAL DATA (WS FORM: F-6)

                                          STATION:   HILO HI
                                          MONTH:     SEPTEMBER
                                          YEAR:      2016
                                          LATITUDE:   19 43 N
                                          LONGITUDE: 155  4 W

  TEMPERATURE IN F:       :PCPN:    SNOW:  WIND      :SUNSHINE: SKY     :PK WND
================================================================================
1   2   3   4   5  6A  6B    7    8   9   10  11  12  13   14  15   16   17  18
                                     12Z  AVG MX 2MIN
DY MAX MIN AVG DEP HDD CDD  WTR  SNW DPTH SPD SPD DIR MIN PSBL S-S WX    SPD DR
================================================================================

 1  86  73  80   4   0  15 0.26  0.0    0  6.1 17  70   M    M   5 1      20  80
 2  84  72  78   2   0  13 0.23  0.0    0  8.1 17  40   M    M   6 1      22  50
 3  86  75  81   5   0  16 0.06  0.0    0  6.4 14  80   M    M   6 1      16 330
 4  83  73  78   2   0  13 1.52  0.0    0  7.2 18 100   M    M   8 18     23  90
 5  84  72  78   2   0  13 0.19  0.0    0  5.6 12  40   M    M   5 1      15  40
 6  84  68  76   0   0  11 0.04  0.0    0  5.7 15  80   M    M   4 1      18  70
 7  84  70  77   1   0  12 0.14  0.0    0  5.5 14 250   M    M   4 1      18  40
 8  84  69  77   1   0  12 0.12  0.0    0  5.7 12 110   M    M   4 1      17  30
 9  84  67  76   0   0  11 0.11  0.0    0  6.9 14  60   M    M   5 1      18  40
10  84  70  77   1   0  12 0.07  0.0    0  5.5 14 100   M    M   5 1      18  90
11  85  70  78   2   0  13    T  0.0    0  6.7 14  50   M    M   6        17  50
12  86  71  79   3   0  14 0.00  0.0    0  5.9 12 360   M    M   4        14  10
13  87  73  80   4   0  15 0.65  0.0    0  5.9 17 100   M    M   6 13     21  90
14  85  72  79   3   0  14 0.10  0.0    0  6.1 16  90   M    M   5 13     22  80
15  78  69  74  -2   0   9 2.14  0.0    0  6.0 23  60   M    M   8 13     29  50
16  87  70  79   3   0  14 0.64  0.0    0  5.4 13 100   M    M   8 1      15 150
17  85  73  79   3   0  14 0.40  0.0    0  4.2 17 120   M    M   6 1      22 120
18  85  70  78   2   0  13 0.39  0.0    0  5.3 17  90   M    M   5 18     22  90
19  83  69  76   0   0  11 0.10  0.0    0  5.2 18  70   M    M   6 1      22  80
20  83  70  77   1   0  12 0.03  0.0    0  6.1 17  60   M    M   7 1      21  60
21  84  70  77   1   0  12 0.27  0.0    0  6.6 13 270   M    M   6 18     16 130
22  85  70  78   2   0  13 0.60  0.0    0  6.4 14  70   M    M   6 1      17 110
23  84  72  78   2   0  13 1.68  0.0    0  6.0 13  90   M    M   8 1      17 100
24  83  72  78   2   0  13    T  0.0    0  4.8 14 100   M    M   5        17  80
25  85  69  77   1   0  12 0.02  0.0    0  6.2 16  30   M    M   4 1      21  30
26  83  68  76   0   0  11 0.09  0.0    0  6.1 14  50   M    M   5 1      17  50
27  82  72  77   1   0  12 0.05  0.0    0  6.0 15  60   M    M   7 1      18  60
28  86  69  78   2   0  13 0.09  0.0    0  6.1 15  70   M    M   5 1      18  70
29  84  72  78   2   0  13 0.05  0.0    0  5.5 16  60   M    M   5 1      20  60
================================================================================
SM 2443 2050         0 369 10.04     0.0 173.2          M      164
================================================================================
AV 84.2 70.7                               6.0 FASTST   M    M   6    MAX(MPH)
                                 MISC ---->  # 23  60               # 29   50
================================================================================
NOTES:
# LAST OF SEVERAL OCCURRENCES

COLUMN 17 PEAK WIND IN M.P.H.

PRELIMINARY LOCAL CLIMATOLOGICAL DATA (WS FORM: F-6) , PAGE 2

                                          STATION:  HILO HI
                                          MONTH:    SEPTEMBER
                                          YEAR:     2016
                                          LATITUDE:   19 43 N
                                          LONGITUDE: 155  4 W

[TEMPERATURE DATA]      [PRECIPITATION DATA]       SYMBOLS USED IN COLUMN 16

AVERAGE MONTHLY: 77.5   TOTAL FOR MONTH:  10.04    1 = FOG OR MIST
DPTR FM NORMAL:   1.5   DPTR FM NORMAL:    0.43    2 = FOG REDUCING VISIBILITY
HIGHEST:    87 ON 16,13 GRTST 24HR  4.11 ON 31- 1      TO 1/4 MILE OR LESS
LOWEST:     67 ON  9                               3 = THUNDER
                        SNOW, ICE PELLETS, HAIL    4 = ICE PELLETS
                        TOTAL MONTH:   0.0 INCH    5 = HAIL
                        GRTST 24HR     0.0         6 = FREEZING RAIN OR DRIZZLE
                        GRTST DEPTH:   0           7 = DUSTSTORM OR SANDSTORM:
                                                       VSBY 1/2 MILE OR LESS
                                                   8 = SMOKE OR HAZE
[NO. OF DAYS WITH]      [WEATHER - DAYS WITH]      9 = BLOWING SNOW
                                                   X = TORNADO
MAX 32 OR BELOW:   0    0.01 INCH OR MORE:  26
MAX 90 OR ABOVE:   0    0.10 INCH OR MORE:  17
MIN 32 OR BELOW:   0    0.50 INCH OR MORE:   6
MIN  0 OR BELOW:   0    1.00 INCH OR MORE:   3

[HDD (BASE 65) ]
TOTAL THIS MO.     0    CLEAR  (SCALE 0-3)   0
DPTR FM NORMAL     0    PTCLDY (SCALE 4-7)  27
TOTAL FM JUL 1     0    CLOUDY (SCALE 8-10)  2
DPTR FM NORMAL     0

[CDD (BASE 65) ]
TOTAL THIS MO.   369
DPTR FM NORMAL    50    [PRESSURE DATA]
TOTAL FM JAN 1  3120    HIGHEST SLP M ON M
DPTR FM NORMAL   729    LOWEST  SLP 29.91 ON M

[REMARKS]
