000
CXUS55 KGLD 280800
CF6ITR
PRELIMINARY LOCAL CLIMATOLOGICAL DATA (WS FORM: F-6)
STATION: BURLINGTON CO
MONTH: MARCH
YEAR: 2024
LATITUDE: 39 15 N
LONGITUDE: 102 17 W
TEMPERATURE IN F: :PCPN: SNOW: WIND :SUNSHINE: SKY :PK WND
================================================================================
1 2 3 4 5 6A 6B 7 8 9 10 11 12 13 14 15 16 17 18
12Z AVG MX 2MIN
DY MAX MIN AVG DEP HDD CDD WTR SNW DPTH SPD SPD DIR MIN PSBL S-S WX SPD DR
================================================================================
1 70 25 48 12 17 0 0.00 M M 8.2 15 190 M M 0 21 190
2 75 27 51 15 14 0 0.00 M M 16.4 32 220 M M 0 42 220
3 59 34 47 11 18 0 0.00 M M 16.6 33 320 M M 1 46 250
4 51 25 38 1 27 0 0.00 M M 10.6 23 10 M M 0 32 10
5 49 18 34 -3 31 0 0.00 M M 10.1 18 160 M M 1 24 150
6 62 29 46 8 19 0 0.00 M M 13.3 26 180 M M 0 33 190
7 41 27 34 -4 31 0 0.17 M M 12.7 21 20 M M 9 1236 29 20
8 28 17 23 -15 42 0 0.00 M M 14.9 24 360 M M 7 1 30 30
9 49 16 33 -6 32 0 0.00 M M 7.7 13 190 M M 0 16 280
10 68 26 47 8 18 0 0.00 M M 10.6 17 220 M M 0 24 220
11 66 29 48 8 17 0 0.00 M M 8.5 16 310 M M 0 21 300
12 65 30 48 8 17 0 0.00 M M 10.2 21 350 M M 0 31 350
13 60 41 51 11 14 0 0.00 M M 14.7 25 30 M M 8 35 20
14 42 34 38 -3 27 0 0.16 M M 12.9 24 30 M M 9 1 32 30
15 46 28 37 -4 28 0 0.00 M M 8.0 17 30 M M 8 22 30
16 56 25 41 0 24 0 0.00 M M 10.4 23 20 M M 1 32 20
17 52 22 37 -5 28 0 0.00 M M 9.2 23 330 M M 5 32 340
18 M M M M M M 0.00 M M 6.4 14 270 M M 0 8 20 250
19 66 38 52 10 13 0 0.00 M M 9.0 18 360 M M 0 26 360
20 65 36 51 8 14 0 0.00 M M 11.6 20 130 M M 3 27 120
21 71 29 50 7 15 0 0.00 M M 9.3 22 350 M M 1 32 350
22 55 32 44 1 21 0 0.00 M M 11.5 22 150 M M 0 29 160
23 71 27 49 5 16 0 0.00 M M 22.2 35 170 M M 2 45 170
24 54 25 40 -4 25 0 0.07 M M 15.4 35 350 M M 4 1238 49 350
25 28 16 22 -22 43 0 T M M 23.5 38 350 M M 8 18 54 340
26 42 12 27 -17 38 0 0.00 M M 8.0 14 170 M M 0 18 160
27 57 25 41 -4 24 0 0.00 M M 10.8 20 320 M M 1 31 310
================================================================================
SM 1448 693 613 0 0.40 M 322.7 M 68
================================================================================
AV 55.7 26.7 12.0 FASTST M M 3 MAX(MPH)
MISC ----> 38 350 54 340
================================================================================
NOTES:
# LAST OF SEVERAL OCCURRENCES
COLUMN 17 PEAK WIND IN M.P.H.
PRELIMINARY LOCAL CLIMATOLOGICAL DATA (WS FORM: F-6) , PAGE 2
STATION: BURLINGTON CO
MONTH: MARCH
YEAR: 2024
LATITUDE: 39 15 N
LONGITUDE: 102 17 W
[TEMPERATURE DATA] [PRECIPITATION DATA] SYMBOLS USED IN COLUMN 16
AVERAGE MONTHLY: 41.2 TOTAL FOR MONTH: 0.40 1 = FOG OR MIST
DPTR FM NORMAL: 0.7 DPTR FM NORMAL: -0.23 2 = FOG REDUCING VISIBILITY
HIGHEST: 75 ON 2 GRTST 24HR 0.17 ON 7- 7 TO 1/4 MILE OR LESS
LOWEST: 12 ON 26 3 = THUNDER
SNOW, ICE PELLETS, HAIL 4 = ICE PELLETS
TOTAL MONTH: M 5 = HAIL
GRTST 24HR M ON M 6 = FREEZING RAIN OR DRIZZLE
GRTST DEPTH: M ON M 7 = DUSTSTORM OR SANDSTORM:
VSBY 1/2 MILE OR LESS
8 = SMOKE OR HAZE
[NO. OF DAYS WITH] [WEATHER - DAYS WITH] 9 = BLOWING SNOW
X = TORNADO
MAX 32 OR BELOW: 2 0.01 INCH OR MORE: 3
MAX 90 OR ABOVE: 0 0.10 INCH OR MORE: 2
MIN 32 OR BELOW: 21 0.50 INCH OR MORE: 0
MIN 0 OR BELOW: 0 1.00 INCH OR MORE: 0
[HDD (BASE 65) ]
TOTAL THIS MO. 613 CLEAR (SCALE 0-3) 19
DPTR FM NORMAL -49 PTCLDY (SCALE 4-7) 5
TOTAL FM JUL 1 4726 CLOUDY (SCALE 8-10) 3
DPTR FM NORMAL -307
[CDD (BASE 65) ]
TOTAL THIS MO. 0
DPTR FM NORMAL 0 [PRESSURE DATA]
TOTAL FM JAN 1 0 HIGHEST SLP M ON M
DPTR FM NORMAL 0 LOWEST SLP 29.17 ON 24
[REMARKS]