000
CXUS53 KIWX 190800
CF6IWX
PRELIMINARY LOCAL CLIMATOLOGICAL DATA (WS FORM: F-6)

                                          STATION:   NORTH WEBSTER WFO
                                          MONTH:     APRIL
                                          YEAR:      2014
                                          LATITUDE:   41 21 N
                                          LONGITUDE:  85 42 W

  TEMPERATURE IN F:       :PCPN:    SNOW:  WIND      :SUNSHINE: SKY     :PK WND
================================================================================
1   2   3   4   5  6A  6B    7    8   9   10  11  12  13   14  15   16   17  18
                                     12Z  AVG MX 2MIN
DY MAX MIN AVG DEP HDD CDD  WTR  SNW DPTH SPD SPD DIR MIN PSBL S-S WX    SPD DR
================================================================================

 1  54  41  48   4  17   0 0.08  0.0    0   M   M   M   M    M   M         M  M
 2  52  35  44   0  21   0 0.00  0.0    0   M   M   M   M    M   M         M  M
 3  47  33  40  -5  25   0 1.86  0.0    0   M   M   M   M    M   M         M  M
 4  46  34  40  -5  25   0 0.02    T    0   M   M   M   M    M   M         M  M
 5  50  31  41  -5  24   0    T    T    0   M   M   M   M    M   M         M  M
 6  54  29  42  -4  23   0 0.00  0.0    0   M   M   M   M    M   M         M  M
 7  55  36  46   0  19   0 0.43  0.0    0   M   M   M   M    M   M         M  M
 8  56  35  46  -1  19   0    T  0.0    0   M   M   M   M    M   M         M  M
 9  59  31  45  -2  20   0 0.00  0.0    0   M   M   M   M    M   M         M  M
10  67  46  57   9   8   0 0.07  0.0    0   M   M   M   M    M   M         M  M
11  69  38  54   6  11   0 0.00  0.0    0   M   M   M   M    M   M         M  M
12  76  45  61  13   4   0 0.00  0.0    0   M   M   M   M    M   M         M  M
13  72  59  66  17   0   1 0.02  0.0    0   M   M   M   M    M   M         M  M
14  64  29  47  -2  18   0 0.22  0.6    0   M   M   M   M    M   M         M  M
15  38  24  31 -19  34   0    T    T    T   M   M   M   M    M   M         M  M
16  47  25  36 -14  29   0 0.00  0.0    0   M   M   M   M    M   M         M  M
17  64  34  49  -1  16   0 0.00  0.0    0   M   M   M   M    M   M         M  M
18  67  39  53   2  12   0    T  0.0    0   M   M   M   M    M   M         M  M
================================================================================
SM 1037  644       325   1  2.70     0.6     M          M        M
================================================================================
AV 57.6 35.8                                 M FASTST   M    M   4    MAX(MPH)
                                 MISC ---->     M   M                  M    M
================================================================================
NOTES:
# LAST OF SEVERAL OCCURRENCES

COLUMN 17 PEAK WIND IN M.P.H.

PRELIMINARY LOCAL CLIMATOLOGICAL DATA (WS FORM: F-6) , PAGE 2

                                          STATION:  NORTH WEBSTER WFO
                                          MONTH:    APRIL
                                          YEAR:     2014
                                          LATITUDE:   41 21 N
                                          LONGITUDE:  85 42 W

[TEMPERATURE DATA]      [PRECIPITATION DATA]       SYMBOLS USED IN COLUMN 16

AVERAGE MONTHLY: 46.7   TOTAL FOR MONTH:   2.70    1 = FOG OR MIST
DPTR FM NORMAL:  -0.7   DPTR FM NORMAL:    0.46    2 = FOG REDUCING VISIBILITY
HIGHEST:    76 ON 12    GRTST 24HR  1.86 ON  3- 3      TO 1/4 MILE OR LESS
LOWEST:     24 ON 15                               3 = THUNDER
                        SNOW, ICE PELLETS, HAIL    4 = ICE PELLETS
                        TOTAL MONTH:   0.6 INCH    5 = HAIL
                        GRTST 24HR   0.6 ON   M    6 = FREEZING RAIN OR DRIZZLE
                        GRTST DEPTH:   T           7 = DUSTSTORM OR SANDSTORM:
                                                       VSBY 1/2 MILE OR LESS
                                                   8 = SMOKE OR HAZE
[NO. OF DAYS WITH]      [WEATHER - DAYS WITH]      9 = BLOWING SNOW
                                                   X = TORNADO
MAX 32 OR BELOW:   0    0.01 INCH OR MORE:   7
MAX 90 OR ABOVE:   0    0.10 INCH OR MORE:   3
MIN 32 OR BELOW:   6    0.50 INCH OR MORE:   1
MIN  0 OR BELOW:   0    1.00 INCH OR MORE:   1

[HDD (BASE 65) ]
TOTAL THIS MO.   325    CLEAR  (SCALE 0-3)   0
DPTR FM NORMAL     8    PTCLDY (SCALE 4-7)   0
TOTAL FM JUL 1  6781    CLOUDY (SCALE 8-10)  0
DPTR FM NORMAL   986

[CDD (BASE 65) ]
TOTAL THIS MO.     1
DPTR FM NORMAL     1    [PRESSURE DATA]
TOTAL FM JAN 1     1    HIGHEST SLP M ON M
DPTR FM NORMAL     1    LOWEST  SLP M ON M

[REMARKS]
