601
CXUS55 KEAX 250736
CF6IXD
PRELIMINARY LOCAL CLIMATOLOGICAL DATA (WS FORM: F-6)

                                          STATION:   New Century Air Center KS
                                          MONTH:     MARCH
                                          YEAR:      2017
                                          LATITUDE:   38 49 N
                                          LONGITUDE:  94 54 W

  TEMPERATURE IN F:       :PCPN:    SNOW:  WIND      :SUNSHINE: SKY     :PK WND
================================================================================
1   2   3   4   5  6A  6B    7    8   9   10  11  12  13   14  15   16   17  18
                                     12Z  AVG MX 2MIN
DY MAX MIN AVG DEP HDD CDD  WTR  SNW DPTH SPD SPD DIR MIN PSBL S-S WX    SPD DR
================================================================================

 1  53  31  42   3  23   0 0.00    M    M 14.9 28 300   M    M   3        35 280
 2  56  22  39   0  26   0 0.00    M    M 10.6 24 290   M    M   0        32 280
 3  59  23  41   1  24   0 0.00    M    M 12.6 25 160   M    M   0        31 160
 4  70  49  60  20   5   0 0.00    M    M 19.0 30 190   M    M   1        42 190
 5  59  53  56  16   9   0 0.00    M    M 19.0 28 190   M    M  10        36 190
 6  76  48  62  21   3   0 0.34    M    M 23.5 49 250   M    M   8 13     65 250
 7  60  32  46   5  19   0 0.00    M    M 12.9 35 250   M    M   0        43 270
 8  67  30  49   7  16   0 0.00    M    M  8.3 22 220   M    M   0        40 210
 9  68  35  52  10  13   0 0.03    M    M  8.9 26  20   M    M   2 3      33  20
10  44  26  35  -7  30   0 0.00    M    M 13.5 24  10   M    M   3        31  10
11  35  25  30 -13  35   0 0.04    M    M  8.1 17  70   M    M  10 18     22  70
12  43  20  32 -11  33   0 0.01    M    M  8.3 23 140   M    M   4 12     28 140
13  39  26  33 -10  32   0 0.01    M    M 16.1 24 320   M    M  10 16     33 290
14  31  20  26 -18  39   0 0.01    M    M  7.1 14 360   M    M   8 18     16 360
15  35  20  28 -16  37   0 0.00    M    M  8.3 14 140   M    M   6        17 150
16  68  32  50   6  15   0 0.00    M    M 13.8 24 160   M    M   2        30 160
17  73  47  60  15   5   0 0.00    M    M 11.2 24 210   M    M   3 1      32 200
18  64  33  49   4  16   0 0.00    M    M  6.6 15 360   M    M   1        19  10
19  87  51  69  23   0   4    T    M    M 15.6 28 200   M    M   3        36 190
20  83  60  72  26   0   7 0.00    M    M 11.0 18 200   M    M   0        23  40
21  62  45  54   8  11   0 0.00    M    M 13.6 23  50   M    M   3        29  40
22  57  38  48   1  17   0 0.00    M    M 12.7 21 100   M    M   4        27 100
23  80  50  65  18   0   0    T    M    M 18.5 30 160   M    M   4        40 170
24  69  53  61  14   4   0 0.14    M    M 13.6 26 180   M    M   5 3      35 190
================================================================================
SM 1438  869       412  11  0.58    M    307.7          M       90
================================================================================
AV 59.9 36.2                              12.8 FASTST   M    M   4    MAX(MPH)
                                 MISC ---->  # 49 250               # 65  250
================================================================================
NOTES:
# LAST OF SEVERAL OCCURRENCES

COLUMN 17 PEAK WIND IN M.P.H.

PRELIMINARY LOCAL CLIMATOLOGICAL DATA (WS FORM: F-6) , PAGE 2

                                          STATION:  New Century Air Center KS
                                          MONTH:    MARCH
                                          YEAR:     2017
                                          LATITUDE:   38 49 N
                                          LONGITUDE:  94 54 W

[TEMPERATURE DATA]      [PRECIPITATION DATA]       SYMBOLS USED IN COLUMN 16

AVERAGE MONTHLY: 48.1   TOTAL FOR MONTH:   0.58    1 = FOG OR MIST
DPTR FM NORMAL:   4.9   DPTR FM NORMAL:   -1.44    2 = FOG REDUCING VISIBILITY
HIGHEST:    87 ON 19    GRTST 24HR  0.34 ON  6- 6      TO 1/4 MILE OR LESS
LOWEST:     20 ON 15,14                            3 = THUNDER
                        SNOW, ICE PELLETS, HAIL    4 = ICE PELLETS
                        TOTAL MONTH:    M          5 = HAIL
                        GRTST 24HR    M  ON   M    6 = FREEZING RAIN OR DRIZZLE
                        GRTST DEPTH:  M  ON   M    7 = DUSTSTORM OR SANDSTORM:
                                                       VSBY 1/2 MILE OR LESS
                                                   8 = SMOKE OR HAZE
[NO. OF DAYS WITH]      [WEATHER - DAYS WITH]      9 = BLOWING SNOW
                                                   X = TORNADO
MAX 32 OR BELOW:   1    0.01 INCH OR MORE:   7
MAX 90 OR ABOVE:   0    0.10 INCH OR MORE:   2
MIN 32 OR BELOW:  12    0.50 INCH OR MORE:   0
MIN  0 OR BELOW:   0    1.00 INCH OR MORE:   0

[HDD (BASE 65) ]
TOTAL THIS MO.   412    CLEAR  (SCALE 0-3)  12
DPTR FM NORMAL  -113    PTCLDY (SCALE 4-7)   9
TOTAL FM JUL 1  3650    CLOUDY (SCALE 8-10)  3
DPTR FM NORMAL  -865

[CDD (BASE 65) ]
TOTAL THIS MO.    11
DPTR FM NORMAL    11    [PRESSURE DATA]
TOTAL FM JAN 1    11    HIGHEST SLP  0.00 ON M
DPTR FM NORMAL    11    LOWEST  SLP  0.00 ON M

[REMARKS]
