000
CXUS55 KRIW 200945
CF6JAC
PRELIMINARY LOCAL CLIMATOLOGICAL DATA (WS FORM: F-6)

                                          STATION:   JACKSON  WY
                                          MONTH:     NOVEMBER
                                          YEAR:      2017
                                          LATITUDE:   43 35 N
                                          LONGITUDE: 110 44 W

  TEMPERATURE IN F:       :PCPN:    SNOW:  WIND      :SUNSHINE: SKY     :PK WND
================================================================================
1   2   3   4   5  6A  6B    7    8   9   10  11  12  13   14  15   16   17  18
                                     12Z  AVG MX 2MIN
DY MAX MIN AVG DEP HDD CDD  WTR  SNW DPTH SPD SPD DIR MIN PSBL S-S WX    SPD DR
================================================================================

 1  48  32  40   6  25   0 0.25    M    M 17.7 32 230   M    M   9 1      47 230
 2  38  30  34   1  31   0 0.23    M    M  4.3 14  20   M    M  10 1       M  M
 3  39  32  36   4  29   0 0.52    M    M  6.4 16 190   M    M   9 1       M  M
 4  36  28  32   0  33   0 0.20    M    M 15.4 23 190   M    M  10 1      30 190
 5  33  24  29  -3  36   0 0.01    M    M 14.3 18 190   M    M  10 1      23 200
 6  35  16  26  -5  39   0 0.03    M    M  9.6 20 200   M    M  10 12     25 200
 7  31   8  20 -11  45   0    T    M    M  5.8 10  10   M    M   2         M  M
 8  28   9  19 -11  46   0    T    M    M  3.8  7 360   M    M   7         M  M
 9  40  14  27  -3  38   0 0.03    M    M  4.8  9 230   M    M   7         M  M
10  43  32  38   9  27   0 0.02    M    M  9.8 18 190   M    M   7 1      23 210
11  42  20  31   2  34   0 0.06    M    M  7.8 17 190   M    M   7 1      22 190
12  43  12  28   0  37   0 0.00  0.0    M  4.7  9 230   M    M   1         M  M
13  52  17  35   7  30   0 0.00  0.0    M  5.9 17 190   M    M   1         M  M
14  41  22  32   5  33   0 0.10    M    M  8.1 20 270   M    M   7 18     35 250
15  38  32  35   9  30   0 0.01    M    M  4.4 10 240   M    M   4 1       M  M
16  38  32  35   9  30   0 0.90    M    M 14.1 22 200   M    M  10 1      32 190
17  33  16  25   0  40   0 0.05    M    M 11.2 15 190   M    M   9 1      31 320
18  29   5  17  -8  48   0 0.02    M    M  7.6 17 190   M    M   1        22 190
19  35   5  20  -4  45   0    T    M    M  4.6  9  20   M    M   4 1       M  M
================================================================================
SM  722  386       676   0  2.43     0.0 160.3          M      125
================================================================================
AV 38.0 20.3                               8.4 FASTST   M    M   7    MAX(MPH)
                                 MISC ---->  # 32 230               # 47  230
================================================================================
NOTES:
# LAST OF SEVERAL OCCURRENCES

COLUMN 17 PEAK WIND IN M.P.H.

PRELIMINARY LOCAL CLIMATOLOGICAL DATA (WS FORM: F-6) , PAGE 2

                                          STATION:  JACKSON  WY
                                          MONTH:    NOVEMBER
                                          YEAR:     2017
                                          LATITUDE:   43 35 N
                                          LONGITUDE: 110 44 W

[TEMPERATURE DATA]      [PRECIPITATION DATA]       SYMBOLS USED IN COLUMN 16

AVERAGE MONTHLY: 29.2   TOTAL FOR MONTH:   2.43    1 = FOG OR MIST
DPTR FM NORMAL:   0.1   DPTR FM NORMAL:    0.86    2 = FOG REDUCING VISIBILITY
HIGHEST:    52 ON 13    GRTST 24HR  0.90 ON 16-16      TO 1/4 MILE OR LESS
LOWEST:      5 ON 19,18                            3 = THUNDER
                        SNOW, ICE PELLETS, HAIL    4 = ICE PELLETS
                        TOTAL MONTH:   0.0 INCH    5 = HAIL
                        GRTST 24HR     0.0         6 = FREEZING RAIN OR DRIZZLE
                        GRTST DEPTH:  M  ON   M    7 = DUSTSTORM OR SANDSTORM:
                                                       VSBY 1/2 MILE OR LESS
                                                   8 = SMOKE OR HAZE
[NO. OF DAYS WITH]      [WEATHER - DAYS WITH]      9 = BLOWING SNOW
                                                   X = TORNADO
MAX 32 OR BELOW:   3    0.01 INCH OR MORE:  14
MAX 90 OR ABOVE:   0    0.10 INCH OR MORE:   6
MIN 32 OR BELOW:  19    0.50 INCH OR MORE:   2
MIN  0 OR BELOW:   0    1.00 INCH OR MORE:   0

[HDD (BASE 65) ]
TOTAL THIS MO.   676    CLEAR  (SCALE 0-3)   4
DPTR FM NORMAL    -7    PTCLDY (SCALE 4-7)   7
TOTAL FM JUL 1  2169    CLOUDY (SCALE 8-10)  8
DPTR FM NORMAL    14

[CDD (BASE 65) ]
TOTAL THIS MO.     0
DPTR FM NORMAL     0    [PRESSURE DATA]
TOTAL FM JAN 1    14    HIGHEST SLP M ON M
DPTR FM NORMAL   -29    LOWEST  SLP M ON M

[REMARKS]
