000
CXUS52 KJAX 290800
CF6JAX
PRELIMINARY LOCAL CLIMATOLOGICAL DATA (WS FORM: F-6)

                                          STATION:   JACKSONVILLE FL
                                          MONTH:     AUGUST
                                          YEAR:      2015
                                          LATITUDE:   30 30 N
                                          LONGITUDE:  81 42 W

  TEMPERATURE IN F:       :PCPN:    SNOW:  WIND      :SUNSHINE: SKY     :PK WND
================================================================================
1   2   3   4   5  6A  6B    7    8   9   10  11  12  13   14  15   16   17  18
                                     12Z  AVG MX 2MIN
DY MAX MIN AVG DEP HDD CDD  WTR  SNW DPTH SPD SPD DIR MIN PSBL S-S WX    SPD DR
================================================================================

 1  85  74  80  -2   0  15 0.14  0.0    0  8.1 16 180   M    M   8 13     21 210
 2  86  74  80  -2   0  15 0.10  0.0    0  9.0 24 190   M    M   9 138    31 200
 3  84  75  80  -2   0  15 0.28  0.0    0  7.6 15 210   M    M   8 138    19 220
 4  90  73  82   0   0  17 0.75  0.0    0  5.0 32 240   M    M   8 138    39 230
 5  89  72  81  -1   0  16    T  0.0    0  4.5 18 230   M    M   6 13     22 230
 6  92  72  82   0   0  17 0.00  0.0    0  5.8 16 250   M    M   7 1      19 250
 7  91  73  82   0   0  17 0.08  0.0    0 10.4 23 250   M    M   8 38     30 240
 8  94  71  83   1   0  18 0.00  0.0    0  6.3 15  70   M    M   6        16  70
 9  90  73  82   0   0  17 0.00  0.0    0  6.2 15  80   M    M   3 1      21  90
10  91  70  81  -1   0  16 0.00  0.0    0  4.8 16  70   M    M   3        20  70
11  93  70  82   0   0  17 0.03  0.0    0  4.6 20 230   M    M   6 38     25 240
12  95  74  85   3   0  20 0.49  0.0    0  7.1 23 230   M    M   7 138    27 230
13  89  73  81  -1   0  16 0.00  0.0    0  5.3 17  80   M    M   5 1      23  90
14  89  72  81  -1   0  16 0.00  0.0    0  7.0 18  60   M    M   6 1      24  60
15  89  69  79  -3   0  14 0.00  0.0    0  5.9 18  80   M    M   5 13     23  60
16  85  73  79  -3   0  14 0.33  0.0    0  5.3 21 100   M    M   8 13     31  70
17  92  73  83   1   0  18 0.31  0.0    0  2.8  8 170   M    M   8 13     15 180
18  93  71  82   0   0  17 1.34  0.0    0  4.8 33 310   M    M   8 123    42 310
19  91  72  82   0   0  17 0.13  0.0    0  3.3 26 150   M    M   7 13     37 170
20  93  73  83   1   0  18 0.28  0.0    0  3.0 26 270   M    M   7 13     33 250
21  94  73  84   2   0  19 0.02  0.0    0  4.0 13 130   M    M   4 13     15 120
22  92  74  83   1   0  18 0.08  0.0    0  5.5 20  20   M    M   6 13     25  20
23  92  72  82   1   0  17 1.60  0.0    0  4.6 38 290   M    M   8 123    46 290
24  90  72  81   0   0  16 0.00  0.0    0  3.7  9 290   M    M   7 12     12 300
25  95  72  84   3   0  19 0.91  0.0    0  5.4 21 220   M    M   4 13     28 210
26  92  72  82   1   0  17 0.18  0.0    0  5.3 20  70   M    M   7 38     24 190
27  89  71  80  -1   0  15 0.00  0.0    0  3.6 14 270   M    M   7        16 270
28  88  72  80  -1   0  15 0.13  0.0    0  5.3 22  10   M    M   8 13     29 360
================================================================================
SM 2533 2025         0 466  7.18     0.0 154.2          M      184
================================================================================
AV 90.5 72.3                               5.5 FASTST   M    M   7    MAX(MPH)
                                 MISC ---->  # 38 290               # 46  290
================================================================================
NOTES:
# LAST OF SEVERAL OCCURRENCES

COLUMN 17 PEAK WIND IN M.P.H.

PRELIMINARY LOCAL CLIMATOLOGICAL DATA (WS FORM: F-6) , PAGE 2

                                          STATION:  JACKSONVILLE FL
                                          MONTH:    AUGUST
                                          YEAR:     2015
                                          LATITUDE:   30 30 N
                                          LONGITUDE:  81 42 W

[TEMPERATURE DATA]      [PRECIPITATION DATA]       SYMBOLS USED IN COLUMN 16

AVERAGE MONTHLY: 81.4   TOTAL FOR MONTH:   7.18    1 = FOG OR MIST
DPTR FM NORMAL:  -0.4   DPTR FM NORMAL:    1.15    2 = FOG REDUCING VISIBILITY
HIGHEST:    95 ON 25,12 GRTST 24HR  1.68 ON 22-23      TO 1/4 MILE OR LESS
LOWEST:     69 ON 15                               3 = THUNDER
                        SNOW, ICE PELLETS, HAIL    4 = ICE PELLETS
                        TOTAL MONTH:   0.0 INCH    5 = HAIL
                        GRTST 24HR     0.0         6 = FREEZING RAIN OR DRIZZLE
                        GRTST DEPTH:   0           7 = DUSTSTORM OR SANDSTORM:
                                                       VSBY 1/2 MILE OR LESS
                                                   8 = SMOKE OR HAZE
[NO. OF DAYS WITH]      [WEATHER - DAYS WITH]      9 = BLOWING SNOW
                                                   X = TORNADO
MAX 32 OR BELOW:   0    0.01 INCH OR MORE:  18
MAX 90 OR ABOVE:  18    0.10 INCH OR MORE:  14
MIN 32 OR BELOW:   0    0.50 INCH OR MORE:   4
MIN  0 OR BELOW:   0    1.00 INCH OR MORE:   2

[HDD (BASE 65) ]
TOTAL THIS MO.     0    CLEAR  (SCALE 0-3)   2
DPTR FM NORMAL     0    PTCLDY (SCALE 4-7)  24
TOTAL FM JUL 1     0    CLOUDY (SCALE 8-10)  2
DPTR FM NORMAL     0

[CDD (BASE 65) ]
TOTAL THIS MO.   466
DPTR FM NORMAL    -5    [PRESSURE DATA]
TOTAL FM JAN 1  2146    HIGHEST SLP M ON M
DPTR FM NORMAL   206    LOWEST  SLP 29.80 ON  7

[REMARKS]
