000
CXUS52 KJAX 280800
CF6JAX
PRELIMINARY LOCAL CLIMATOLOGICAL DATA (WS FORM: F-6)

                                          STATION:   JACKSONVILLE FL
                                          MONTH:     JULY
                                          YEAR:      2014
                                          LATITUDE:   30 30 N
                                          LONGITUDE:  81 42 W

  TEMPERATURE IN F:       :PCPN:    SNOW:  WIND      :SUNSHINE: SKY     :PK WND
================================================================================
1   2   3   4   5  6A  6B    7    8   9   10  11  12  13   14  15   16   17  18
                                     12Z  AVG MX 2MIN
DY MAX MIN AVG DEP HDD CDD  WTR  SNW DPTH SPD SPD DIR MIN PSBL S-S WX    SPD DR
================================================================================

 1  91  72  82   0   0  17 0.00  0.0    0  5.9 15  80   M    M   3 1      17  80
 2  89  73  81  -1   0  16 0.00  0.0    0  7.6 20  50   M    M   5        24  50
 3  96  71  84   2   0  19 0.41  0.0    0  8.5 29 210   M    M   8 13     37 210
 4  91  70  81  -1   0  16 0.00  0.0    0  4.7 14 210   M    M   7 13     16 250
 5  90  73  82   0   0  17 0.01  0.0    0  4.0 21 100   M    M   8 13     27 100
 6  88  70  79  -3   0  14 0.00  0.0    0  4.4 15 170   M    M   7 13     19  80
 7  92  70  81  -1   0  16    T  0.0    0  4.9 20 190   M    M   5 3      25 190
 8  91  72  82   0   0  17 0.00  0.0    0  7.3 14 170   M    M   5        18 250
 9  94  71  83   1   0  18 0.00  0.0    0  5.7 13 190   M    M   5        18 230
10  91  73  82   0   0  17 0.31  0.0    0  3.5 26 210   M    M   5 13     36 210
11  89  72  81  -1   0  16 0.27  0.0    0  5.1 17 280   M    M   8 13     23 280
12  79  72  76  -6   0  11 0.38  0.0    0  3.5 14  50   M    M   9 13     16  30
13  88  71  80  -2   0  15 0.02  0.0    0  4.2 14  70   M    M   7 13     17  80
14  92  73  83   1   0  18 0.00  0.0    0  4.3 26 200   M    M   6 13     36 210
15  91  72  82   0   0  17    T  0.0    0  7.6 23 270   M    M   5 3      27 280
16  89  72  81  -1   0  16 0.62  0.0    0  6.2 21  10   M    M   7 13     24  10
17  89  69  79  -3   0  14 0.00  0.0    0  4.8 12  70   M    M   8 12     14  60
18  87  71  79  -3   0  14 0.71  0.0    0  5.9 16 140   M    M   7 13     29  60
19  89  74  82   0   0  17 0.00  0.0    0  2.2 10 150   M    M   9 13     12 280
20  92  73  83   1   0  18    T  0.0    0  3.5 15 140   M    M   6 13     20 140
21  88  73  81  -1   0  16 0.00  0.0    0  4.4 16 310   M    M   7 3      24 300
22  89  72  81  -2   0  16 0.00  0.0    0  4.3 15  90   M    M   7 3      19 100
23  93  72  83   0   0  18 0.00  0.0    0  3.9 17 100   M    M   5 13     21  80
24  93  72  83   0   0  18 0.00  0.0    0  6.6 16 260   M    M   4 1      20 260
25  94  74  84   1   0  19 0.02  0.0    0  6.9 22 210   M    M   5 13     27 200
26  92  73  83   0   0  18    T  0.0    0  6.6 17 270   M    M   5 1      20 270
27  95  76  86   3   0  21 0.00  0.0    0  8.5 16 250   M    M   6 1      20 270
================================================================================
SM 2442 1946         0 449  2.75     0.0 145.0          M      169
================================================================================
AV 90.4 72.1                               5.4 FASTST   M    M   6    MAX(MPH)
                                 MISC ---->  # 29 210               # 37  210
================================================================================
NOTES:
# LAST OF SEVERAL OCCURRENCES

COLUMN 17 PEAK WIND IN M.P.H.

PRELIMINARY LOCAL CLIMATOLOGICAL DATA (WS FORM: F-6) , PAGE 2

                                          STATION:  JACKSONVILLE FL
                                          MONTH:    JULY
                                          YEAR:     2014
                                          LATITUDE:   30 30 N
                                          LONGITUDE:  81 42 W

[TEMPERATURE DATA]      [PRECIPITATION DATA]       SYMBOLS USED IN COLUMN 16

AVERAGE MONTHLY: 81.3   TOTAL FOR MONTH:   2.75    1 = FOG OR MIST
DPTR FM NORMAL:  -1.0   DPTR FM NORMAL:   -2.99    2 = FOG REDUCING VISIBILITY
HIGHEST:    96 ON  3    GRTST 24HR  0.71 ON 18-18      TO 1/4 MILE OR LESS
LOWEST:     69 ON 17                               3 = THUNDER
                        SNOW, ICE PELLETS, HAIL    4 = ICE PELLETS
                        TOTAL MONTH:   0.0 INCH    5 = HAIL
                        GRTST 24HR     0.0         6 = FREEZING RAIN OR DRIZZLE
                        GRTST DEPTH:   0           7 = DUSTSTORM OR SANDSTORM:
                                                       VSBY 1/2 MILE OR LESS
                                                   8 = SMOKE OR HAZE
[NO. OF DAYS WITH]      [WEATHER - DAYS WITH]      9 = BLOWING SNOW
                                                   X = TORNADO
MAX 32 OR BELOW:   0    0.01 INCH OR MORE:   9
MAX 90 OR ABOVE:  16    0.10 INCH OR MORE:   6
MIN 32 OR BELOW:   0    0.50 INCH OR MORE:   2
MIN  0 OR BELOW:   0    1.00 INCH OR MORE:   0

[HDD (BASE 65) ]
TOTAL THIS MO.     0    CLEAR  (SCALE 0-3)   1
DPTR FM NORMAL     0    PTCLDY (SCALE 4-7)  24
TOTAL FM JUL 1     0    CLOUDY (SCALE 8-10)  2
DPTR FM NORMAL     0

[CDD (BASE 65) ]
TOTAL THIS MO.   449
DPTR FM NORMAL   -19    [PRESSURE DATA]
TOTAL FM JAN 1  1378    HIGHEST SLP M ON M
DPTR FM NORMAL   -23    LOWEST  SLP 29.85 ON 16

[REMARKS]
