000
CXUS54 KMEG 240737
CF6JBR
PRELIMINARY LOCAL CLIMATOLOGICAL DATA (WS FORM: F-6)

                                          STATION:   JONESBORO
                                          MONTH:     JANUARY
                                          YEAR:      2018
                                          LATITUDE:   35 49 N
                                          LONGITUDE:  90 39 W

  TEMPERATURE IN F:       :PCPN:    SNOW:  WIND      :SUNSHINE: SKY     :PK WND
================================================================================
1   2   3   4   5  6A  6B    7    8   9   10  11  12  13   14  15   16   17  18
                                     12Z  AVG MX 2MIN
DY MAX MIN AVG DEP HDD CDD  WTR  SNW DPTH SPD SPD DIR MIN PSBL S-S WX    SPD DR
================================================================================

 1  20   7  14 -23  51   0 0.00  0.0    0  7.5 16  40   M    M   0        21  30
 2  21   7  14 -23  51   0 0.00  0.0    0  5.1 13  70   M    M   1        16  60
 3  35  18  27 -10  38   0 0.00  0.0    0  7.5 17 270   M    M   4        22 270
 4  30  17  24 -13  41   0 0.00  0.0    0  4.5 14 360   M    M   0        19 350
 5  39  14  27 -10  38   0 0.00  0.0    0  5.8 14  60   M    M   0        17  50
 6  31  18  25 -12  40   0 0.00  0.0    0 11.9 18  80   M    M   0        22  50
 7  41  21  31  -6  34   0 0.37  0.0    0  7.6 20 170   M    M   7 1      24 180
 8  44  38  41   4  24   0 0.28  0.0    0  5.8 17 170   M    M  10 12     21 180
 9  43  38  41   4  24   0 0.00  0.0    0  5.8 13  60   M    M  10 1      15  30
10  58  41  50  13  15   0 0.01  0.0    0  9.0 17 160   M    M  10 12     23 160
11  64  33  49  12  16   0 0.31    T    0 12.7 30 310   M    M  10 14     41 330
12  33  23  28  -9  37   0 0.36    M    0 10.8 21 340   M    M   7 14     33 360
13  31  20  26 -11  39   0    T    T    0  9.1 16 360   M    M   4        23 350
14  29  22  26 -11  39   0 0.00  0.0    0  7.7 13 160   M    M   7        15 150
15  37  20  29  -8  36   0    T    M    0  9.2 15 360   M    M   7 1      20 350
16  20   9  15 -22  50   0    T    M    0  9.1 15 310   M    M   2 1      21 330
17  26   8  17 -20  48   0    T    M    2  4.1 14 160   M    M   0        17 160
18  34  15  25 -12  40   0 0.00  0.0    T  9.0 17 190   M    M   0        21 200
19  44  24  34  -3  31   0 0.00  0.0    0 11.7 21 200   M    M   3        25 210
20  53  39  46   9  19   0 0.00  0.0    0 10.2 18 200   M    M  10        23 200
21  65  51  58  21   7   0    T  0.0    0 11.9 25 210   M    M  10        32 190
22  61  46  54  16  11   0 0.80  0.0    0 18.9 32 230   M    M   5 13     43 250
23  46  32  39   1  26   0 0.00  0.0    0 10.3 23 280   M    M   6        30 270
================================================================================
SM  905  561       755   0  2.13    T    205.2          M      113
================================================================================
AV 39.4 24.4                               8.9 FASTST   M    M   5    MAX(MPH)
                                 MISC ---->  # 32 230               # 43  250
================================================================================
NOTES:
# LAST OF SEVERAL OCCURRENCES

COLUMN 17 PEAK WIND IN M.P.H.

PRELIMINARY LOCAL CLIMATOLOGICAL DATA (WS FORM: F-6) , PAGE 2

                                          STATION:  JONESBORO
                                          MONTH:    JANUARY
                                          YEAR:     2018
                                          LATITUDE:   35 49 N
                                          LONGITUDE:  90 39 W

[TEMPERATURE DATA]      [PRECIPITATION DATA]       SYMBOLS USED IN COLUMN 16

AVERAGE MONTHLY: 31.9   TOTAL FOR MONTH:   2.13    1 = FOG OR MIST
DPTR FM NORMAL:  -5.2   DPTR FM NORMAL:   -0.33    2 = FOG REDUCING VISIBILITY
HIGHEST:    65 ON 21    GRTST 24HR  0.80 ON 22-22      TO 1/4 MILE OR LESS
LOWEST:      7 ON  2, 1                            3 = THUNDER
                        SNOW, ICE PELLETS, HAIL    4 = ICE PELLETS
                        TOTAL MONTH:    T          5 = HAIL
                        GRTST 24HR    T  ON 13-13  6 = FREEZING RAIN OR DRIZZLE
                        GRTST DEPTH:   2 ON 17     7 = DUSTSTORM OR SANDSTORM:
                                                       VSBY 1/2 MILE OR LESS
                                                   8 = SMOKE OR HAZE
[NO. OF DAYS WITH]      [WEATHER - DAYS WITH]      9 = BLOWING SNOW
                                                   X = TORNADO
MAX 32 OR BELOW:   8    0.01 INCH OR MORE:   6
MAX 90 OR ABOVE:   0    0.10 INCH OR MORE:   5
MIN 32 OR BELOW:  16    0.50 INCH OR MORE:   1
MIN  0 OR BELOW:   0    1.00 INCH OR MORE:   0

[HDD (BASE 65) ]
TOTAL THIS MO.   755    CLEAR  (SCALE 0-3)   9
DPTR FM NORMAL   113    PTCLDY (SCALE 4-7)   8
TOTAL FM JUL 1  2055    CLOUDY (SCALE 8-10)  6
DPTR FM NORMAL   -29

[CDD (BASE 65) ]
TOTAL THIS MO.     0
DPTR FM NORMAL     0    [PRESSURE DATA]
TOTAL FM JAN 1     0    HIGHEST SLP M ON M
DPTR FM NORMAL     0    LOWEST  SLP 29.71 ON M

[REMARKS]
