000
CXUS55 KGGW 260800
CF6JDN
PRELIMINARY LOCAL CLIMATOLOGICAL DATA (WS FORM: F-6)

                                          STATION:   JORDAN  ASOS MT
                                          MONTH:     MARCH
                                          YEAR:      2015
                                          LATITUDE:   47 19 N
                                          LONGITUDE: 106 50 W

  TEMPERATURE IN F:       :PCPN:    SNOW:  WIND      :SUNSHINE: SKY     :PK WND
================================================================================
1   2   3   4   5  6A  6B    7    8   9   10  11  12  13   14  15   16   17  18
                                     12Z  AVG MX 2MIN
DY MAX MIN AVG DEP HDD CDD  WTR  SNW DPTH SPD SPD DIR MIN PSBL S-S WX    SPD DR
================================================================================

 1  30  12  21  -6  44   0 0.00  0.0    0  8.9 20 310   M    M   0        24 310
 2  41   9  25  -3  40   0 0.00  0.0    0 15.0 30 350   M    M   0        36 350
 3  18   5  12 -16  53   0 0.00  0.0    0 18.5 28 310   M    M   0        35 310
 4  24  -5  10 -18  55   0 0.00  0.0    0  5.6 13 290   M    M   0        22 330
 5  51  13  32   3  33   0 0.00  0.0    0  9.6 21 300   M    M   0        24 290
 6  59  25  42  13  23   0 0.00  0.0    0 12.0 26 280   M    M   0        33 270
 7  51  19  35   5  30   0 0.00  0.0    0  4.9 16 310   M    M   0        19 310
 8  58  18  38   8  27   0 0.00  0.0    0  5.8 20 300   M    M   0        25 270
 9  64  22  43  13  22   0 0.00  0.0    0 10.8 22 270   M    M   0        27 260
10  63  24  44  13  21   0 0.00  0.0    0  5.8 16 210   M    M   0        20 140
11  71  24  48  17  17   0 0.00  0.0    0  4.5 21 250   M    M   0        25 250
12  67  31  49  17  16   0 0.00  0.0    0 11.2 26 300   M    M   0        31 300
13  66  28  47  15  18   0 0.00  0.0    0  5.6 16 240   M    M   0        22 240
14  76  37  57  25   8   0 0.00  0.0    0 11.7 31 230   M    M   0        39 220
15  63  35  49  16  16   0 0.01    M    0  4.8 13  40   M    M   0        15 270
16  61  22  42   9  23   0 0.03    M    0  8.2 28 360   M    M   0        33 360
17  44  22  33  -1  32   0 0.00  0.0    0  9.9 21 140   M    M   0        25 150
18  42  30  36   2  29   0 0.32    M    0  6.4 22 290   M    M   0        29 260
19  59  29  44  10  21   0 0.00  0.0    0  8.1 18 270   M    M   0        24 270
20  64  32  48  13  17   0 0.00  0.0    0  7.1 17 310   M    M   0        21 280
21  61  28  45  10  20   0 0.00  0.0    0  4.9 12 330   M    M   0        13 350
22  62  27  45   9  20   0 0.00  0.0    0  6.9 21 270   M    M   0        26 280
23  62  23  43   7  22   0 0.00  0.0    0 11.0 25 120   M    M   0        30 120
24  42  28  35  -1  30   0 0.00  0.0    0 14.7 25 320   M    M   0        31 310
25  52  30  41   4  24   0 0.00  0.0    0  7.8 14 200   M    M   0        18 280
================================================================================
SM 1351  568       661   0  0.36     0.0 219.7          M        0
================================================================================
AV 54.0 22.7                               8.8 FASTST   M    M   0    MAX(MPH)
                                 MISC ---->  # 31 230               # 39  220
================================================================================
NOTES:
# LAST OF SEVERAL OCCURRENCES

COLUMN 17 PEAK WIND IN M.P.H.

PRELIMINARY LOCAL CLIMATOLOGICAL DATA (WS FORM: F-6) , PAGE 2

                                          STATION:  JORDAN  ASOS MT
                                          MONTH:    MARCH
                                          YEAR:     2015
                                          LATITUDE:   47 19 N
                                          LONGITUDE: 106 50 W

[TEMPERATURE DATA]      [PRECIPITATION DATA]       SYMBOLS USED IN COLUMN 16

AVERAGE MONTHLY: 38.4   TOTAL FOR MONTH:   0.36    1 = FOG OR MIST
DPTR FM NORMAL:   6.4   DPTR FM NORMAL:   -0.05    2 = FOG REDUCING VISIBILITY
HIGHEST:    76 ON 14    GRTST 24HR  0.32 ON 18-18      TO 1/4 MILE OR LESS
LOWEST:     -5 ON  4                               3 = THUNDER
                        SNOW, ICE PELLETS, HAIL    4 = ICE PELLETS
                        TOTAL MONTH:   0.0 INCH    5 = HAIL
                        GRTST 24HR     0.0         6 = FREEZING RAIN OR DRIZZLE
                        GRTST DEPTH:   0           7 = DUSTSTORM OR SANDSTORM:
                                                       VSBY 1/2 MILE OR LESS
                                                   8 = SMOKE OR HAZE
[NO. OF DAYS WITH]      [WEATHER - DAYS WITH]      9 = BLOWING SNOW
                                                   X = TORNADO
MAX 32 OR BELOW:   3    0.01 INCH OR MORE:   3
MAX 90 OR ABOVE:   0    0.10 INCH OR MORE:   1
MIN 32 OR BELOW:  23    0.50 INCH OR MORE:   0
MIN  0 OR BELOW:   1    1.00 INCH OR MORE:   0

[HDD (BASE 65) ]
TOTAL THIS MO.   661    CLEAR  (SCALE 0-3)  25
DPTR FM NORMAL  -162    PTCLDY (SCALE 4-7)   0
TOTAL FM JUL 1  6454    CLOUDY (SCALE 8-10)  0
DPTR FM NORMAL  -487

[CDD (BASE 65) ]
TOTAL THIS MO.     0
DPTR FM NORMAL     0    [PRESSURE DATA]
TOTAL FM JAN 1     0    HIGHEST SLP M ON M
DPTR FM NORMAL     0    LOWEST  SLP 29.62 ON 14

[REMARKS]
