000
CXUS55 KGGW 010800
CF6JDN
PRELIMINARY LOCAL CLIMATOLOGICAL DATA (WS FORM: F-6)

                                          STATION:   JORDAN  ASOS MT
                                          MONTH:     FEBRUARY
                                          YEAR:      2015
                                          LATITUDE:   47 19 N
                                          LONGITUDE: 106 50 W

  TEMPERATURE IN F:       :PCPN:    SNOW:  WIND      :SUNSHINE: SKY     :PK WND
================================================================================
1   2   3   4   5  6A  6B    7    8   9   10  11  12  13   14  15   16   17  18
                                     12Z  AVG MX 2MIN
DY MAX MIN AVG DEP HDD CDD  WTR  SNW DPTH SPD SPD DIR MIN PSBL S-S WX    SPD DR
================================================================================

 1  20 -15   3 -16  62   0 0.02    M    0  3.9 17 200   M    M   0        20 200
 2  26  12  19   0  46   0 0.06    M    0  7.7 18 340   M    M   0        23 340
 3  19  -6   7 -13  58   0 0.14    M    0  9.3 17 330   M    M   0        20 330
 4  20 -25  -2 -22  67   0 0.00  0.0    0  4.4 16 180   M    M   0        21 190
 5  41   9  25   5  40   0 0.00  0.0    0  3.7 10 100   M    M   0        13  80
 6  54  25  40  20  25   0 0.00  0.0    0  3.4 13 240   M    M   0        16 240
 7  47  35  41  21  24   0 0.06    M    0  4.8 13  20   M    M   0        14 320
 8  56  27  42  21  23   0 0.00  0.0    0  7.4 23 290   M    M   0        31 290
 9  46  27  37  16  28   0 0.01    M    0  6.4 14 110   M    M   0        17 110
10  34  20  27   6  38   0 0.00  0.0    0 11.3 22 330   M    M   0        28 340
11  23  16  20  -1  45   0 0.01    M    0  8.7 15 130   M    M   0        19 120
12  51  19  35  13  30   0 0.00  0.0    0  8.3 23 320   M    M   0        28 320
13  58  29  44  22  21   0 0.00  0.0    0  7.1 15 330   M    M   0        18 330
14  35  25  30   8  35   0 0.00  0.0    0 14.0 24 330   M    M   0        30 120
15  43  23  33  11  32   0 0.00  0.0    0  7.8 21 310   M    M   0        25 310
16  32   8  20  -3  45   0 0.07    M    0 12.5 24  30   M    M   0        31  20
17  19  -4   8 -15  57   0 0.00  0.0    0  5.7 16 320   M    M   0        20 320
18  28  12  20  -3  45   0 0.00  0.0    0  4.3 10 180   M    M   0        13 190
19  49  15  32   8  33   0 0.00  0.0    0  9.4 24 320   M    M   0        30 310
20  40  25  33   9  32   0 0.00  0.0    0 13.3 26 310   M    M   0        32 360
21  25   3  14 -10  51   0 0.01    M    0 14.7 23 340   M    M   0        29 340
22  22  -2  10 -15  55   0 0.00  0.0    0  4.0 17 360   M    M   0        20 360
23  45  10  28   3  37   0 0.00  0.0    0 13.4 26 310   M    M   0        33 270
24  55  24  40  15  25   0 0.01    M    0 11.3 29 340   M    M   0        34 340
25  36   4  20  -6  45   0 0.01    M    0 13.9 25 340   M    M   0        32 320
26  14  -7   4 -22  61   0 0.00  0.0    0  3.9 13  30   M    M   0        15 140
27  26  -2  12 -14  53   0 0.00  0.0    0  7.9 20 310   M    M   0        22 310
28  24   5  15 -12  50   0 0.00  0.0    0  9.0 18 310   M    M   0        23 310
================================================================================
SM  988  312      1163   0  0.40     0.0 231.5          M        0
================================================================================
AV 35.3 11.1                               8.3 FASTST   M    M   0    MAX(MPH)
                                 MISC ---->  # 29 340               # 34  340
================================================================================
NOTES:
# LAST OF SEVERAL OCCURRENCES

COLUMN 17 PEAK WIND IN M.P.H.

PRELIMINARY LOCAL CLIMATOLOGICAL DATA (WS FORM: F-6) , PAGE 2

                                          STATION:  JORDAN  ASOS MT
                                          MONTH:    FEBRUARY
                                          YEAR:     2015
                                          LATITUDE:   47 19 N
                                          LONGITUDE: 106 50 W

[TEMPERATURE DATA]      [PRECIPITATION DATA]       SYMBOLS USED IN COLUMN 16

AVERAGE MONTHLY: 23.2   TOTAL FOR MONTH:   0.40    1 = FOG OR MIST
DPTR FM NORMAL:   0.6   DPTR FM NORMAL:    0.15    2 = FOG REDUCING VISIBILITY
HIGHEST:    58 ON 13    GRTST 24HR  0.16 ON  2- 3      TO 1/4 MILE OR LESS
LOWEST:    -25 ON  4                               3 = THUNDER
                        SNOW, ICE PELLETS, HAIL    4 = ICE PELLETS
                        TOTAL MONTH:   0.0 INCH    5 = HAIL
                        GRTST 24HR     0.0         6 = FREEZING RAIN OR DRIZZLE
                        GRTST DEPTH:   0           7 = DUSTSTORM OR SANDSTORM:
                                                       VSBY 1/2 MILE OR LESS
                                                   8 = SMOKE OR HAZE
[NO. OF DAYS WITH]      [WEATHER - DAYS WITH]      9 = BLOWING SNOW
                                                   X = TORNADO
MAX 32 OR BELOW:  13    0.01 INCH OR MORE:  10
MAX 90 OR ABOVE:   0    0.10 INCH OR MORE:   1
MIN 32 OR BELOW:  27    0.50 INCH OR MORE:   0
MIN  0 OR BELOW:   7    1.00 INCH OR MORE:   0

[HDD (BASE 65) ]
TOTAL THIS MO.  1163    CLEAR  (SCALE 0-3)  28
DPTR FM NORMAL   -25    PTCLDY (SCALE 4-7)   0
TOTAL FM JUL 1  5793    CLOUDY (SCALE 8-10)  0
DPTR FM NORMAL  -325

[CDD (BASE 65) ]
TOTAL THIS MO.     0
DPTR FM NORMAL     0    [PRESSURE DATA]
TOTAL FM JAN 1     0    HIGHEST SLP M ON M
DPTR FM NORMAL     0    LOWEST  SLP 29.53 ON  7

[REMARKS]
#FINAL-02-15#
