000
CXUS53 KLSX 300308
CF6JEF
PRELIMINARY LOCAL CLIMATOLOGICAL DATA (WS FORM: F-6)

                                          STATION:   JEFFERSON CITY
                                          MONTH:     JUNE
                                          YEAR:      2015
                                          LATITUDE:   38 35 N
                                          LONGITUDE:  92 10 W

  TEMPERATURE IN F:       :PCPN:    SNOW:  WIND      :SUNSHINE: SKY     :PK WND
================================================================================
1   2   3   4   5  6A  6B    7    8   9   10  11  12  13   14  15   16   17  18
                                     12Z  AVG MX 2MIN
DY MAX MIN AVG DEP HDD CDD  WTR  SNW DPTH SPD SPD DIR MIN PSBL S-S WX    SPD DR
================================================================================

 1  65  56  61  -9   4   0 0.00  0.0    0  3.8 12  70   M    M  10        14  70
 2  69  57  63  -7   2   0 0.00  0.0    0  4.8 13 100   M    M   8 1      19 110
 3  73  56  65  -6   0   0 0.08  0.0    0  5.8 22 130   M    M   5 12     31 120
 4  77  64  71   0   0   6 0.01  0.0    0  4.3 20 140   M    M   6 1      23 140
 5  84  65  75   4   0  10 0.10  0.0    0  4.8 16 290   M    M   3 8      20 290
 6  85  65  75   3   0  10 0.00  0.0    0  3.9 12 120   M    M   1        19 170
 7  91  69  80   8   0  15 0.00  0.0    0 10.2 21 220   M    M   1        28 200
 8  87  69  78   6   0  13 0.27  0.0    0  5.9 17 310   M    M   2 1      27 230
 9  91  63  77   5   0  12 0.00  0.0    0  3.8 13 240   M    M   1 1      26 310
10  93  67  80   7   0  15 0.00  0.0    0  6.1 17 230   M    M   0 8      22 240
11  91  72  82   9   0  17 0.00  0.0    0  8.6 17 160   M    M   0        23 160
12  89  70  80   7   0  15 0.18  0.0    0  8.7 29 220   M    M   3 1      40 220
13  87  69  78   4   0  13 0.51  0.0    0  6.5 30 170   M    M   4 18     40 180
14  86  72  79   5   0  14 0.33  0.0    0  5.3 24 160   M    M   5 1      29 160
15  84  72  78   4   0  13 0.25  0.0    0  5.4 21 170   M    M   6 18     27 170
16  82  72  77   3   0  12 1.19  0.0    0  3.9 14 140   M    M   8 1      16 140
17  78  71  75   0   0  10 0.64  0.0    0  5.0 15 240   M    M   7 1      19 240
18  78  69  74  -1   0   9 0.71  0.0    0  4.3 16 130   M    M   5 1      20 110
19  78  70  74  -1   0   9 0.01  0.0    0  8.2 17  40   M    M   8        24  50
20  93  64  79   3   0  14 0.00  0.0    0  6.4 18 200   M    M   3 12     24 210
21  87  74  81   5   0  16    T  0.0    0  6.3 15 180   M    M   5        22 190
22  90  73  82   6   0  17    T  0.0    0 10.4 20 230   M    M   2 8      29 220
23  86  68  77   1   0  12 0.01  0.0    0  5.6 18 270   M    M   6 1      23 270
24  88  67  78   2   0  13 0.00  0.0    0  6.7 17  80   M    M   0        22  90
25  93  71  82   5   0  17 0.01  0.0    0  9.0 31 330   M    M   2 8      43 330
26  79  67  73  -4   0   8 0.95  0.0    0  6.3 18 340   M    M   6 1      24 340
27  81  65  73  -4   0   8 0.00  0.0    0  4.7 13 290   M    M   5 1      17 300
28  85  63  74  -3   0   9 0.04  0.0    0  5.9 23 220   M    M   2 18     30 220
================================================================================
SM 2350 1880         6 307  5.29     0.0 170.6          M      114
================================================================================
AV 83.9 67.1                               6.1 FASTST   M    M   4    MAX(MPH)
                                 MISC ---->  # 31 330               # 43  330
================================================================================
NOTES:
# LAST OF SEVERAL OCCURRENCES

COLUMN 17 PEAK WIND IN M.P.H.

PRELIMINARY LOCAL CLIMATOLOGICAL DATA (WS FORM: F-6) , PAGE 2

                                          STATION:  JEFFERSON CITY
                                          MONTH:    JUNE
                                          YEAR:     2015
                                          LATITUDE:   38 35 N
                                          LONGITUDE:  92 10 W

[TEMPERATURE DATA]      [PRECIPITATION DATA]       SYMBOLS USED IN COLUMN 16

AVERAGE MONTHLY: 75.5   TOTAL FOR MONTH:   5.29    1 = FOG OR MIST
DPTR FM NORMAL:   1.6   DPTR FM NORMAL:    0.97    2 = FOG REDUCING VISIBILITY
HIGHEST:    93 ON 25,20 GRTST 24HR  1.19 ON 16-16      TO 1/4 MILE OR LESS
LOWEST:     56 ON  3, 1                            3 = THUNDER
                        SNOW, ICE PELLETS, HAIL    4 = ICE PELLETS
                        TOTAL MONTH:   0.0 INCH    5 = HAIL
                        GRTST 24HR     0.0         6 = FREEZING RAIN OR DRIZZLE
                        GRTST DEPTH:   0           7 = DUSTSTORM OR SANDSTORM:
                                                       VSBY 1/2 MILE OR LESS
                                                   8 = SMOKE OR HAZE
[NO. OF DAYS WITH]      [WEATHER - DAYS WITH]      9 = BLOWING SNOW
                                                   X = TORNADO
MAX 32 OR BELOW:   0    0.01 INCH OR MORE:  16
MAX 90 OR ABOVE:   7    0.10 INCH OR MORE:  10
MIN 32 OR BELOW:   0    0.50 INCH OR MORE:   5
MIN  0 OR BELOW:   0    1.00 INCH OR MORE:   1

[HDD (BASE 65) ]
TOTAL THIS MO.     6    CLEAR  (SCALE 0-3)  11
DPTR FM NORMAL     0    PTCLDY (SCALE 4-7)  15
TOTAL FM JUL 1  4809    CLOUDY (SCALE 8-10)  2
DPTR FM NORMAL   162

[CDD (BASE 65) ]
TOTAL THIS MO.   307
DPTR FM NORMAL    51    [PRESSURE DATA]
TOTAL FM JAN 1   442    HIGHEST SLP M ON M
DPTR FM NORMAL    58    LOWEST  SLP 29.71 ON M

[REMARKS]
