000
CXUS55 KBOI 281002
CF6JER
PRELIMINARY LOCAL CLIMATOLOGICAL DATA (WS FORM: F-6)

                                          STATION:   JEROME ID
                                          MONTH:     APRIL
                                          YEAR:      2016
                                          LATITUDE:   42 43 N
                                          LONGITUDE: 114 27 W

  TEMPERATURE IN F:       :PCPN:    SNOW:  WIND      :SUNSHINE: SKY     :PK WND
================================================================================
1   2   3   4   5  6A  6B    7    8   9   10  11  12  13   14  15   16   17  18
                                     12Z  AVG MX 2MIN
DY MAX MIN AVG DEP HDD CDD  WTR  SNW DPTH SPD SPD DIR MIN PSBL S-S WX    SPD DR
================================================================================

 1  59  34  47   3  18   0 0.00    M    M 10.0 20  70   M    M   0        23  70
 2  66  37  52   8  13   0 0.00    M    M  9.0 15 240   M    M   0        20 210
 3  69  40  55  11  10   0 0.00    M    M  7.8 15 270   M    M   1        20 270
 4  62  36  49   4  16   0 0.04    M    M 11.7 38 260   M    M   4 1      44 270
 5  53  33  43  -2  22   0 0.00    M    M 16.3 31 240   M    M   1        37 240
 6  66  36  51   6  14   0 0.00    M    M 10.8 22 240   M    M   0        25 240
 7  73  37  55  10  10   0 0.00    M    M  7.9 17  50   M    M   0        20  50
 8  78  46  62  17   3   0 0.00    M    M 16.1 29  50   M    M   0        36  50
 9  75  45  60  15   5   0 0.08    M    M  9.1 21 130   M    M   1 3      26 140
10  69  50  60  14   5   0    T    M    M  8.0 25  30   M    M   4 3      33  20
11  70  44  57  11   8   0 0.00    M    M  7.6 15 240   M    M   1        22 250
12  71  44  58  12   7   0 0.02    M    M  7.6 30 260   M    M   3 13     36 260
13  59  43  51   5  14   0 0.06    M    M 10.2 29 250   M    M   6 1      33 240
14  55  37  46   0  19   0 0.01    M    M 16.0 35 260   M    M   6 1      45 250
15  56  33  45  -1  20   0    T    M    M 14.5 31 240   M    M   4        39 240
16  58  30  44  -3  21   0 0.00    M    M  6.7 14 240   M    M   0        18 260
17  66  34  50   3  15   0 0.00    M    M  8.1 16  50   M    M   0        22  70
18  65  39  52   5  13   0 0.00    M    M  8.9 18  70   M    M   0        26  90
19  70  38  54   7  11   0 0.00    M    M  6.6 15 250   M    M   0        19 240
20  77  41  59  11   6   0 0.00    M    M  7.4 16  70   M    M   0        20  60
21  83  48  66  18   0   1 0.00    M    M 13.8 22  50   M    M   0        25 110
22  76  49  63  15   2   0    T    M    M 10.7 28 160   M    M   1        44 150
23  49  42  46  -2  19   0 0.12    M    M 18.4 31 250   M    M   8 12     40 240
24  57  40  49   1  16   0 0.00    M    M 16.7 28 250   M    M   1        36 230
25  52  40  46  -3  19   0 0.17    M    M  8.4 21 250   M    M   9 12     24 230
26  59  39  49   0  16   0 0.00    M    M 16.0 26 230   M    M   6        44 230
27  60  37  49   0  16   0 0.01    M    M  5.5 15 280   M    M   6        17 180
================================================================================
SM 1753 1072       338   1  0.51    M    289.8          M       62
================================================================================
AV 64.9 39.7                              10.7 FASTST   M    M   2    MAX(MPH)
                                 MISC ---->  # 38 260               # 45  250
================================================================================
NOTES:
# LAST OF SEVERAL OCCURRENCES

COLUMN 17 PEAK WIND IN M.P.H.

PRELIMINARY LOCAL CLIMATOLOGICAL DATA (WS FORM: F-6) , PAGE 2

                                          STATION:  JEROME ID
                                          MONTH:    APRIL
                                          YEAR:     2016
                                          LATITUDE:   42 43 N
                                          LONGITUDE: 114 27 W

[TEMPERATURE DATA]      [PRECIPITATION DATA]       SYMBOLS USED IN COLUMN 16

AVERAGE MONTHLY: 52.3   TOTAL FOR MONTH:   0.51    1 = FOG OR MIST
DPTR FM NORMAL:   5.9   DPTR FM NORMAL:   -0.68    2 = FOG REDUCING VISIBILITY
HIGHEST:    83 ON 21    GRTST 24HR  0.17 ON 25-25      TO 1/4 MILE OR LESS
LOWEST:     30 ON 16                               3 = THUNDER
                        SNOW, ICE PELLETS, HAIL    4 = ICE PELLETS
                        TOTAL MONTH:    M          5 = HAIL
                        GRTST 24HR    M  ON   M    6 = FREEZING RAIN OR DRIZZLE
                        GRTST DEPTH:  M  ON   M    7 = DUSTSTORM OR SANDSTORM:
                                                       VSBY 1/2 MILE OR LESS
                                                   8 = SMOKE OR HAZE
[NO. OF DAYS WITH]      [WEATHER - DAYS WITH]      9 = BLOWING SNOW
                                                   X = TORNADO
MAX 32 OR BELOW:   0    0.01 INCH OR MORE:   8
MAX 90 OR ABOVE:   0    0.10 INCH OR MORE:   2
MIN 32 OR BELOW:   1    0.50 INCH OR MORE:   0
MIN  0 OR BELOW:   0    1.00 INCH OR MORE:   0

[HDD (BASE 65) ]
TOTAL THIS MO.   338    CLEAR  (SCALE 0-3)  18
DPTR FM NORMAL  -164    PTCLDY (SCALE 4-7)   8
TOTAL FM JUL 1  5555    CLOUDY (SCALE 8-10)  1
DPTR FM NORMAL  -603

[CDD (BASE 65) ]
TOTAL THIS MO.     1
DPTR FM NORMAL     1    [PRESSURE DATA]
TOTAL FM JAN 1     1    HIGHEST SLP M ON M
DPTR FM NORMAL     1    LOWEST  SLP 29.54 ON M

[REMARKS]
