000
CXUS55 KBOI 201002
CF6JER
PRELIMINARY LOCAL CLIMATOLOGICAL DATA (WS FORM: F-6)

                                          STATION:   JEROME ID
                                          MONTH:     JANUARY
                                          YEAR:      2018
                                          LATITUDE:   42 43 N
                                          LONGITUDE: 114 27 W

  TEMPERATURE IN F:       :PCPN:    SNOW:  WIND      :SUNSHINE: SKY     :PK WND
================================================================================
1   2   3   4   5  6A  6B    7    8   9   10  11  12  13   14  15   16   17  18
                                     12Z  AVG MX 2MIN
DY MAX MIN AVG DEP HDD CDD  WTR  SNW DPTH SPD SPD DIR MIN PSBL S-S WX    SPD DR
================================================================================

 1  30  19  25  -1  40   0 0.00    M    M  8.1 20  50   M    M   2        23  50
 2  36  18  27   1  38   0 0.00    M    M 11.2 20  50   M    M   0        23  60
 3  39  22  31   5  34   0 0.00    M    M 17.0 25  50   M    M   0        30  50
 4  41  25  33   7  32   0 0.00    M    M 13.8 23  50   M    M   2        28  50
 5  43  29  36  10  29   0 0.00    M    M 11.7 17  30   M    M   5        21  40
 6  39  31  35   9  30   0 0.12    M    M 10.3 20 230   M    M   8 12     25 250
 7  43  28  36  10  29   0 0.00    M    M  9.4 22  40   M    M   0        26  40
 8  44  32  38  12  27   0    T    M    M 17.9 24  40   M    M   6        29  40
 9  44  36  40  14  25   0 0.61    M    M 11.5 18  30   M    M  10 1      23  30
10  43  32  38  12  27   0 0.05    M    M 17.8 33 250   M    M   4 12     41 240
11  43  32  38  12  27   0    T    M    M  6.1 17 240   M    M   9        24 230
12  49  35  42  16  23   0 0.00    M    M 11.4 22 250   M    M   3        26 260
13  48  33  41  15  24   0 0.00    M    M  6.7 14 230   M    M   1        17 220
14  47  29  38  12  27   0 0.00    M    M 12.1 18  50   M    M   0        22  50
15  49  31  40  14  25   0 0.00    M    M 19.2 28  60   M    M   0        34  60
16  44  31  38  12  27   0    T    M    M 14.6 30  50   M    M   5        36  50
17  46  28  37  11  28   0 0.00    M    M 13.9 21  40   M    M   1        25  40
18  52  34  43  17  22   0 0.00    M    M 16.8 24  30   M    M   4        29  40
19  38  29  34   8  31   0 0.26    M    M 11.8 24 240   M    M   7 12     29 240
================================================================================
SM  818  554       545   0  1.04    M    241.3          M       67
================================================================================
AV 43.1 29.2                              12.7 FASTST   M    M   4    MAX(MPH)
                                 MISC ---->  # 33 250               # 41  240
================================================================================
NOTES:
# LAST OF SEVERAL OCCURRENCES

COLUMN 17 PEAK WIND IN M.P.H.

PRELIMINARY LOCAL CLIMATOLOGICAL DATA (WS FORM: F-6) , PAGE 2

                                          STATION:  JEROME ID
                                          MONTH:    JANUARY
                                          YEAR:     2018
                                          LATITUDE:   42 43 N
                                          LONGITUDE: 114 27 W

[TEMPERATURE DATA]      [PRECIPITATION DATA]       SYMBOLS USED IN COLUMN 16

AVERAGE MONTHLY: 36.1   TOTAL FOR MONTH:   1.04    1 = FOG OR MIST
DPTR FM NORMAL:  10.1   DPTR FM NORMAL:    0.25    2 = FOG REDUCING VISIBILITY
HIGHEST:    52 ON 18    GRTST 24HR  0.61 ON  9- 9      TO 1/4 MILE OR LESS
LOWEST:     18 ON  2                               3 = THUNDER
                        SNOW, ICE PELLETS, HAIL    4 = ICE PELLETS
                        TOTAL MONTH:    M          5 = HAIL
                        GRTST 24HR    M  ON   M    6 = FREEZING RAIN OR DRIZZLE
                        GRTST DEPTH:  M  ON   M    7 = DUSTSTORM OR SANDSTORM:
                                                       VSBY 1/2 MILE OR LESS
                                                   8 = SMOKE OR HAZE
[NO. OF DAYS WITH]      [WEATHER - DAYS WITH]      9 = BLOWING SNOW
                                                   X = TORNADO
MAX 32 OR BELOW:   1    0.01 INCH OR MORE:   4
MAX 90 OR ABOVE:   0    0.10 INCH OR MORE:   3
MIN 32 OR BELOW:  15    0.50 INCH OR MORE:   1
MIN  0 OR BELOW:   0    1.00 INCH OR MORE:   0

[HDD (BASE 65) ]
TOTAL THIS MO.   545    CLEAR  (SCALE 0-3)  10
DPTR FM NORMAL  -195    PTCLDY (SCALE 4-7)   6
TOTAL FM JUL 1  3164    CLOUDY (SCALE 8-10)  3
DPTR FM NORMAL  -306

[CDD (BASE 65) ]
TOTAL THIS MO.     0
DPTR FM NORMAL     0    [PRESSURE DATA]
TOTAL FM JAN 1     0    HIGHEST SLP M ON M
DPTR FM NORMAL     0    LOWEST  SLP 29.60 ON  9

[REMARKS]
