000
CXUS55 KBOI 011002
CF6JER
PRELIMINARY LOCAL CLIMATOLOGICAL DATA (WS FORM: F-6)

                                          STATION:   JEROME ID
                                          MONTH:     JULY
                                          YEAR:      2015
                                          LATITUDE:   42 43 N
                                          LONGITUDE: 114 27 W

  TEMPERATURE IN F:       :PCPN:    SNOW:  WIND      :SUNSHINE: SKY     :PK WND
================================================================================
1   2   3   4   5  6A  6B    7    8   9   10  11  12  13   14  15   16   17  18
                                     12Z  AVG MX 2MIN
DY MAX MIN AVG DEP HDD CDD  WTR  SNW DPTH SPD SPD DIR MIN PSBL S-S WX    SPD DR
================================================================================

 1  97  68  83  15   0  18 0.00    M    M  8.1 15 250   M    M   0        20 250
 2  99  62  81  13   0  16 0.00    M    M  6.2 16 240   M    M   0        21 250
 3  98  67  83  14   0  18 0.00    M    M  6.9 16 250   M    M   0        21 250
 4  97  68  83  14   0  18 0.00    M    M  7.5 16 170   M    M   0        22 170
 5  85  64  75   6   0  10 0.00    M    M  9.0 18 250   M    M   3        27 240
 6  88  63  76   6   0  11 0.00    M    M  5.2 16 270   M    M   2        22 280
 7  90  63  77   7   0  12 0.01    M    M  7.2 16  70   M    M   0 3      20 180
 8  77  63  70   0   0   5 0.07    M    M  7.7 15  90   M    M   3        20  90
 9  87  56  72   2   0   7    T    M    M  6.2 13 210   M    M   0 3      18  60
10  80  56  68  -2   0   3 0.15    M    M  8.7 25 150   M    M   3 38     32 150
11  79  55  67  -4   0   2    T    M    M  7.9 15 140   M    M   3        20 160
12  81  53  67  -4   0   2 0.07    M    M  6.5 26 180   M    M   2 3      35 180
13  80  54  67  -4   0   2 0.00    M    M  5.5 21 240   M    M   1        27 240
14  81  51  66  -5   0   1 0.04    M    M  7.3 24 210   M    M   3 3      31 210
15  84  57  71   0   0   6 0.00    M    M  8.1 16 250   M    M   1        22 260
16  86  56  71  -1   0   6 0.00    M    M  7.9 18 270   M    M   0        24 270
17  75  56  66  -6   0   1 0.00    M    M 12.0 22 230   M    M   1        29 240
18  77  54  66  -6   0   1 0.00    M    M  5.8 17 350   M    M   4 38     25 360
19  85  50  68  -4   0   3 0.00    M    M  7.3 14  50   M    M   0        19  50
20  90  57  74   2   0   9 0.00    M    M  6.7 13  40   M    M   0        15 250
21  87  57  72   0   0   7 0.00    M    M  8.9 18 260   M    M   0        23 250
22  83  58  71  -1   0   6    T    M    M  7.9 26 240   M    M   3 8      38 190
23  82  56  69  -3   0   4 0.04    M    M  6.8 21 160   M    M   1 3      26 180
24  83  56  70  -2   0   5 0.00    M    M  8.0 23 140   M    M   1        31 140
25  88  56  72   0   0   7 0.00    M    M  7.4 14 270   M    M   0        18 260
26  85  57  71  -2   0   6 0.00    M    M 10.3 22 250   M    M   0        28 240
27  70  50  60 -13   5   0 0.08    M    M 16.0 30 250   M    M   1        40 250
28  74  41  58 -15   7   0 0.00    M    M  3.7  9  90   M    M   0        12 170
29  84  47  66  -7   0   1 0.00    M    M  6.5 15  60   M    M   0        19  60
30  90  51  71  -2   0   6 0.00    M    M  6.0 13  40   M    M   0        15  70
31  93  52  73   0   0   8 0.00    M    M  6.0 13  40   M    M   0 8      15  40
================================================================================
SM 2635 1754        12 201  0.46    M    235.2          M       32
================================================================================
AV 85.0 56.6                               7.6 FASTST   M    M   1    MAX(MPH)
                                 MISC ---->  # 30 250               # 40  250
================================================================================
NOTES:
# LAST OF SEVERAL OCCURRENCES

COLUMN 17 PEAK WIND IN M.P.H.

PRELIMINARY LOCAL CLIMATOLOGICAL DATA (WS FORM: F-6) , PAGE 2

                                          STATION:  JEROME ID
                                          MONTH:    JULY
                                          YEAR:     2015
                                          LATITUDE:   42 43 N
                                          LONGITUDE: 114 27 W

[TEMPERATURE DATA]      [PRECIPITATION DATA]       SYMBOLS USED IN COLUMN 16

AVERAGE MONTHLY: 70.8   TOTAL FOR MONTH:   0.46    1 = FOG OR MIST
DPTR FM NORMAL:  -0.4   DPTR FM NORMAL:    0.23    2 = FOG REDUCING VISIBILITY
HIGHEST:    99 ON  2    GRTST 24HR  0.15 ON 10-10      TO 1/4 MILE OR LESS
LOWEST:     41 ON 28                               3 = THUNDER
                        SNOW, ICE PELLETS, HAIL    4 = ICE PELLETS
                        TOTAL MONTH:    M          5 = HAIL
                        GRTST 24HR    M  ON   M    6 = FREEZING RAIN OR DRIZZLE
                        GRTST DEPTH:  M  ON   M    7 = DUSTSTORM OR SANDSTORM:
                                                       VSBY 1/2 MILE OR LESS
                                                   8 = SMOKE OR HAZE
[NO. OF DAYS WITH]      [WEATHER - DAYS WITH]      9 = BLOWING SNOW
                                                   X = TORNADO
MAX 32 OR BELOW:   0    0.01 INCH OR MORE:   7
MAX 90 OR ABOVE:   8    0.10 INCH OR MORE:   1
MIN 32 OR BELOW:   0    0.50 INCH OR MORE:   0
MIN  0 OR BELOW:   0    1.00 INCH OR MORE:   0

[HDD (BASE 65) ]
TOTAL THIS MO.    12    CLEAR  (SCALE 0-3)  29
DPTR FM NORMAL     0    PTCLDY (SCALE 4-7)   2
TOTAL FM JUL 1    12    CLOUDY (SCALE 8-10)  0
DPTR FM NORMAL     0

[CDD (BASE 65) ]
TOTAL THIS MO.   201
DPTR FM NORMAL    -1    [PRESSURE DATA]
TOTAL FM JAN 1   425    HIGHEST SLP 30.27 ON 29
DPTR FM NORMAL   142    LOWEST  SLP 29.65 ON  9

[REMARKS]
#FINAL-07-15#
