000
CXUS53 KSGF 190800
CF6JLN
PRELIMINARY LOCAL CLIMATOLOGICAL DATA (WS FORM: F-6)

                                          STATION:   JOPLIN MO
                                          MONTH:     OCTOBER
                                          YEAR:      2017
                                          LATITUDE:   37 10 N
                                          LONGITUDE:  94 30 W

  TEMPERATURE IN F:       :PCPN:    SNOW:  WIND      :SUNSHINE: SKY     :PK WND
================================================================================
1   2   3   4   5  6A  6B    7    8   9   10  11  12  13   14  15   16   17  18
                                     12Z  AVG MX 2MIN
DY MAX MIN AVG DEP HDD CDD  WTR  SNW DPTH SPD SPD DIR MIN PSBL S-S WX    SPD DR
================================================================================

 1  83  60  72   8   0   7 0.00    M    M 13.4104 170   M    M   0         M  M
 2  88  68  78  14   0  13 0.00    M    M 13.1 23 170   M    M   2 18     29 180
 3  80  70  75  11   0  10 0.32    M    M 10.3 20 170   M    M   9 1      33 200
 4  74  67  71   8   0   6 0.14    M    M  6.0 15 160   M    M   8 1      23 140
 5  79  68  74  11   0   9    T    M    M  5.8 20 220   M    M   6 1      25 220
 6  85  69  77  14   0  12    T    M    M 13.0 22 180   M    M   4        30 180
 7  77  58  68   6   0   3 0.20    M    M   M   M   M   M    M   2 1       M  M
 8  81  52  67   5   0   2 0.00    M    M  3.8 14 210   M    M   0 8      20 200
 9  88  53  71   9   0   6 0.81    M    M  7.7 32 310   M    M   2 13     37 290
10  66  47  57  -5   8   0 0.17    M    M 10.7 20 300   M    M  10 13     24 330
11  62  46  54  -7  11   0 0.00    M    M  4.7 10 330   M    M   6 1      13 110
12  78  43  61   0   4   0 0.00    M    M  7.1 16 180   M    M   0 1      21 160
13  86  63  75  14   0  10 0.00    M    M 13.2 23 190   M    M   0        31 180
14  87  62  75  15   0  10 0.32    M    M 15.7 29 210   M    M   3 1      35 200
15  64  42  53  -7  12   0 0.84    M    M 10.4 24 320   M    M   2 1      34 310
16  68  38  53  -7  12   0 0.00    M    M  1.3  8 170   M    M   0        11 150
17  71  43  57  -3   8   0 0.00    M    M  8.7 21 210   M    M   0        26 200
18  77  48  63   4   2   0 0.00    M    M 11.5 23 200   M    M   0        29 200
================================================================================
SM 1394  997        57  88  2.80    M    156.4          M       54
================================================================================
AV 77.4 55.4                               9.2 FASTST   M    M   3    MAX(MPH)
                                 MISC ---->  #104 170               # 37  290
================================================================================
NOTES:
# LAST OF SEVERAL OCCURRENCES

COLUMN 17 PEAK WIND IN M.P.H.

PRELIMINARY LOCAL CLIMATOLOGICAL DATA (WS FORM: F-6) , PAGE 2

                                          STATION:  JOPLIN MO
                                          MONTH:    OCTOBER
                                          YEAR:     2017
                                          LATITUDE:   37 10 N
                                          LONGITUDE:  94 30 W

[TEMPERATURE DATA]      [PRECIPITATION DATA]       SYMBOLS USED IN COLUMN 16

AVERAGE MONTHLY: 66.4   TOTAL FOR MONTH:   2.80    1 = FOG OR MIST
DPTR FM NORMAL:   4.7   DPTR FM NORMAL:    0.46    2 = FOG REDUCING VISIBILITY
HIGHEST:    88 ON  9, 2 GRTST 24HR  0.84 ON 15-15      TO 1/4 MILE OR LESS
LOWEST:     38 ON 16                               3 = THUNDER
                        SNOW, ICE PELLETS, HAIL    4 = ICE PELLETS
                        TOTAL MONTH:    M          5 = HAIL
                        GRTST 24HR    M  ON   M    6 = FREEZING RAIN OR DRIZZLE
                        GRTST DEPTH:  M  ON   M    7 = DUSTSTORM OR SANDSTORM:
                                                       VSBY 1/2 MILE OR LESS
                                                   8 = SMOKE OR HAZE
[NO. OF DAYS WITH]      [WEATHER - DAYS WITH]      9 = BLOWING SNOW
                                                   X = TORNADO
MAX 32 OR BELOW:   0    0.01 INCH OR MORE:   7
MAX 90 OR ABOVE:   0    0.10 INCH OR MORE:   7
MIN 32 OR BELOW:   0    0.50 INCH OR MORE:   2
MIN  0 OR BELOW:   0    1.00 INCH OR MORE:   0

[HDD (BASE 65) ]
TOTAL THIS MO.    57    CLEAR  (SCALE 0-3)  12
DPTR FM NORMAL   -40    PTCLDY (SCALE 4-7)   4
TOTAL FM JUL 1    64    CLOUDY (SCALE 8-10)  2
DPTR FM NORMAL   -75

[CDD (BASE 65) ]
TOTAL THIS MO.    88
DPTR FM NORMAL    52    [PRESSURE DATA]
TOTAL FM JAN 1  1742    HIGHEST SLP M ON M
DPTR FM NORMAL    64    LOWEST  SLP 29.62 ON  8

[REMARKS]
