000
CXHW50 PHFO 171250
CF6JRF
PRELIMINARY LOCAL CLIMATOLOGICAL DATA (WS FORM: F-6)

                                          STATION:   KALAELOA ARPT/OAHU HI
                                          MONTH:     AUGUST
                                          YEAR:      2017
                                          LATITUDE:   21 19 N
                                          LONGITUDE: 158  4 W

  TEMPERATURE IN F:       :PCPN:    SNOW:  WIND      :SUNSHINE: SKY     :PK WND
================================================================================
1   2   3   4   5  6A  6B    7    8   9   10  11  12  13   14  15   16   17  18
                                     12Z  AVG MX 2MIN
DY MAX MIN AVG DEP HDD CDD  WTR  SNW DPTH SPD SPD DIR MIN PSBL S-S WX    SPD DR
================================================================================

 1  90  74  82   1   0  17    T  0.0    M  6.2 14 130   M    M   M        20 120
 2  88  70  79  -2   0  14 0.02  0.0    M  6.9 20 150   M    M   M        23 140
 3  89  70  80  -1   0  15    T  0.0    M  6.6 15 150   M    M   M        18 260
 4  92  71  82   1   0  17 0.00  0.0    M  7.0 16  70   M    M   M        24  70
 5  91  78  85   4   0  20    T  0.0    M  7.9 17  50   M    M   M        24  80
 6  89  70  80  -1   0  15 0.00  0.0    M  6.3 14  30   M    M   M        22  30
 7  90  70  80  -1   0  15 0.00  0.0    M  6.3 13  50   M    M   M        22  50
 8  91  74  83   2   0  18 0.00  0.0    M  6.3 16 310   M    M   M        22 310
 9  91  73  82   1   0  17 0.00  0.0    M  6.6 14  50   M    M   M        22  40
10  91  72  82   1   0  17 0.00  0.0    M  7.1 16  60   M    M   M 8      25  60
11  90  78  84   3   0  19 0.00  0.0    M  9.6 17  50   M    M   M        28  20
12  91  76  84   3   0  19 0.00  0.0    M  8.8 18  60   M    M   M        30  60
13  90  75  83   2   0  18 0.00  0.0    M  7.2 14  60   M    M   M        21  50
14  89  74  82   1   0  17 0.03  0.0    M  6.0 14 110   M    M   M 18     22 120
15  89  74  82   1   0  17 0.00  0.0    M  7.4 15  50   M    M   M        24  30
16  90  75  83   2   0  18    T  0.0    M  6.4 16  50   M    M   M        23 110
================================================================================
SM 1441 1174         0 273  0.05     0.0 112.6          M        M
================================================================================
AV 90.1 73.4                               7.0 FASTST   M    M -nan   MAX(MPH)
                                 MISC ---->  # 20 150               # 30   60
================================================================================
NOTES:
# LAST OF SEVERAL OCCURRENCES

COLUMN 17 PEAK WIND IN M.P.H.

PRELIMINARY LOCAL CLIMATOLOGICAL DATA (WS FORM: F-6) , PAGE 2

                                          STATION:  KALAELOA ARPT/OAHU HI
                                          MONTH:    AUGUST
                                          YEAR:     2017
                                          LATITUDE:   21 19 N
                                          LONGITUDE: 158  4 W

[TEMPERATURE DATA]      [PRECIPITATION DATA]       SYMBOLS USED IN COLUMN 16

AVERAGE MONTHLY: 81.7   TOTAL FOR MONTH:   0.05    1 = FOG OR MIST
DPTR FM NORMAL:   0.7   DPTR FM NORMAL:   -0.37    2 = FOG REDUCING VISIBILITY
HIGHEST:    92 ON  4    GRTST 24HR  0.03 ON 14-14      TO 1/4 MILE OR LESS
LOWEST:     70 ON  7, 6                            3 = THUNDER
                        SNOW, ICE PELLETS, HAIL    4 = ICE PELLETS
                        TOTAL MONTH:   0.0 INCH    5 = HAIL
                        GRTST 24HR     0.0         6 = FREEZING RAIN OR DRIZZLE
                        GRTST DEPTH:  M  ON   M    7 = DUSTSTORM OR SANDSTORM:
                                                       VSBY 1/2 MILE OR LESS
                                                   8 = SMOKE OR HAZE
[NO. OF DAYS WITH]      [WEATHER - DAYS WITH]      9 = BLOWING SNOW
                                                   X = TORNADO
MAX 32 OR BELOW:   0    0.01 INCH OR MORE:   2
MAX 90 OR ABOVE:  11    0.10 INCH OR MORE:   0
MIN 32 OR BELOW:   0    0.50 INCH OR MORE:   0
MIN  0 OR BELOW:   0    1.00 INCH OR MORE:   0

[HDD (BASE 65) ]
TOTAL THIS MO.     0    CLEAR  (SCALE 0-3)   0
DPTR FM NORMAL     0    PTCLDY (SCALE 4-7)   0
TOTAL FM JUL 1     0    CLOUDY (SCALE 8-10)  0
DPTR FM NORMAL     0

[CDD (BASE 65) ]
TOTAL THIS MO.   273
DPTR FM NORMAL    17    [PRESSURE DATA]
TOTAL FM JAN 1  2935    HIGHEST SLP M ON M
DPTR FM NORMAL   414    LOWEST  SLP 29.95 ON 15

[REMARKS]
