000
CXUS54 KFWD 290730
CF6JWY
PRELIMINARY LOCAL CLIMATOLOGICAL DATA (WS FORM: F-6)

                                          STATION:   WAXAHACHIE
                                          MONTH:     JULY
                                          YEAR:      2015
                                          LATITUDE:   32 27 N
                                          LONGITUDE:  96 54 W

  TEMPERATURE IN F:       :PCPN:    SNOW:  WIND      :SUNSHINE: SKY     :PK WND
================================================================================
1   2   3   4   5  6A  6B    7    8   9   10  11  12  13   14  15   16   17  18
                                     12Z  AVG MX 2MIN
DY MAX MIN AVG DEP HDD CDD  WTR  SNW DPTH SPD SPD DIR MIN PSBL S-S WX    SPD DR
================================================================================

 1  91  71  81  -1   0  16 0.00  0.0    0 10.3 16 200   M    M   1        24 190
 2  90  70  80  -2   0  15 0.00  0.0    0 13.3 18 190   M    M   2        24 190
 3  91  76  84   2   0  19 0.00  0.0    0  9.8 18 200   M    M   3        23 200
 4  92  75  84   1   0  19 0.00  0.0    0  9.1 16 190   M    M   2        21 210
 5  92  74  83   0   0  18 0.00  0.0    0 10.2 17 200   M    M   3 1      24 170
 6  92  76  84   1   0  19 0.00  0.0    0 13.8 20 190   M    M   5        28 190
 7  91  76  84   1   0  19 0.00  0.0    0 12.5 20 190   M    M   4        27 180
 8  88  76  82  -1   0  17 0.00  0.0    0 12.2 18 190   M    M   4 18     27 190
 9  92  73  83   0   0  18 0.00  0.0    0 11.1 21 190   M    M   1 18     24 190
10  92  69  81  -2   0  16 0.00  0.0    0  7.4 16 170   M    M   2 1      23 170
11  93  70  82  -1   0  17 0.00  0.0    0  7.1 14 200   M    M   1        18 190
12  96  73  85   2   0  20 0.00  0.0    0  7.5 12 200   M    M   0        17 140
13  97  73  85   1   0  20 0.00  0.0    0  7.0 12 210   M    M   1        16 190
14  97  73  85   1   0  20 0.00  0.0    0  7.3 12 170   M    M   0        16 170
15  95  70  83  -1   0  18 0.00  0.0    0  7.0 12 150   M    M   0        17 160
16  96  71  84   0   0  19 0.00  0.0    0  8.5 14 200   M    M   0        20 170
17  96  74  85   1   0  20 0.00  0.0    0  8.7 14 170   M    M   1        20 210
18  98  74  86   2   0  21 0.00  0.0    0 10.2 16 200   M    M   0        23 200
19  98  72  85   1   0  20 0.00  0.0    0  7.2 14 200   M    M   0        17 170
20  99  74  87   3   0  22 0.00  0.0    0  6.6 12 200   M    M   0         M  M
21  96  74  85   1   0  20 0.00  0.0    0  6.7  9 140   M    M   0        16 130
22  97  74  86   2   0  21 0.00  0.0    0  7.8 13 180   M    M   0        18 210
23  98  75  87   3   0  22 0.00  0.0    0  9.6 17 200   M    M   0        22 200
24  98  74  86   2   0  21 0.00  0.0    0  8.1 14 220   M    M   0        17 220
25 100  74  87   3   0  22 0.00  0.0    0  5.0 10 210   M    M   0        16 150
26 100  73  87   3   0  22 0.00  0.0    0  4.1  8 150   M    M   1         M  M
27  98  74  86   2   0  21 0.00  0.0    0  5.8 14 190   M    M   1        17 130
28  98  75  87   3   0  22 0.00  0.0    0  8.8 17 190   M    M   0        22 190
================================================================================
SM 2661 2053         0 544  0.00     0.0 242.7          M       32
================================================================================
AV 95.0 73.3                               8.7 FASTST   M    M   1    MAX(MPH)
                                 MISC ---->    21   M                 28    M
================================================================================
NOTES:
# LAST OF SEVERAL OCCURRENCES

COLUMN 17 PEAK WIND IN M.P.H.

PRELIMINARY LOCAL CLIMATOLOGICAL DATA (WS FORM: F-6) , PAGE 2

                                          STATION:  WAXAHACHIE
                                          MONTH:    JULY
                                          YEAR:     2015
                                          LATITUDE:   32 27 N
                                          LONGITUDE:  96 54 W

[TEMPERATURE DATA]      [PRECIPITATION DATA]       SYMBOLS USED IN COLUMN 16

AVERAGE MONTHLY: 84.2   TOTAL FOR MONTH:   0.00    1 = FOG OR MIST
DPTR FM NORMAL:   0.7   DPTR FM NORMAL:   -2.41    2 = FOG REDUCING VISIBILITY
HIGHEST:   100 ON 26,25 GRTST 24HR  0.00 ON 28-28      TO 1/4 MILE OR LESS
LOWEST:     69 ON 10                               3 = THUNDER
                        SNOW, ICE PELLETS, HAIL    4 = ICE PELLETS
                        TOTAL MONTH:   0.0 INCH    5 = HAIL
                        GRTST 24HR     0.0         6 = FREEZING RAIN OR DRIZZLE
                        GRTST DEPTH:   0           7 = DUSTSTORM OR SANDSTORM:
                                                       VSBY 1/2 MILE OR LESS
                                                   8 = SMOKE OR HAZE
[NO. OF DAYS WITH]      [WEATHER - DAYS WITH]      9 = BLOWING SNOW
                                                   X = TORNADO
MAX 32 OR BELOW:   0    0.01 INCH OR MORE:   0
MAX 90 OR ABOVE:  27    0.10 INCH OR MORE:   0
MIN 32 OR BELOW:   0    0.50 INCH OR MORE:   0
MIN  0 OR BELOW:   0    1.00 INCH OR MORE:   0

[HDD (BASE 65) ]
TOTAL THIS MO.     0    CLEAR  (SCALE 0-3)  25
DPTR FM NORMAL     0    PTCLDY (SCALE 4-7)   3
TOTAL FM JUL 1     0    CLOUDY (SCALE 8-10)  0
DPTR FM NORMAL     0

[CDD (BASE 65) ]
TOTAL THIS MO.   544
DPTR FM NORMAL    28    [PRESSURE DATA]
TOTAL FM JAN 1  1370    HIGHEST SLP M ON M
DPTR FM NORMAL    77    LOWEST  SLP M ON M

[REMARKS]
