000
CXUS53 KGRR 191017
CF6JXN
PRELIMINARY LOCAL CLIMATOLOGICAL DATA (WS FORM: F-6)

                                          STATION:   JACKSON
                                          MONTH:     JANUARY
                                          YEAR:      2017
                                          LATITUDE:   42 16 N
                                          LONGITUDE:  84 28 W

  TEMPERATURE IN F:       :PCPN:    SNOW:  WIND      :SUNSHINE: SKY     :PK WND
================================================================================
1   2   3   4   5  6A  6B    7    8   9   10  11  12  13   14  15   16   17  18
                                     12Z  AVG MX 2MIN
DY MAX MIN AVG DEP HDD CDD  WTR  SNW DPTH SPD SPD DIR MIN PSBL S-S WX    SPD DR
================================================================================

 1  41  21  31   7  34   0 0.00    M    M  5.4 14 200   M    M   0        18 240
 2  42  23  33   9  32   0 0.25    M    M  6.9 14  80   M    M   6 18     18  80
 3  40  35  38  14  27   0 0.03    M    M  7.7 24 290   M    M  10 12     30 300
 4  35  17  26   2  39   0    T    M    M 18.2 31 290   M    M  10 18     45 300
 5  17   9  13 -11  52   0    T    M    M  8.8 18 270   M    M   8 8      26 280
 6  12   2   7 -17  58   0    T    M    M  7.1 16 250   M    M   9 18     23 270
 7  15   1   8 -16  57   0    T    M    M 10.6 21 290   M    M   8 8      28 290
 8  16   5  11 -13  54   0 0.00    M    M  9.0 16 200   M    M   6        23 290
 9  27  14  21  -3  44   0 0.01    M    M 11.3 17 180   M    M   8 18     23 170
10  47  27  37  13  28   0 0.37    M    M 20.3 36 270   M    M  10 168    55 260
11  53  27  40  16  25   0 0.75    M    M 13.2 31 260   M    M   6 1238   43 250
12  51  24  38  14  27   0 0.27    M    M  8.7 17 300   M    M   9 16     23 280
13  25  17  21  -2  44   0 0.00    M    M  6.8 14 320   M    M   3        18 290
14  31  20  26   3  39   0 0.00    M    M  5.1 10 130   M    M   5 1      13 110
15  34  16  25   2  40   0 0.00    M    M  2.5  9 230   M    M   0 18     12 220
16  35  19  27   4  38   0 0.30    M    M  5.3 14 100   M    M   7 168    17 120
17  45  33  39  16  26   0 0.32    M    M 10.9 21 250   M    M  10 123    28 250
18  38  32  35  12  30   0    T    M    M 10.2 18 240   M    M  10 1      22 260
================================================================================
SM  604  342       694   0  2.30    M    168.0          M      125
================================================================================
AV 33.6 19.0                               9.3 FASTST   M    M   7    MAX(MPH)
                                 MISC ---->  # 36 270               # 55  260
================================================================================
NOTES:
# LAST OF SEVERAL OCCURRENCES

COLUMN 17 PEAK WIND IN M.P.H.

PRELIMINARY LOCAL CLIMATOLOGICAL DATA (WS FORM: F-6) , PAGE 2

                                          STATION:  JACKSON
                                          MONTH:    JANUARY
                                          YEAR:     2017
                                          LATITUDE:   42 16 N
                                          LONGITUDE:  84 28 W

[TEMPERATURE DATA]      [PRECIPITATION DATA]       SYMBOLS USED IN COLUMN 16

AVERAGE MONTHLY: 26.3   TOTAL FOR MONTH:   2.30    1 = FOG OR MIST
DPTR FM NORMAL:   2.6   DPTR FM NORMAL:    1.34    2 = FOG REDUCING VISIBILITY
HIGHEST:    53 ON 11    GRTST 24HR  1.02 ON 11-12      TO 1/4 MILE OR LESS
LOWEST:      1 ON  7                               3 = THUNDER
                        SNOW, ICE PELLETS, HAIL    4 = ICE PELLETS
                        TOTAL MONTH:    M          5 = HAIL
                        GRTST 24HR    M  ON   M    6 = FREEZING RAIN OR DRIZZLE
                        GRTST DEPTH:  M  ON   M    7 = DUSTSTORM OR SANDSTORM:
                                                       VSBY 1/2 MILE OR LESS
                                                   8 = SMOKE OR HAZE
[NO. OF DAYS WITH]      [WEATHER - DAYS WITH]      9 = BLOWING SNOW
                                                   X = TORNADO
MAX 32 OR BELOW:   7    0.01 INCH OR MORE:   8
MAX 90 OR ABOVE:   0    0.10 INCH OR MORE:   6
MIN 32 OR BELOW:  16    0.50 INCH OR MORE:   1
MIN  0 OR BELOW:   0    1.00 INCH OR MORE:   0

[HDD (BASE 65) ]
TOTAL THIS MO.   694    CLEAR  (SCALE 0-3)   3
DPTR FM NORMAL   -51    PTCLDY (SCALE 4-7)   8
TOTAL FM JUL 1  2829    CLOUDY (SCALE 8-10)  7
DPTR FM NORMAL  -464

[CDD (BASE 65) ]
TOTAL THIS MO.     0
DPTR FM NORMAL     0    [PRESSURE DATA]
TOTAL FM JAN 1     0    HIGHEST SLP M ON M
DPTR FM NORMAL     0    LOWEST  SLP 29.23 ON 10

[REMARKS]
