000
CXUS53 KGID 240730
CF6JYR
PRELIMINARY LOCAL CLIMATOLOGICAL DATA (WS FORM: F-6)

                                          STATION:   YORK
                                          MONTH:     SEPTEMBER
                                          YEAR:      2017
                                          LATITUDE:   40 54 N
                                          LONGITUDE:  97 37 W

  TEMPERATURE IN F:       :PCPN:    SNOW:  WIND      :SUNSHINE: SKY     :PK WND
================================================================================
1   2   3   4   5  6A  6B    7    8   9   10  11  12  13   14  15   16   17  18
                                     12Z  AVG MX 2MIN
DY MAX MIN AVG DEP HDD CDD  WTR  SNW DPTH SPD SPD DIR MIN PSBL S-S WX    SPD DR
================================================================================

 1  73  63  68   M   0   3    T    M    M  6.4 13 170   M    M   1        18 210
 2  82  59  71   M   0   6 0.00    M    M  4.4 13  10   M    M   1 12     17  10
 3  90  57  74   M   0   9 0.00    M    M  6.9 14 210   M    M   1 12     17 210
 4  77  55  66   M   0   1 0.00    M    M  8.1 15  10   M    M   1        20 360
 5  70  46  58   M   7   0 0.00    M    M  9.2 18 360   M    M   1        25 340
 6  68  41  55   M  10   0 0.00    M    M  3.1 10  10   M    M   0        20 330
 7  81  43  62   M   3   0 0.00    M    M  3.7 12 190   M    M   0         M  M
 8  86  55  71   M   0   6 0.00    M    M  4.7 10 180   M    M   0         M  M
 9  79  63  71   M   0   6    M    M    M  8.4 13 160   M    M   2 3      20 160
10  81  63  72   M   0   7    M    M    M 12.5 18 170   M    M   2 3      25 180
11  84  59  72   M   0   7 0.00    M    M  8.7 14 180   M    M   0        17 180
12  84  55  70   M   0   5 0.00    M    M  5.5  9 210   M    M   0 1       M  M
13  88  52  70   M   0   5 0.00    M    M  5.3 10 170   M    M   2 8       M  M
14  93  64  79   M   0  14 0.00    M    M 11.7 17 210   M    M   0        23 210
15  91  59  75   M   0  10    M    M    M 11.7 25 210   M    M   1        33 200
16  68  52  60   M   5   0 0.00    M    M 10.2 20  40   M    M   7 1      27 360
17  68  45  57   M   8   0    M    M    M  6.3 12  80   M    M   3        17  80
18  75  59  67   M   0   2    M    M    M  4.4  9 160   M    M   6 3       M  M
19  90  63  77   M   0  12 0.00    M    M 13.0 22 160   M    M   0 18     31 170
20  77  55  66   M   0   1 0.00    M    M  7.9 15 350   M    M   1        23 350
21  91  57  74   M   0   9 0.00    M    M 12.3 21 170   M    M   1 1      32 150
22  95  75  85   M   0  20 0.00    M    M 16.7 24 180   M    M   0        35 170
23  91  68  80   M   0  15 0.00    M    M 13.1 23 180   M    M   1        30 180
================================================================================
SM 1882 1308        33 138    T     M    194.2          M       31
================================================================================
AV 81.8 56.9                               8.4 FASTST   M    M   1    MAX(MPH)
                                 MISC ---->  # 25 210               # 35  170
================================================================================
NOTES:
# LAST OF SEVERAL OCCURRENCES

COLUMN 17 PEAK WIND IN M.P.H.

PRELIMINARY LOCAL CLIMATOLOGICAL DATA (WS FORM: F-6) , PAGE 2

                                          STATION:  YORK
                                          MONTH:    SEPTEMBER
                                          YEAR:     2017
                                          LATITUDE:   40 54 N
                                          LONGITUDE:  97 37 W

[TEMPERATURE DATA]      [PRECIPITATION DATA]       SYMBOLS USED IN COLUMN 16

AVERAGE MONTHLY: 69.4   TOTAL FOR MONTH:      T    1 = FOG OR MIST
DPTR FM NORMAL:     M   DPTR FM NORMAL:       M    2 = FOG REDUCING VISIBILITY
HIGHEST:    95 ON 22    GRTST 24HR    T  ON  1- 1      TO 1/4 MILE OR LESS
LOWEST:     41 ON  6                               3 = THUNDER
                        SNOW, ICE PELLETS, HAIL    4 = ICE PELLETS
                        TOTAL MONTH:    M          5 = HAIL
                        GRTST 24HR    M  ON   M    6 = FREEZING RAIN OR DRIZZLE
                        GRTST DEPTH:  M  ON   M    7 = DUSTSTORM OR SANDSTORM:
                                                       VSBY 1/2 MILE OR LESS
                                                   8 = SMOKE OR HAZE
[NO. OF DAYS WITH]      [WEATHER - DAYS WITH]      9 = BLOWING SNOW
                                                   X = TORNADO
MAX 32 OR BELOW:   0    0.01 INCH OR MORE:   0
MAX 90 OR ABOVE:   7    0.10 INCH OR MORE:   0
MIN 32 OR BELOW:   0    0.50 INCH OR MORE:   0
MIN  0 OR BELOW:   0    1.00 INCH OR MORE:   0

[HDD (BASE 65) ]
TOTAL THIS MO.    33    CLEAR  (SCALE 0-3)  20
DPTR FM NORMAL     M    PTCLDY (SCALE 4-7)   3
TOTAL FM JUL 1    41    CLOUDY (SCALE 8-10)  0
DPTR FM NORMAL     M

[CDD (BASE 65) ]
TOTAL THIS MO.   138
DPTR FM NORMAL     M    [PRESSURE DATA]
TOTAL FM JAN 1   933    HIGHEST SLP M ON M
DPTR FM NORMAL     M    LOWEST  SLP M ON M

[REMARKS]
