000
CXUS55 KPUB 251059
CF6LAA
PRELIMINARY LOCAL CLIMATOLOGICAL DATA (WS FORM: F-6)

                                          STATION:   LAMAR CO
                                          MONTH:     OCTOBER
                                          YEAR:      2014
                                          LATITUDE:   38  4 N
                                          LONGITUDE: 102 41 W

  TEMPERATURE IN F:       :PCPN:    SNOW:  WIND      :SUNSHINE: SKY     :PK WND
================================================================================
1   2   3   4   5  6A  6B    7    8   9   10  11  12  13   14  15   16   17  18
                                     12Z  AVG MX 2MIN
DY MAX MIN AVG DEP HDD CDD  WTR  SNW DPTH SPD SPD DIR MIN PSBL S-S WX    SPD DR
================================================================================

 1  78  43  61   1   4   0    T  0.0    0  7.6 39 340   M    M   1 8      52 340
 2  69  39  54  -5  11   0 0.00  0.0    0  8.6 23 340   M    M   2        31 350
 3  63  38  51  -8  14   0 0.00  0.0    0  8.8 35  20   M    M   1        41  30
 4  77  32  55  -3  10   0 0.00  0.0    0  5.5 12 160   M    M   0        14 260
 5  79  38  59   1   6   0 0.00  0.0    0  4.7 15  40   M    M   0        17  40
 6  82  37  60   3   5   0 0.00  0.0    0  5.4 14 220   M    M   0        18 350
 7  85  39  62   5   3   0 0.00  0.0    0  6.5 14  40   M    M   0        19  50
 8  79  47  63   7   2   0 0.00  0.0    0  6.8 16 100   M    M   2        21 110
 9  59  52  56   0   9   0 0.20  0.0    0  8.3 20  50   M    M   8 138    23  50
10  52  47  50  -5  15   0 0.23  0.0    0  8.9 22  50   M    M  10 1      27  40
11  69  41  55   0  10   0 0.00  0.0    0 10.1 18 170   M    M   2        24 160
12  63  40  52  -2  13   0 0.11  0.0    0 10.7 30 360   M    M   5 13     41 360
13  63  37  50  -4  15   0 0.00  0.0    0 13.9 31 350   M    M   1        38 350
14  74  33  54   0  11   0 0.00  0.0    0  7.0 20 270   M    M   0 8      23 270
15  85  32  59   6   6   0 0.00  0.0    0  6.0 16 200   M    M   0        21 200
16  82  44  63  10   2   0 0.00  0.0    0  6.5 20 280   M    M   0 8      24 280
17  69  35  52   0  13   0 0.00  0.0    0  5.7 15 150   M    M   0 18     18 160
18  71  42  57   5   8   0 0.00  0.0    0 14.7 26 190   M    M   0        34 190
19  79  39  59   7   6   0 0.00  0.0    0  5.3 14 200   M    M   0        18 190
20  76  37  57   6   8   0 0.00  0.0    0  6.8 16 160   M    M   0        21 160
21  82  41  62  11   3   0 0.00  0.0    0 11.0 25 210   M    M   0 128    32 210
22  77  46  62  12   3   0 0.00  0.0    0  7.0 18  20   M    M   1        23  10
23  78  41  60  10   5   0 0.00  0.0    0  3.7 10 170   M    M   0 18     12 180
24  88  40  64  15   1   0 0.00  0.0    0  4.9 14 260   M    M   0 8      18 270
================================================================================
SM 1779  960       183   0  0.54     0.0 184.4          M       33
================================================================================
AV 74.1 40.0                               7.7 FASTST   M    M   1    MAX(MPH)
                                 MISC ---->  # 39 340               # 52  340
================================================================================
NOTES:
# LAST OF SEVERAL OCCURRENCES

COLUMN 17 PEAK WIND IN M.P.H.

PRELIMINARY LOCAL CLIMATOLOGICAL DATA (WS FORM: F-6) , PAGE 2

                                          STATION:  LAMAR CO
                                          MONTH:    OCTOBER
                                          YEAR:     2014
                                          LATITUDE:   38  4 N
                                          LONGITUDE: 102 41 W

[TEMPERATURE DATA]      [PRECIPITATION DATA]       SYMBOLS USED IN COLUMN 16

AVERAGE MONTHLY: 57.1   TOTAL FOR MONTH:   0.54    1 = FOG OR MIST
DPTR FM NORMAL:   2.7   DPTR FM NORMAL:   -0.12    2 = FOG REDUCING VISIBILITY
HIGHEST:    88 ON 24    GRTST 24HR  0.43 ON  9-10      TO 1/4 MILE OR LESS
LOWEST:     32 ON 15, 4                            3 = THUNDER
                        SNOW, ICE PELLETS, HAIL    4 = ICE PELLETS
                        TOTAL MONTH:   0.0 INCH    5 = HAIL
                        GRTST 24HR     0.0         6 = FREEZING RAIN OR DRIZZLE
                        GRTST DEPTH:   0           7 = DUSTSTORM OR SANDSTORM:
                                                       VSBY 1/2 MILE OR LESS
                                                   8 = SMOKE OR HAZE
[NO. OF DAYS WITH]      [WEATHER - DAYS WITH]      9 = BLOWING SNOW
                                                   X = TORNADO
MAX 32 OR BELOW:   0    0.01 INCH OR MORE:   3
MAX 90 OR ABOVE:   0    0.10 INCH OR MORE:   3
MIN 32 OR BELOW:   2    0.50 INCH OR MORE:   0
MIN  0 OR BELOW:   0    1.00 INCH OR MORE:   0

[HDD (BASE 65) ]
TOTAL THIS MO.   183    CLEAR  (SCALE 0-3)  21
DPTR FM NORMAL   -81    PTCLDY (SCALE 4-7)   1
TOTAL FM JUL 1   245    CLOUDY (SCALE 8-10)  2
DPTR FM NORMAL  -102

[CDD (BASE 65) ]
TOTAL THIS MO.     0
DPTR FM NORMAL    -8    [PRESSURE DATA]
TOTAL FM JAN 1  1322    HIGHEST SLP M ON M
DPTR FM NORMAL   202    LOWEST  SLP 29.66 ON 12

[REMARKS]
