000
CXUS53 KIND 260730
CF6LAF
PRELIMINARY LOCAL CLIMATOLOGICAL DATA (WS FORM: F-6)

                                          STATION:   LAFAYETTE IN
                                          MONTH:     OCTOBER
                                          YEAR:      2014
                                          LATITUDE:   40 25 N
                                          LONGITUDE:  86 56 W

  TEMPERATURE IN F:       :PCPN:    SNOW:  WIND      :SUNSHINE: SKY     :PK WND
================================================================================
1   2   3   4   5  6A  6B    7    8   9   10  11  12  13   14  15   16   17  18
                                     12Z  AVG MX 2MIN
DY MAX MIN AVG DEP HDD CDD  WTR  SNW DPTH SPD SPD DIR MIN PSBL S-S WX    SPD DR
================================================================================

 1  75  43  59  -1   6   0 0.00    M    M  6.6 13 100   M    M   1        15  90
 2  77  62  70  11   0   5 1.29    M    M  7.9 17 270   M    M   4 13     27 200
 3  66  44  55  -4  10   0 1.68    M    M 12.0 31 290   M    M   9 1      40 290
 4  46  38  42 -16  23   0    T    M    M 12.6 25 280   M    M   8        34 260
 5  56  37  47 -11  18   0 0.01    M    M  5.8 16 240   M    M   8 1      22 230
 6  65  41  53  -5  12   0 0.08    M    M  6.8 24 270   M    M   6 1      32 260
 7  66  43  55  -2  10   0 0.04    M    M  5.4 21 320   M    M   6 1      28 310
 8  65  42  54  -3  11   0 0.00    M    M  6.6 21 280   M    M   0        26 290
 9  57  44  51  -6  14   0 0.39    M    M  2.9 12  40   M    M   9 1      14 310
10  54  45  50  -6  15   0 0.00    M    M  7.6 15  40   M    M   2        19  40
11  58  39  49  -7  16   0 0.00    M    M  6.5 15  40   M    M   0        19 100
12  62  37  50  -6  15   0 0.25    M    M  7.8 15 120   M    M   5 1      19 110
13  74  59  67  12   0   2 0.79    M    M  8.4 21 150   M    M   8 1      31 140
14  65  54  60   5   5   0 0.52    M    M  9.2 20 210   M    M  10 1      25 210
15  58  53  56   2   9   0 0.03    M    M  3.2 10 330   M    M  10 1      13 350
16  59  51  55   1  10   0 0.00    M    M  6.9 13 260   M    M   9 1      16 270
17  63  50  57   3   8   0 0.00    M    M 11.5 24 280   M    M   4        33 280
18  53  41  47  -7  18   0 0.11    M    M  8.8 21 340   M    M   8 1      26 340
19  56  33  45  -8  20   0 0.00    M    M  5.5 14 200   M    M   3 12     17 220
20  67  47  57   4   8   0    T    M    M  8.1 17 360   M    M   6 8      22  10
21  56  40  48  -5  17   0    T    M    M  7.8 17  20   M    M   6 1      23 330
22  57  33  45  -7  20   0 0.00    M    M  3.3 10  80   M    M   0        14  90
23  58  34  46  -6  19   0 0.00    M    M  2.5 10 210   M    M   0 18     14 210
24  66  42  54   2  11   0 0.02    M    M  3.0 13 230   M    M   5 1      17 250
25  73  47  60   9   5   0 0.00    M    M  7.2 16 280   M    M   2 18     22 280
================================================================================
SM 1552 1099       300   7  5.21    M    173.9          M      129
================================================================================
AV 62.1 44.0                               7.0 FASTST   M    M   5    MAX(MPH)
                                 MISC ---->  # 31 290               # 40  290
================================================================================
NOTES:
# LAST OF SEVERAL OCCURRENCES

COLUMN 17 PEAK WIND IN M.P.H.

PRELIMINARY LOCAL CLIMATOLOGICAL DATA (WS FORM: F-6) , PAGE 2

                                          STATION:  LAFAYETTE IN
                                          MONTH:    OCTOBER
                                          YEAR:     2014
                                          LATITUDE:   40 25 N
                                          LONGITUDE:  86 56 W

[TEMPERATURE DATA]      [PRECIPITATION DATA]       SYMBOLS USED IN COLUMN 16

AVERAGE MONTHLY: 53.0   TOTAL FOR MONTH:   5.21    1 = FOG OR MIST
DPTR FM NORMAL:  -2.3   DPTR FM NORMAL:    2.88    2 = FOG REDUCING VISIBILITY
HIGHEST:    77 ON  2    GRTST 24HR  2.69 ON  2- 3      TO 1/4 MILE OR LESS
LOWEST:     33 ON 22,19                            3 = THUNDER
                        SNOW, ICE PELLETS, HAIL    4 = ICE PELLETS
                        TOTAL MONTH:    M          5 = HAIL
                        GRTST 24HR    M  ON   M    6 = FREEZING RAIN OR DRIZZLE
                        GRTST DEPTH:  M  ON   M    7 = DUSTSTORM OR SANDSTORM:
                                                       VSBY 1/2 MILE OR LESS
                                                   8 = SMOKE OR HAZE
[NO. OF DAYS WITH]      [WEATHER - DAYS WITH]      9 = BLOWING SNOW
                                                   X = TORNADO
MAX 32 OR BELOW:   0    0.01 INCH OR MORE:  12
MAX 90 OR ABOVE:   0    0.10 INCH OR MORE:   7
MIN 32 OR BELOW:   0    0.50 INCH OR MORE:   4
MIN  0 OR BELOW:   0    1.00 INCH OR MORE:   2

[HDD (BASE 65) ]
TOTAL THIS MO.   300    CLEAR  (SCALE 0-3)   8
DPTR FM NORMAL    41    PTCLDY (SCALE 4-7)  11
TOTAL FM JUL 1   450    CLOUDY (SCALE 8-10)  6
DPTR FM NORMAL   106

[CDD (BASE 65) ]
TOTAL THIS MO.     7
DPTR FM NORMAL    -6    [PRESSURE DATA]
TOTAL FM JAN 1   743    HIGHEST SLP M ON M
DPTR FM NORMAL  -235    LOWEST  SLP 29.51 ON 14

[REMARKS]
