000
CXUS55 KCYS 310732
CF6LAR
PRELIMINARY LOCAL CLIMATOLOGICAL DATA (WS FORM: F-6)

                                          STATION:   LARAMIE WYOMING AIRPORT
                                          MONTH:     AUGUST
                                          YEAR:      2016
                                          LATITUDE:   41 18 N
                                          LONGITUDE: 105 40 W

  TEMPERATURE IN F:       :PCPN:    SNOW:  WIND      :SUNSHINE: SKY     :PK WND
================================================================================
1   2   3   4   5  6A  6B    7    8   9   10  11  12  13   14  15   16   17  18
                                     12Z  AVG MX 2MIN
DY MAX MIN AVG DEP HDD CDD  WTR  SNW DPTH SPD SPD DIR MIN PSBL S-S WX    SPD DR
================================================================================

 1  86  51  69   5   0   4 0.00    M    M 10.5 25 300   M    M   1        35 320
 2  85  52  69   5   0   4 0.11    M    M 14.5 36 180   M    M   0        44 140
 3  88  51  70   6   0   5    T    M    M 11.5 33 240   M    M   4        42 220
 4  68  51  60  -4   5   0    T    M    M  9.5 26 150   M    M   0        33 150
 5  70  52  61  -3   4   0    T    M    M 22.6 35 150   M    M   5        43 140
 6  78  51  65   1   0   0 0.32    M    M 13.9 26 200   M    M   5        36 220
 7  83  47  65   1   0   0    T    M    M 11.1 29 150   M    M   2        40 150
 8  83  51  67   3   0   2 0.02    M    M 11.5 29 230   M    M   2        38 220
 9  87  48  68   4   0   3    T    M    M 13.1 35 170   M    M   1        42 180
10  82  49  66   2   0   1 0.04    M    M 13.0 40 270   M    M   2        52 250
11  80  43  62  -1   3   0    T    M    M  9.8 35 320   M    M   2        48 320
12  75  37  56  -7   9   0 0.00    M    M  6.1 15 330   M    M   2        21 330
13  79  39  59  -4   6   0 0.00    M    M  8.6 21  70   M    M   2        26  60
14  84  47  66   3   0   1 0.00    M    M  8.8 20 270   M    M   1        28 340
15  80  44  62  -1   3   0    T    M    M  8.2 30 220   M    M   2        41 220
16  81  44  63   0   2   0 0.00    M    M  8.2 26 140   M    M   2        32 140
17  83  45  64   2   1   0 0.07    M    M  8.6 24 130   M    M   1        33 120
18  73  44  59  -3   6   0 0.42    M    M  8.7 32 230   M    M   4 1      39 230
19  68  40  54  -8  11   0 0.01    M    M  8.2 21 360   M    M   6        25 360
20  72  33  53  -9  12   0 0.00    M    M  9.9 26 330   M    M   0 12     39 350
21  83  38  61  -1   4   0 0.00    M    M  8.1 21 220   M    M   0        30 140
22  82  46  64   3   1   0    T    M    M 10.8 31 300   M    M   2        42 300
23  77  46  62   1   3   0 0.00    M    M 11.9 26 280   M    M   2        37 290
24  69  43  56  -5   9   0 0.02    M    M 11.2 29 150   M    M   5        35 160
25  65  42  54  -7  11   0 0.00    M    M 13.4 30 150   M    M   3 12     37 150
26  72  41  57  -3   8   0 0.02    M    M  9.6 26 240   M    M   3 3      35 230
27  75  42  59  -1   6   0 0.00    M    M 11.6 24 230   M    M   1        35 240
28  79  38  59  -1   6   0    T    M    M  8.6 15 190   M    M   0        21  50
29  79  42  61   1   4   0 0.00    M    M  8.0 22  90   M    M   0        29  80
30  77  38  58  -1   7   0 0.00    M    M  8.0 23 130   M    M   1        29 130
================================================================================
SM 2343 1335       121  20  1.03    M    317.5          M       61
================================================================================
AV 78.1 44.5                              10.6 FASTST   M    M   2    MAX(MPH)
                                 MISC ---->  # 40 270               # 52  250
================================================================================
NOTES:
# LAST OF SEVERAL OCCURRENCES

COLUMN 17 PEAK WIND IN M.P.H.

PRELIMINARY LOCAL CLIMATOLOGICAL DATA (WS FORM: F-6) , PAGE 2

                                          STATION:  LARAMIE WYOMING AIRPORT
                                          MONTH:    AUGUST
                                          YEAR:     2016
                                          LATITUDE:   41 18 N
                                          LONGITUDE: 105 40 W

[TEMPERATURE DATA]      [PRECIPITATION DATA]       SYMBOLS USED IN COLUMN 16

AVERAGE MONTHLY: 61.3   TOTAL FOR MONTH:   1.03    1 = FOG OR MIST
DPTR FM NORMAL:  -1.1   DPTR FM NORMAL:   -0.16    2 = FOG REDUCING VISIBILITY
HIGHEST:    88 ON  3    GRTST 24HR  0.42 ON 18-18      TO 1/4 MILE OR LESS
LOWEST:     33 ON 20                               3 = THUNDER
                        SNOW, ICE PELLETS, HAIL    4 = ICE PELLETS
                        TOTAL MONTH:    M          5 = HAIL
                        GRTST 24HR    M  ON   M    6 = FREEZING RAIN OR DRIZZLE
                        GRTST DEPTH:  M  ON   M    7 = DUSTSTORM OR SANDSTORM:
                                                       VSBY 1/2 MILE OR LESS
                                                   8 = SMOKE OR HAZE
[NO. OF DAYS WITH]      [WEATHER - DAYS WITH]      9 = BLOWING SNOW
                                                   X = TORNADO
MAX 32 OR BELOW:   0    0.01 INCH OR MORE:   9
MAX 90 OR ABOVE:   0    0.10 INCH OR MORE:   3
MIN 32 OR BELOW:   0    0.50 INCH OR MORE:   0
MIN  0 OR BELOW:   0    1.00 INCH OR MORE:   0

[HDD (BASE 65) ]
TOTAL THIS MO.   121    CLEAR  (SCALE 0-3)  23
DPTR FM NORMAL    25    PTCLDY (SCALE 4-7)   7
TOTAL FM JUL 1   160    CLOUDY (SCALE 8-10)  0
DPTR FM NORMAL    -5

[CDD (BASE 65) ]
TOTAL THIS MO.    20
DPTR FM NORMAL     3    [PRESSURE DATA]
TOTAL FM JAN 1   115    HIGHEST SLP M ON M
DPTR FM NORMAL    51    LOWEST  SLP 29.69 ON M

[REMARKS]
