000
CXUS55 KCYS 211000
CF6LAR
PRELIMINARY LOCAL CLIMATOLOGICAL DATA (WS FORM: F-6)

                                          STATION:   LARAMIE WYOMING AIRPORT
                                          MONTH:     OCTOBER
                                          YEAR:      2014
                                          LATITUDE:   41 18 N
                                          LONGITUDE: 105 40 W

  TEMPERATURE IN F:       :PCPN:    SNOW:  WIND      :SUNSHINE: SKY     :PK WND
================================================================================
1   2   3   4   5  6A  6B    7    8   9   10  11  12  13   14  15   16   17  18
                                     12Z  AVG MX 2MIN
DY MAX MIN AVG DEP HDD CDD  WTR  SNW DPTH SPD SPD DIR MIN PSBL S-S WX    SPD DR
================================================================================

 1  48  31  40  -7  25   0 0.06    M    M  7.6 21 290   M    M   6 1      25 250
 2  53  24  39  -8  26   0    T    M    M 14.6 33 280   M    M   3 12     40 270
 3  56  25  41  -5  24   0    T    M    M 13.8 28 320   M    M   3 1      34 300
 4  63  35  49   3  16   0 0.00    M    M 14.0 29 300   M    M   1        35 310
 5  61  32  47   1  18   0 0.00    M    M 12.6 32 320   M    M   2        40 310
 6  66  37  52   7  13   0 0.00    M    M 16.1 31 260   M    M   0        39 270
 7  69  40  55  10  10   0 0.00    M    M 10.6 18 290   M    M   1        27 300
 8  69  35  52   7  13   0 0.00    M    M  7.0 17 360   M    M   0        21 360
 9  57  33  45   1  20   0 0.03    M    M  6.8 22 140   M    M   4 1      26 140
10  55  35  45   1  20   0 0.00    M    M 12.6 28 150   M    M   1 1      32 150
11  64  33  49   5  16   0 0.00    M    M 13.0 29 260   M    M   4 1      43 280
12  51  32  42  -1  23   0 0.15    M    M 16.9 36 260   M    M   7 1      43 270
13  50  28  39  -4  26   0 0.00    M    M  8.8 22 290   M    M   3        26 330
14  64  30  47   4  18   0 0.00    M    M  8.0 16 220   M    M   0        20 230
15  74  31  53  11  12   0 0.00    M    M 12.7 33 240   M    M   0        41 240
16  64  40  52  10  13   0 0.00    M    M  9.7 31 260   M    M   1        39 260
17  60  30  45   3  20   0 0.00    M    M  9.0 16 160   M    M   0        20 160
18  69  32  51  10  14   0 0.00    M    M  8.4 16 240   M    M   1        20 240
19  65  32  49   8  16   0 0.00    M    M  7.8 14 180   M    M   0 8      16 360
20  69  30  50   9  15   0 0.00    M    M  6.6 16 240   M    M   1        21 240
================================================================================
SM 1227  645       358   0  0.24    M    216.6          M       38
================================================================================
AV 61.3 32.2                              10.8 FASTST   M    M   2    MAX(MPH)
                                 MISC ---->  # 36 260               # 43  280
================================================================================
NOTES:
# LAST OF SEVERAL OCCURRENCES

COLUMN 17 PEAK WIND IN M.P.H.

PRELIMINARY LOCAL CLIMATOLOGICAL DATA (WS FORM: F-6) , PAGE 2

                                          STATION:  LARAMIE WYOMING AIRPORT
                                          MONTH:    OCTOBER
                                          YEAR:     2014
                                          LATITUDE:   41 18 N
                                          LONGITUDE: 105 40 W

[TEMPERATURE DATA]      [PRECIPITATION DATA]       SYMBOLS USED IN COLUMN 16

AVERAGE MONTHLY: 46.8   TOTAL FOR MONTH:   0.24    1 = FOG OR MIST
DPTR FM NORMAL:   3.0   DPTR FM NORMAL:   -0.31    2 = FOG REDUCING VISIBILITY
HIGHEST:    74 ON 15    GRTST 24HR  0.15 ON 12-12      TO 1/4 MILE OR LESS
LOWEST:     24 ON  2                               3 = THUNDER
                        SNOW, ICE PELLETS, HAIL    4 = ICE PELLETS
                        TOTAL MONTH:    M          5 = HAIL
                        GRTST 24HR    M  ON   M    6 = FREEZING RAIN OR DRIZZLE
                        GRTST DEPTH:  M  ON   M    7 = DUSTSTORM OR SANDSTORM:
                                                       VSBY 1/2 MILE OR LESS
                                                   8 = SMOKE OR HAZE
[NO. OF DAYS WITH]      [WEATHER - DAYS WITH]      9 = BLOWING SNOW
                                                   X = TORNADO
MAX 32 OR BELOW:   0    0.01 INCH OR MORE:   3
MAX 90 OR ABOVE:   0    0.10 INCH OR MORE:   1
MIN 32 OR BELOW:  12    0.50 INCH OR MORE:   0
MIN  0 OR BELOW:   0    1.00 INCH OR MORE:   0

[HDD (BASE 65) ]
TOTAL THIS MO.   358    CLEAR  (SCALE 0-3)  15
DPTR FM NORMAL   -65    PTCLDY (SCALE 4-7)   5
TOTAL FM JUL 1   809    CLOUDY (SCALE 8-10)  0
DPTR FM NORMAL  -139

[CDD (BASE 65) ]
TOTAL THIS MO.     0
DPTR FM NORMAL     0    [PRESSURE DATA]
TOTAL FM JAN 1    67    HIGHEST SLP  0.00 ON  2
DPTR FM NORMAL     0    LOWEST  SLP 29.53 ON 12

[REMARKS]
