000
CXUS55 KLOX 301655
CF6LAX
PRELIMINARY LOCAL CLIMATOLOGICAL DATA (WS FORM: F-6)

                                          STATION:   LOS ANGELES INTL AIRPORT CA
                                          MONTH:     APRIL
                                          YEAR:      2017
                                          LATITUDE:   33 55 N
                                          LONGITUDE: 118 24 W

  TEMPERATURE IN F:       :PCPN:    SNOW:  WIND      :SUNSHINE: SKY     :PK WND
================================================================================
1   2   3   4   5  6A  6B    7    8   9   10  11  12  13   14  15   16   17  18
                                     12Z  AVG MX 2MIN
DY MAX MIN AVG DEP HDD CDD  WTR  SNW DPTH SPD SPD DIR MIN PSBL S-S WX    SPD DR
================================================================================

 1  68  51  60   1   5   0 0.00  0.0    0  6.0 16 260   M    M   1        20 260
 2  71  53  62   3   3   0 0.00  0.0    0  6.2 16 260   M    M   3 1      19 240
 3  64  56  60   1   5   0 0.00  0.0    0  6.3 16 270   M    M   8        21 250
 4  67  57  62   3   3   0 0.00  0.0    0  7.6 20 260   M    M   6        23 270
 5  76  55  66   7   0   1 0.00  0.0    0  7.0 17 260   M    M   3 18     20 260
 6  70  56  63   4   2   0 0.00  0.0    0  7.9 17 270   M    M   6 128    22 260
 7  66  56  61   2   4   0 0.05  0.0    0  7.2 14 260   M    M   7 1      23 290
 8  65  54  60   1   5   0 0.33  0.0    0 13.1 30 270   M    M   5 1      36 270
 9  68  52  60   1   5   0 0.00  0.0    0  7.7 20 230   M    M   4        24 280
10  71  51  61   1   4   0 0.00  0.0    0  7.2 18 260   M    M   2 8      22 230
11  71  52  62   2   3   0 0.00  0.0    0  9.2 23 280   M    M   2        32 290
12  68  53  61   1   4   0 0.00  0.0    0 10.8 24 260   M    M   3 18     29 260
13  69  54  62   2   3   0 0.00  0.0    0 10.8 26 270   M    M   4        32 250
14  68  51  60   0   5   0 0.00  0.0    0  9.0 18 250   M    M   1        26 290
15  70  50  60   0   5   0 0.00  0.0    0  6.9 15 270   M    M   1        18 220
16  70  53  62   2   3   0 0.00  0.0    0  8.4 18 260   M    M   4        22 270
17  71  53  62   2   3   0 0.00  0.0    0  7.2 18 260   M    M   7 12     23 270
18  75  57  66   6   0   1    T  0.0    0  7.2 18 260   M    M   7 18     23 310
19  68  58  63   3   2   0    T  0.0    0  9.2 21 280   M    M   4 1      26 290
20  74  55  65   5   0   0 0.00  0.0    0  9.7 29 270   M    M   1        36 260
21  83  56  70   9   0   5 0.00  0.0    0  8.3 20 260   M    M   1 18     22 270
22  79  60  70   9   0   5 0.00  0.0    0  8.6 18 270   M    M   3 18     20 270
23  74  58  66   5   0   1 0.00  0.0    0  9.2 22 260   M    M   3        29 260
24  68  58  63   2   2   0 0.00  0.0    0  8.3 25 270   M    M   6        30 270
25  72  59  66   5   0   1 0.00  0.0    0 13.6 26  10   M    M   6        40  10
26  71  57  64   3   1   0 0.00  0.0    0 10.0 25 240   M    M   6 8      33 240
27  76  56  66   5   0   1 0.00  0.0    0 11.3 24 350   M    M   6 1      38 360
28  84  64  74  13   0   9 0.00  0.0    0 17.7 31 270   M    M   4        38  10
29  80  61  71   9   0   6 0.00  0.0    0 10.2 23 270   M    M   0        29 270
================================================================================
SM 2077 1606        67  30  0.38     0.0 261.9          M      114
================================================================================
AV 71.6 55.4                               9.0 FASTST   M    M   4    MAX(MPH)
                                 MISC ---->  # 31 270               # 40   10
================================================================================
NOTES:
# LAST OF SEVERAL OCCURRENCES

COLUMN 17 PEAK WIND IN M.P.H.

PRELIMINARY LOCAL CLIMATOLOGICAL DATA (WS FORM: F-6) , PAGE 2

                                          STATION:  LOS ANGELES INTL AIRPORT CA
                                          MONTH:    APRIL
                                          YEAR:     2017
                                          LATITUDE:   33 55 N
                                          LONGITUDE: 118 24 W

[TEMPERATURE DATA]      [PRECIPITATION DATA]       SYMBOLS USED IN COLUMN 16

AVERAGE MONTHLY: 63.5   TOTAL FOR MONTH:   0.38    1 = FOG OR MIST
DPTR FM NORMAL:   3.5   DPTR FM NORMAL:   -0.30    2 = FOG REDUCING VISIBILITY
HIGHEST:    84 ON 28    GRTST 24HR  0.33 ON  8- 8      TO 1/4 MILE OR LESS
LOWEST:     50 ON 15                               3 = THUNDER
                        SNOW, ICE PELLETS, HAIL    4 = ICE PELLETS
                        TOTAL MONTH:   0.0 INCH    5 = HAIL
                        GRTST 24HR     0.0         6 = FREEZING RAIN OR DRIZZLE
                        GRTST DEPTH:   0           7 = DUSTSTORM OR SANDSTORM:
                                                       VSBY 1/2 MILE OR LESS
                                                   8 = SMOKE OR HAZE
[NO. OF DAYS WITH]      [WEATHER - DAYS WITH]      9 = BLOWING SNOW
                                                   X = TORNADO
MAX 32 OR BELOW:   0    0.01 INCH OR MORE:   2
MAX 90 OR ABOVE:   0    0.10 INCH OR MORE:   1
MIN 32 OR BELOW:   0    0.50 INCH OR MORE:   0
MIN  0 OR BELOW:   0    1.00 INCH OR MORE:   0

[HDD (BASE 65) ]
TOTAL THIS MO.    67    CLEAR  (SCALE 0-3)  12
DPTR FM NORMAL   -86    PTCLDY (SCALE 4-7)  17
TOTAL FM JUL 1   952    CLOUDY (SCALE 8-10)  0
DPTR FM NORMAL  -351

[CDD (BASE 65) ]
TOTAL THIS MO.    30
DPTR FM NORMAL    22    [PRESSURE DATA]
TOTAL FM JAN 1    32    HIGHEST SLP M ON M
DPTR FM NORMAL     9    LOWEST  SLP 29.68 ON 27

[REMARKS]
