000
CXUS54 KLUB 200755
CF6LBB
PRELIMINARY LOCAL CLIMATOLOGICAL DATA (WS FORM: F-6)

                                          STATION:   LUBBOCK
                                          MONTH:     JULY
                                          YEAR:      2017
                                          LATITUDE:   33 39 N
                                          LONGITUDE: 101 49 W

  TEMPERATURE IN F:       :PCPN:    SNOW:  WIND      :SUNSHINE: SKY     :PK WND
================================================================================
1   2   3   4   5  6A  6B    7    8   9   10  11  12  13   14  15   16   17  18
                                     12Z  AVG MX 2MIN
DY MAX MIN AVG DEP HDD CDD  WTR  SNW DPTH SPD SPD DIR MIN PSBL S-S WX    SPD DR
================================================================================

 1  86  64  75  -5   0  10 0.85  0.0    0 14.5 35 130   M    M   5 13     43  60
 2  90  63  77  -3   0  12 0.71  0.0    0 11.4 43 320   M    M   6 13     50 320
 3  93  65  79  -1   0  14 0.10  0.0    0 14.3 43  10   M    M   7 138    58 360
 4  94  64  79  -1   0  14 1.25  0.0    0 10.7 47 320   M    M   4 13578  57 320
 5  87  65  76  -4   0  11 0.00  0.0    0  7.6 20  10   M    M   3        26  20
 6  90  68  79  -1   0  14 0.00  0.0    0  5.9 17 150   M    M   2        23 130
 7  95  68  82   2   0  17 0.00  0.0    0  5.9 14 150   M    M   2 8      16 150
 8  92  69  81   1   0  16 0.00  0.0    0  5.6 13 130   M    M   5        16 150
 9  95  69  82   2   0  17 0.00  0.0    0  8.4 23 150   M    M   6        27 140
10  95  67  81   1   0  16 0.00  0.0    0 10.4 20 180   M    M   3        25 180
11  93  75  84   4   0  19 0.00  0.0    0 16.8 25 170   M    M   1        31 210
12  94  72  83   3   0  18 0.00  0.0    0 14.9 26 170   M    M   1        31 170
13  92  69  81   1   0  16 0.00  0.0    0 12.1 21 170   M    M   3        26 160
14  91  67  79  -1   0  14 0.00  0.0    0  6.9 15 150   M    M   4        19 160
15  94  67  81   1   0  16 0.00  0.0    0  5.9 20 270   M    M   5        24 270
16  91  65  78  -2   0  13 1.76  0.0    0  6.3 30 130   M    M   4 3      46 110
17  92  68  80   0   0  15 0.00  0.0    0  7.6 16 140   M    M   2        19 140
18  92  69  81   1   0  16 0.00  0.0    0  9.0 16 160   M    M   2        22 140
19  93  72  83   3   0  18 0.00  0.0    0 10.8 20 140   M    M   3        25 130
================================================================================
SM 1749 1286         0 286  4.67     0.0 185.0          M       68
================================================================================
AV 92.1 67.7                               9.7 FASTST   M    M   4    MAX(MPH)
                                 MISC ---->  # 47 320               # 58  360
================================================================================
NOTES:
# LAST OF SEVERAL OCCURRENCES

COLUMN 17 PEAK WIND IN M.P.H.

PRELIMINARY LOCAL CLIMATOLOGICAL DATA (WS FORM: F-6) , PAGE 2

                                          STATION:  LUBBOCK
                                          MONTH:    JULY
                                          YEAR:     2017
                                          LATITUDE:   33 39 N
                                          LONGITUDE: 101 49 W

[TEMPERATURE DATA]      [PRECIPITATION DATA]       SYMBOLS USED IN COLUMN 16

AVERAGE MONTHLY: 79.9   TOTAL FOR MONTH:   4.67    1 = FOG OR MIST
DPTR FM NORMAL:  -0.1   DPTR FM NORMAL:    3.41    2 = FOG REDUCING VISIBILITY
HIGHEST:    95 ON 10, 9 GRTST 24HR  1.76 ON 16-16      TO 1/4 MILE OR LESS
LOWEST:     63 ON  2                               3 = THUNDER
                        SNOW, ICE PELLETS, HAIL    4 = ICE PELLETS
                        TOTAL MONTH:   0.0 INCH    5 = HAIL
                        GRTST 24HR     0.0         6 = FREEZING RAIN OR DRIZZLE
                        GRTST DEPTH:   0           7 = DUSTSTORM OR SANDSTORM:
                                                       VSBY 1/2 MILE OR LESS
                                                   8 = SMOKE OR HAZE
[NO. OF DAYS WITH]      [WEATHER - DAYS WITH]      9 = BLOWING SNOW
                                                   X = TORNADO
MAX 32 OR BELOW:   0    0.01 INCH OR MORE:   5
MAX 90 OR ABOVE:  17    0.10 INCH OR MORE:   5
MIN 32 OR BELOW:   0    0.50 INCH OR MORE:   4
MIN  0 OR BELOW:   0    1.00 INCH OR MORE:   2

[HDD (BASE 65) ]
TOTAL THIS MO.     0    CLEAR  (SCALE 0-3)   9
DPTR FM NORMAL     0    PTCLDY (SCALE 4-7)  10
TOTAL FM JUL 1     0    CLOUDY (SCALE 8-10)  0
DPTR FM NORMAL     0

[CDD (BASE 65) ]
TOTAL THIS MO.   286
DPTR FM NORMAL     1    [PRESSURE DATA]
TOTAL FM JAN 1  1066    HIGHEST SLP M ON M
DPTR FM NORMAL   161    LOWEST  SLP 29.76 ON 11

[REMARKS]
