000
CXUS52 KILM 211000
CF6LBT
PRELIMINARY LOCAL CLIMATOLOGICAL DATA (WS FORM: F-6)

                                          STATION:   LUMBERTON NC
                                          MONTH:     DECEMBER
                                          YEAR:      2014
                                          LATITUDE:   34 35 N
                                          LONGITUDE:  79  4 W

  TEMPERATURE IN F:       :PCPN:    SNOW:  WIND      :SUNSHINE: SKY     :PK WND
================================================================================
1   2   3   4   5  6A  6B    7    8   9   10  11  12  13   14  15   16   17  18
                                     12Z  AVG MX 2MIN
DY MAX MIN AVG DEP HDD CDD  WTR  SNW DPTH SPD SPD DIR MIN PSBL S-S WX    SPD DR
================================================================================

 1  74  38  56   6   9   0 0.00    M    M  3.1 16 250   M    M   2 128    20 230
 2  56  41  49  -1  16   0 0.02    M    M  4.1 14  30   M    M   8 128    19  60
 3  59  51  55   6  10   0 0.00    M    M  1.9  9 290   M    M  10 128    15 280
 4  62  48  55   6  10   0 0.00    M    M  4.7 12  90   M    M   6 128    16  60
 5  60  45  53   4  12   0 0.00    M    M  4.8 10  50   M    M   6 8      15  40
 6  63  49  56   8   9   0 0.06    M    M  4.0 16 330   M    M   9 1      20 330
 7  57  42  50   2  15   0 0.00    M    M 15.1 25 360   M    M   6        34  10
 8  52  40  46  -2  19   0 0.01    M    M 11.1 20  40   M    M   8 18     25  30
 9  55  40  48   0  17   0    T    M    M  9.7 17 340   M    M  10 1      23 340
10  55  30  43  -4  22   0 0.00    M    M  9.1 21 290   M    M   4        28 290
11  52  27  40  -7  25   0 0.00    M    M  4.4 14 280   M    M   0        19 280
12  60  23  42  -5  23   0 0.00    M    M  4.2 14 270   M    M   0        20 270
13  63  27  45  -2  20   0 0.00    M    M  2.1 12 300   M    M   0        16 300
14  61  28  45  -1  20   0 0.00    M    M  2.7  9 360   M    M   0        14  70
15  64  28  46   0  19   0 0.00    M    M  0.9  6 110   M    M   0 18     10 290
16  67  32  50   4  15   0 0.14    M    M  5.5 18 310   M    M   5 12     22 310
17  62  38  50   4  15   0 0.00    M    M  4.0 12 260   M    M   0 12     15 290
18  57  34  46   0  19   0 0.00    M    M  2.3 13  70   M    M   0        17  80
19  60  33  47   2  18   0 0.00    M    M  2.0 14 360   M    M   1        16  30
20  45  39  42  -3  23   0 0.04    M    M  5.6 10  30   M    M   8 18     12  70
================================================================================
SM 1184  733       336   0  0.27    M    101.3          M       83
================================================================================
AV 59.2 36.7                               5.1 FASTST   M    M   4    MAX(MPH)
                                 MISC ---->  # 25 360               # 34   10
================================================================================
NOTES:
# LAST OF SEVERAL OCCURRENCES

COLUMN 17 PEAK WIND IN M.P.H.

PRELIMINARY LOCAL CLIMATOLOGICAL DATA (WS FORM: F-6) , PAGE 2

                                          STATION:  LUMBERTON NC
                                          MONTH:    DECEMBER
                                          YEAR:     2014
                                          LATITUDE:   34 35 N
                                          LONGITUDE:  79  4 W

[TEMPERATURE DATA]      [PRECIPITATION DATA]       SYMBOLS USED IN COLUMN 16

AVERAGE MONTHLY: 47.9   TOTAL FOR MONTH:   0.27    1 = FOG OR MIST
DPTR FM NORMAL:   0.6   DPTR FM NORMAL:   -1.75    2 = FOG REDUCING VISIBILITY
HIGHEST:    74 ON  1    GRTST 24HR  0.14 ON 16-16      TO 1/4 MILE OR LESS
LOWEST:     23 ON 12                               3 = THUNDER
                        SNOW, ICE PELLETS, HAIL    4 = ICE PELLETS
                        TOTAL MONTH:    M          5 = HAIL
                        GRTST 24HR    M  ON   M    6 = FREEZING RAIN OR DRIZZLE
                        GRTST DEPTH:  M  ON   M    7 = DUSTSTORM OR SANDSTORM:
                                                       VSBY 1/2 MILE OR LESS
                                                   8 = SMOKE OR HAZE
[NO. OF DAYS WITH]      [WEATHER - DAYS WITH]      9 = BLOWING SNOW
                                                   X = TORNADO
MAX 32 OR BELOW:   0    0.01 INCH OR MORE:   5
MAX 90 OR ABOVE:   0    0.10 INCH OR MORE:   1
MIN 32 OR BELOW:   7    0.50 INCH OR MORE:   0
MIN  0 OR BELOW:   0    1.00 INCH OR MORE:   0

[HDD (BASE 65) ]
TOTAL THIS MO.   336    CLEAR  (SCALE 0-3)   9
DPTR FM NORMAL   -20    PTCLDY (SCALE 4-7)   8
TOTAL FM JUL 1   879    CLOUDY (SCALE 8-10)  3
DPTR FM NORMAL    57

[CDD (BASE 65) ]
TOTAL THIS MO.     0
DPTR FM NORMAL     0    [PRESSURE DATA]
TOTAL FM JAN 1  2061    HIGHEST SLP M ON M
DPTR FM NORMAL   154    LOWEST  SLP 29.87 ON  9

[REMARKS]
