000
CXUS52 KILM 231000
CF6LBT
PRELIMINARY LOCAL CLIMATOLOGICAL DATA (WS FORM: F-6)

                                          STATION:   LUMBERTON NORTH CAROLINA
                                          MONTH:     MAY
                                          YEAR:      2017
                                          LATITUDE:   34 35 N
                                          LONGITUDE:  79  4 W

  TEMPERATURE IN F:       :PCPN:    SNOW:  WIND      :SUNSHINE: SKY     :PK WND
================================================================================
1   2   3   4   5  6A  6B    7    8   9   10  11  12  13   14  15   16   17  18
                                     12Z  AVG MX 2MIN
DY MAX MIN AVG DEP HDD CDD  WTR  SNW DPTH SPD SPD DIR MIN PSBL S-S WX    SPD DR
================================================================================

 1  86  68  77  11   0  12 0.11    M    M 11.1 24 200   M    M   5 1      37 200
 2  78  57  68   2   0   3 0.00    M    M  8.1 17 270   M    M   0        22 270
 3  85  52  69   3   0   4 0.00    M    M  3.4 13 340   M    M   0        18 340
 4  83  59  71   5   0   6 0.09    M    M 11.6 24 150   M    M   2 1      34 120
 5  75  54  65  -2   0   0 1.34    M    M 13.4 26 230   M    M   5 138    38 250
 6  70  51  61  -6   4   0    T    M    M 11.2 23 250   M    M   7        29 280
 7  73  48  61  -6   4   0 0.00    M    M  8.2 18 240   M    M   0        26 240
 8  79  44  62  -6   3   0 0.00    M    M  5.1 21 270   M    M   0        27 290
 9  78  48  63  -5   2   0    T    M    M  2.7 10 230   M    M   4        14 200
10  90  57  74   6   0   9 0.00    M    M  4.5 14  40   M    M   0        18  30
11  91  65  78  10   0  13 0.00    M    M  5.4 17 280   M    M   0        23 290
12  71  61  66  -3   0   1 0.00    M    M  8.4 16  50   M    M   8 13     23  50
13  68  60  64  -5   1   0 0.22    M    M  4.7 15 310   M    M   9 13     19 300
14  83  54  69   0   0   4 0.00    M    M  4.7 15 290   M    M   0 1      21 150
15  92  59  76   6   0  11 0.00    M    M  6.6 16 330   M    M   0 8      23 340
16  93  59  76   6   0  11 0.00    M    M  3.5  9 220   M    M   0 18     14 240
17  92  62  77   7   0  12 0.00    M    M  7.5 16 240   M    M   0 8      22 200
18  87  64  76   6   0  11 0.00    M    M  7.1 16 250   M    M   1 12     21 260
19  88  64  76   5   0  11 0.00    M    M  5.7 14 260   M    M   0        17 250
20  93  67  80   9   0  15 0.00    M    M  5.5 13 280   M    M   2 18     17 280
21  86  70  78   7   0  13    T    M    M  8.3 18 120   M    M   5 1      25 100
22  85  68  77   5   0  12 1.18    M    M  6.9 17 190   M    M   7 13     23 190
================================================================================
SM 1826 1291        14 148  2.94    M    153.6          M       55
================================================================================
AV 83.0 58.7                               7.0 FASTST   M    M   3    MAX(MPH)
                                 MISC ---->  # 26 230               # 38  250
================================================================================
NOTES:
# LAST OF SEVERAL OCCURRENCES

COLUMN 17 PEAK WIND IN M.P.H.

PRELIMINARY LOCAL CLIMATOLOGICAL DATA (WS FORM: F-6) , PAGE 2

                                          STATION:  LUMBERTON NORTH CAROLINA
                                          MONTH:    MAY
                                          YEAR:     2017
                                          LATITUDE:   34 35 N
                                          LONGITUDE:  79  4 W

[TEMPERATURE DATA]      [PRECIPITATION DATA]       SYMBOLS USED IN COLUMN 16

AVERAGE MONTHLY: 70.8   TOTAL FOR MONTH:   2.94    1 = FOG OR MIST
DPTR FM NORMAL:   2.2   DPTR FM NORMAL:    0.99    2 = FOG REDUCING VISIBILITY
HIGHEST:    93 ON 20,16 GRTST 24HR  1.34 ON  5- 5      TO 1/4 MILE OR LESS
LOWEST:     44 ON  8                               3 = THUNDER
                        SNOW, ICE PELLETS, HAIL    4 = ICE PELLETS
                        TOTAL MONTH:    M          5 = HAIL
                        GRTST 24HR    M  ON   M    6 = FREEZING RAIN OR DRIZZLE
                        GRTST DEPTH:  M  ON   M    7 = DUSTSTORM OR SANDSTORM:
                                                       VSBY 1/2 MILE OR LESS
                                                   8 = SMOKE OR HAZE
[NO. OF DAYS WITH]      [WEATHER - DAYS WITH]      9 = BLOWING SNOW
                                                   X = TORNADO
MAX 32 OR BELOW:   0    0.01 INCH OR MORE:   5
MAX 90 OR ABOVE:   6    0.10 INCH OR MORE:   4
MIN 32 OR BELOW:   0    0.50 INCH OR MORE:   2
MIN  0 OR BELOW:   0    1.00 INCH OR MORE:   2

[HDD (BASE 65) ]
TOTAL THIS MO.    14    CLEAR  (SCALE 0-3)  14
DPTR FM NORMAL   -16    PTCLDY (SCALE 4-7)   7
TOTAL FM JUL 1  2079    CLOUDY (SCALE 8-10)  1
DPTR FM NORMAL  -680

[CDD (BASE 65) ]
TOTAL THIS MO.   148
DPTR FM NORMAL    41    [PRESSURE DATA]
TOTAL FM JAN 1   307    HIGHEST SLP M ON M
DPTR FM NORMAL   132    LOWEST  SLP 29.50 ON  5

[REMARKS]
