000
CXUS52 KILM 011000
CF6LBT
PRELIMINARY LOCAL CLIMATOLOGICAL DATA (WS FORM: F-6)

                                          STATION:   LUMBERTON NC
                                          MONTH:     SEPTEMBER
                                          YEAR:      2014
                                          LATITUDE:   34 35 N
                                          LONGITUDE:  79  4 W

  TEMPERATURE IN F:       :PCPN:    SNOW:  WIND      :SUNSHINE: SKY     :PK WND
================================================================================
1   2   3   4   5  6A  6B    7    8   9   10  11  12  13   14  15   16   17  18
                                     12Z  AVG MX 2MIN
DY MAX MIN AVG DEP HDD CDD  WTR  SNW DPTH SPD SPD DIR MIN PSBL S-S WX    SPD DR
================================================================================

 1  94  73  84   7   0  19 0.00    M    M  3.8 12 180   M    M   2 12     18 190
 2  97  74  86  10   0  21 0.00    M    M  4.8 14 150   M    M   1 1      20 150
 3  93  72  83   7   0  18 0.00    M    M  4.8 12 210   M    M   1 3      16 160
 4  93  73  83   7   0  18 0.00    M    M  4.0 13 150   M    M   2 1      18 140
 5  92  71  82   6   0  17 0.00    M    M  3.5 14 200   M    M   1        21 140
 6  90  71  81   5   0  16 0.00    M    M  4.0 13 160   M    M   4        18 180
 7  88  74  81   6   0  16 0.80    M    M  4.5 12  60   M    M   8 138    15  50
 8  77  71  74  -1   0   9 0.55    M    M  4.9 13 340   M    M   9 1      16 340
 9  77  69  73  -2   0   8 0.00    M    M  5.8 12 340   M    M  10 1      16 360
10  84  71  78   3   0  13 0.00    M    M  3.0  8  20   M    M   9        12  30
11  90  68  79   5   0  14 0.00    M    M  4.7 13 250   M    M   1 1      17 260
12  85  73  79   5   0  14 0.51    M    M  3.3 12 250   M    M   6 138    15 240
13  87  72  80   6   0  15 0.76    M    M  4.2 12 230   M    M   9 13     16 150
14  72  66  69  -5   0   4 0.00    M    M  6.4 16  50   M    M  10 1      23  50
15  78  67  73   0   0   8 0.00    M    M  3.5  8 110   M    M  10        11  60
16  87  66  77   4   0  12 0.16    M    M  2.8 22  20   M    M   6 138    29  10
17  82  65  74   1   0   9 0.39    M    M  4.3 12  50   M    M   5 13     15  60
18  84  66  75   3   0  10 0.00    M    M  5.1 10  90   M    M   4 1      13  30
19  83  65  74   2   0   9 0.02    M    M  7.5 20 100   M    M   2        24 110
20  79  63  71  -1   0   6 0.00    M    M  9.6 18  20   M    M   0        24  30
21  87  65  76   4   0  11 0.00    M    M  8.1 15 270   M    M   0        19 260
22  82  64  73   2   0   8 0.08    M    M  5.1 15  40   M    M   7 1      19  30
23  65  58  62  -9   3   0 0.20    M    M  8.3 16  40   M    M   8 1      22  60
24  66  58  62  -9   3   0 0.07    M    M 10.0 15  20   M    M  10 1      21  20
25  71  65  68  -2   0   3 0.14    M    M  8.0 15  10   M    M  10 1      18  10
26  72  64  68  -2   0   3 0.00    M    M  8.4 15  40   M    M  10 1      20  30
27  82  60  71   1   0   6 0.00    M    M  7.4 14  40   M    M   3 1      20  20
28  82  60  71   2   0   6 0.00    M    M  5.2 12  50   M    M   2 1      15  40
29  69  60  65  -4   0   0 0.24    M    M  2.1  8  20   M    M   6 1      18 200
30  83  57  70   1   0   5 0.00    M    M  2.7  9  30   M    M   2 12     18  10
================================================================================
SM 2471 2001         6 298  3.92    M    159.8          M      158
================================================================================
AV 82.4 66.7                               5.3 FASTST   M    M   5    MAX(MPH)
                                 MISC ---->  # 22  20               # 29   10
================================================================================
NOTES:
# LAST OF SEVERAL OCCURRENCES

COLUMN 17 PEAK WIND IN M.P.H.

PRELIMINARY LOCAL CLIMATOLOGICAL DATA (WS FORM: F-6) , PAGE 2

                                          STATION:  LUMBERTON NC
                                          MONTH:    SEPTEMBER
                                          YEAR:     2014
                                          LATITUDE:   34 35 N
                                          LONGITUDE:  79  4 W

[TEMPERATURE DATA]      [PRECIPITATION DATA]       SYMBOLS USED IN COLUMN 16

AVERAGE MONTHLY: 74.5   TOTAL FOR MONTH:   3.92    1 = FOG OR MIST
DPTR FM NORMAL:   1.5   DPTR FM NORMAL:   -0.88    2 = FOG REDUCING VISIBILITY
HIGHEST:    97 ON  2    GRTST 24HR  1.29 ON  7- 8      TO 1/4 MILE OR LESS
LOWEST:     57 ON 30                               3 = THUNDER
                        SNOW, ICE PELLETS, HAIL    4 = ICE PELLETS
                        TOTAL MONTH:    M          5 = HAIL
                        GRTST 24HR    M  ON   M    6 = FREEZING RAIN OR DRIZZLE
                        GRTST DEPTH:  M  ON   M    7 = DUSTSTORM OR SANDSTORM:
                                                       VSBY 1/2 MILE OR LESS
                                                   8 = SMOKE OR HAZE
[NO. OF DAYS WITH]      [WEATHER - DAYS WITH]      9 = BLOWING SNOW
                                                   X = TORNADO
MAX 32 OR BELOW:   0    0.01 INCH OR MORE:  12
MAX 90 OR ABOVE:   7    0.10 INCH OR MORE:   9
MIN 32 OR BELOW:   0    0.50 INCH OR MORE:   4
MIN  0 OR BELOW:   0    1.00 INCH OR MORE:   0

[HDD (BASE 65) ]
TOTAL THIS MO.     6    CLEAR  (SCALE 0-3)  12
DPTR FM NORMAL    -3    PTCLDY (SCALE 4-7)   8
TOTAL FM JUL 1     6    CLOUDY (SCALE 8-10) 10
DPTR FM NORMAL    -3

[CDD (BASE 65) ]
TOTAL THIS MO.   298
DPTR FM NORMAL    49    [PRESSURE DATA]
TOTAL FM JAN 1  1955    HIGHEST SLP 30.27 ON 23
DPTR FM NORMAL   134    LOWEST  SLP 29.82 ON 21

[REMARKS]
#FINAL-09-14#
