000
CXUS54 KHGX 211415
CF6LBX
PRELIMINARY LOCAL CLIMATOLOGICAL DATA (WS FORM: F-6)

                                          STATION:   ANGLETON/LAKE_JACKS
                                          MONTH:     MAY
                                          YEAR:      2015
                                          LATITUDE:   29  6 N
                                          LONGITUDE:  95 28 W

  TEMPERATURE IN F:       :PCPN:    SNOW:  WIND      :SUNSHINE: SKY     :PK WND
================================================================================
1   2   3   4   5  6A  6B    7    8   9   10  11  12  13   14  15   16   17  18
                                     12Z  AVG MX 2MIN
DY MAX MIN AVG DEP HDD CDD  WTR  SNW DPTH SPD SPD DIR MIN PSBL S-S WX    SPD DR
================================================================================

 1  81  53  67  -5   0   2 0.00  0.0    0  3.9 10 190   M    M   2 1      13 180
 2  79  54  67  -5   0   2 0.00  0.0    0  4.0 16 180   M    M   1 1      22 160
 3  80  56  68  -5   0   3 0.00  0.0    0  7.3 18 150   M    M   4 1      24 120
 4  81  62  72  -1   0   7 0.00  0.0    0  7.4 17 130   M    M   2        22 130
 5  81  67  74   1   0   9    T  0.0    0 11.0 24 140   M    M   6        32 130
 6  81  72  77   4   0  12 0.03  0.0    0 12.5 21 150   M    M  10 1      26 150
 7  82  74  78   4   0  13 0.00  0.0    0 13.2 21 150   M    M   9        26 150
 8  83  76  80   6   0  15 0.00  0.0    0 14.9 37 160   M    M   9        43 150
 9  84  76  80   6   0  15    T  0.0    0 17.2 28 170   M    M  10        35 170
10  81  75  78   4   0  13    T  0.0    0 18.8 29 150   M    M  10        37 130
11  86  68  77   3   0  12 1.01  0.0    0  9.4 22  10   M    M   7 13     29  10
12  76  68  72  -3   0   7 6.38  0.0    0  7.6 25  90   M    M   9 123    36  80
13  79  70  75   0   0  10 0.19  0.0    0  8.5 17 170   M    M   6 1      22 140
14  82  72  77   2   0  12    T  0.0    0  8.8 18 160   M    M   4 1      22 160
15  80  71  76   1   0  11 0.16  0.0    0  9.0 21 170   M    M   5 13     28 190
16  83  70  77   1   0  12 0.00  0.0    0 14.4 24 170   M    M   8 1      32 160
17  83  71  77   1   0  12    T  0.0    0 12.9 23 170   M    M   9        29 180
18  85  75  80   4   0  15 0.00  0.0    0  8.7 17 170   M    M   6        20 120
19  84  71  78   2   0  13 0.00  0.0    0  9.3 20 150   M    M   5 1      26 120
20  85  72  79   3   0  14 0.00  0.0    0 10.3 20 160   M    M   4        24 170
================================================================================
SM 1636 1373         0 209  7.77     0.0 209.1          M      126
================================================================================
AV 81.8 68.7                              10.5 FASTST   M    M   6    MAX(MPH)
                                 MISC ---->  # 37 160               # 43  150
================================================================================
NOTES:
# LAST OF SEVERAL OCCURRENCES

COLUMN 17 PEAK WIND IN M.P.H.

PRELIMINARY LOCAL CLIMATOLOGICAL DATA (WS FORM: F-6) , PAGE 2

                                          STATION:  ANGLETON/LAKE_JACKS
                                          MONTH:    MAY
                                          YEAR:     2015
                                          LATITUDE:   29  6 N
                                          LONGITUDE:  95 28 W

[TEMPERATURE DATA]      [PRECIPITATION DATA]       SYMBOLS USED IN COLUMN 16

AVERAGE MONTHLY: 75.2   TOTAL FOR MONTH:   7.77    1 = FOG OR MIST
DPTR FM NORMAL:   0.9   DPTR FM NORMAL:    5.49    2 = FOG REDUCING VISIBILITY
HIGHEST:    86 ON 11    GRTST 24HR  6.71 ON 11-12      TO 1/4 MILE OR LESS
LOWEST:     53 ON  1                               3 = THUNDER
                        SNOW, ICE PELLETS, HAIL    4 = ICE PELLETS
                        TOTAL MONTH:   0.0 INCH    5 = HAIL
                        GRTST 24HR     0.0         6 = FREEZING RAIN OR DRIZZLE
                        GRTST DEPTH:   0           7 = DUSTSTORM OR SANDSTORM:
                                                       VSBY 1/2 MILE OR LESS
                                                   8 = SMOKE OR HAZE
[NO. OF DAYS WITH]      [WEATHER - DAYS WITH]      9 = BLOWING SNOW
                                                   X = TORNADO
MAX 32 OR BELOW:   0    0.01 INCH OR MORE:   5
MAX 90 OR ABOVE:   0    0.10 INCH OR MORE:   4
MIN 32 OR BELOW:   0    0.50 INCH OR MORE:   2
MIN  0 OR BELOW:   0    1.00 INCH OR MORE:   2

[HDD (BASE 65) ]
TOTAL THIS MO.     0    CLEAR  (SCALE 0-3)   3
DPTR FM NORMAL     0    PTCLDY (SCALE 4-7)  10
TOTAL FM JUL 1  1487    CLOUDY (SCALE 8-10)  7
DPTR FM NORMAL   174

[CDD (BASE 65) ]
TOTAL THIS MO.   209
DPTR FM NORMAL    22    [PRESSURE DATA]
TOTAL FM JAN 1   450    HIGHEST SLP M ON M
DPTR FM NORMAL    22    LOWEST  SLP 29.81 ON 10

[REMARKS]
