000
CXUS54 KLCH 300846
CF6LCH
PRELIMINARY LOCAL CLIMATOLOGICAL DATA (WS FORM: F-6)

                                          STATION:   LAKE CHARLES
                                          MONTH:     MARCH
                                          YEAR:      2017
                                          LATITUDE:   30  7 N
                                          LONGITUDE:  93 13 W

  TEMPERATURE IN F:       :PCPN:    SNOW:  WIND      :SUNSHINE: SKY     :PK WND
================================================================================
1   2   3   4   5  6A  6B    7    8   9   10  11  12  13   14  15   16   17  18
                                     12Z  AVG MX 2MIN
DY MAX MIN AVG DEP HDD CDD  WTR  SNW DPTH SPD SPD DIR MIN PSBL S-S WX    SPD DR
================================================================================

 1  80  62  71  13   0   6 0.04  0.0    0 10.5 21 340   M    M   7 18     29 340
 2  69  47  58   0   7   0 0.00  0.0    0 14.1 28  50   M    M   0        33  50
 3  70  42  56  -2   9   0 0.00  0.0    0  8.3 23  70   M    M   0        28  50
 4  67  47  57  -2   8   0 0.03    M    0  6.9 13 120   M    M   6        16 110
 5  68  57  63   4   2   0 0.05  0.0    0 12.0 21 140   M    M   8 18     24 130
 6  75  64  70  11   0   5    T  0.0    0 16.2 29 160   M    M  10 18     36 140
 7  79  56  68   9   0   3 0.39  0.0    0 10.8 23 210   M    M   6 138    32 220
 8  74  55  65   5   0   0 0.00  0.0    0 11.3 21  70   M    M   8        26 140
 9  77  64  71  11   0   6 0.00  0.0    0  7.4 14 160   M    M   6        20 190
10  77  66  72  12   0   7 0.00  0.0    0  4.0 10 220   M    M   M 1      15 210
11  73  56  65   5   0   0 0.04  0.0    0  7.8 22  50   M    M   9 1      26  40
12  63  46  55  -5  10   0    T    M    0 14.7 24  50   M    M   6        33  50
13  67  45  56  -5   9   0 0.00  0.0    0  8.6 18  10   M    M   7        23 360
14  67  41  54  -7  11   0    T    M    0  6.5 16  20   M    M   0 1      22 360
15  62  44  53  -8  12   0 0.00  0.0    0  8.5 20  70   M    M   3        27  60
16  67  44  56  -5   9   0 0.00    M    0  9.6 21 140   M    M   7        24 160
17  75  54  65   3   0   0 0.00  0.0    0  7.8 16 160   M    M   4 12     24 160
18  80  56  68   6   0   3 0.00  0.0    0  5.0 14 220   M    M   5 12     18 210
19  81  58  70   8   0   5 0.00  0.0    0  3.5 14 220   M    M   4 128    19 230
20  81  60  71   9   0   6 0.00  0.0    0  7.2 15 240   M    M   2 1      21 230
21  81  57  69   7   0   4 0.00  0.0    0  6.3 15 200   M    M   2 12     20 210
22  82  60  71   8   0   6 0.00  0.0    0  3.9 12 180   M    M   3 12     16 230
23  83  56  70   7   0   5 0.00  0.0    0  6.0 16 150   M    M   4 12     20 160
24  78  68  73  10   0   8 0.00  0.0    0 16.8 29 160   M    M   6 18     37 150
25  77  58  68   5   0   3 0.95  0.0    0  8.4 23 260   M    M   7 138    39 270
26  81  63  72   8   0   7 0.00  0.0    0  8.2 20 150   M    M   8 12     26 150
27  79  70  75  11   0  10 0.00  0.0    0  9.5 17 170   M    M   9 1      23 190
28  84  68  76  12   0  11 0.00  0.0    0 12.3 24 150   M    M   6 18     30 150
29  81  66  74  10   0   9 2.61  0.0    0 13.4 30 150   M    M   9 1238   38 130
================================================================================
SM 2178 1630        77 104  4.11     0.0 265.5          M      152
================================================================================
AV 75.1 56.2                               9.2 FASTST   M    M   5    MAX(MPH)
                                 MISC ---->  # 30 150               # 39  270
================================================================================
NOTES:
# LAST OF SEVERAL OCCURRENCES

COLUMN 17 PEAK WIND IN M.P.H.

PRELIMINARY LOCAL CLIMATOLOGICAL DATA (WS FORM: F-6) , PAGE 2

                                          STATION:  LAKE CHARLES
                                          MONTH:    MARCH
                                          YEAR:     2017
                                          LATITUDE:   30  7 N
                                          LONGITUDE:  93 13 W

[TEMPERATURE DATA]      [PRECIPITATION DATA]       SYMBOLS USED IN COLUMN 16

AVERAGE MONTHLY: 65.7   TOTAL FOR MONTH:   4.11    1 = FOG OR MIST
DPTR FM NORMAL:   4.6   DPTR FM NORMAL:    0.67    2 = FOG REDUCING VISIBILITY
HIGHEST:    84 ON 28    GRTST 24HR  2.61 ON 29-29      TO 1/4 MILE OR LESS
LOWEST:     41 ON 14                               3 = THUNDER
                        SNOW, ICE PELLETS, HAIL    4 = ICE PELLETS
                        TOTAL MONTH:   0.0 INCH    5 = HAIL
                        GRTST 24HR     0.0         6 = FREEZING RAIN OR DRIZZLE
                        GRTST DEPTH:   0           7 = DUSTSTORM OR SANDSTORM:
                                                       VSBY 1/2 MILE OR LESS
                                                   8 = SMOKE OR HAZE
[NO. OF DAYS WITH]      [WEATHER - DAYS WITH]      9 = BLOWING SNOW
                                                   X = TORNADO
MAX 32 OR BELOW:   0    0.01 INCH OR MORE:   7
MAX 90 OR ABOVE:   0    0.10 INCH OR MORE:   3
MIN 32 OR BELOW:   0    0.50 INCH OR MORE:   2
MIN  0 OR BELOW:   0    1.00 INCH OR MORE:   1

[HDD (BASE 65) ]
TOTAL THIS MO.    77    CLEAR  (SCALE 0-3)   6
DPTR FM NORMAL   -79    PTCLDY (SCALE 4-7)  17
TOTAL FM JUL 1   735    CLOUDY (SCALE 8-10)  5
DPTR FM NORMAL  -703

[CDD (BASE 65) ]
TOTAL THIS MO.   104
DPTR FM NORMAL    59    [PRESSURE DATA]
TOTAL FM JAN 1   235    HIGHEST SLP M ON M
DPTR FM NORMAL   167    LOWEST  SLP 29.76 ON 29

[REMARKS]
