000
CXUS54 KSHV 281300
CF6LFK
PRELIMINARY LOCAL CLIMATOLOGICAL DATA (WS FORM: F-6)

                                          STATION:   LUFKIN
                                          MONTH:     MARCH
                                          YEAR:      2017
                                          LATITUDE:   31 14 N
                                          LONGITUDE:  94 45 W

  TEMPERATURE IN F:       :PCPN:    SNOW:  WIND      :SUNSHINE: SKY     :PK WND
================================================================================
1   2   3   4   5  6A  6B    7    8   9   10  11  12  13   14  15   16   17  18
                                     12Z  AVG MX 2MIN
DY MAX MIN AVG DEP HDD CDD  WTR  SNW DPTH SPD SPD DIR MIN PSBL S-S WX    SPD DR
================================================================================

 1  77  52  65   9   0   0    T  0.0    0  9.2 18 330   M    M   5 18     26 320
 2  67  42  55  -1  10   0 0.00  0.0    0  6.8 20  70   M    M   0        28  70
 3  70  34  52  -4  13   0 0.00  0.0    0  4.5 17  60   M    M   0        24 120
 4  55  42  49  -8  16   0 0.35  0.0    0  5.7 13 110   M    M   8 1      17 110
 5  64  51  58   1   7   0 0.55  0.0    0  8.8 16 120   M    M  10 1      20 130
 6  73  64  69  12   0   4 0.41  0.0    0 10.5 23 160   M    M  10 1      28 160
 7  74  54  64   6   1   0 0.19  0.0    0  6.6 16 350   M    M   9 13     22 340
 8  73  48  61   3   4   0    T    M    0  6.7 18 120   M    M   8        24 120
 9  76  62  69  11   0   4 0.00  0.0    0  6.6 12 160   M    M   7 1      17 150
10  83  64  74  16   0   9 0.10  0.0    0  4.3 20 160   M    M   7 123    26 150
11  69  47  58   0   7   0    T    M    0  6.2 17  30   M    M   9        24  20
12  60  42  51  -8  14   0 0.00  0.0    0  8.0 18  30   M    M   5        25  30
13  59  45  52  -7  13   0 0.00  0.0    0  4.7 14 320   M    M   6        19 330
14  65  35  50  -9  15   0 0.00  0.0    0  3.5 10  20   M    M   1        13  20
15  62  43  53  -6  12   0 0.00  0.0    0  6.1 15 100   M    M   2        22  80
16  67  45  56  -4   9   0    T    M    0  9.8 16 150   M    M   8        20 170
17  79  60  70  10   0   5 0.00  0.0    0  9.7 20 180   M    M   7        26 190
18  82  58  70  10   0   5 0.00  0.0    0  4.2 10 200   M    M   5 12     15 200
19  82  59  71  11   0   6 0.00  0.0    0  4.4 14 220   M    M   5 128    18 170
20  84  64  74  14   0   9 0.00  0.0    0  8.3 17 210   M    M   4        24 190
21  84  61  73  12   0   8 0.00  0.0    0  7.9 16 210   M    M   3        22 220
22  82  59  71  10   0   6 0.00  0.0    0  5.8 13 200   M    M   4 12     19 210
23  85  63  74  13   0   9 0.00  0.0    0 11.1 23 170   M    M   3        30 160
24  81  58  70   9   0   5 0.38  0.0    0 13.1 33 150   M    M   8 13     43 140
25  76  51  64   2   1   0 0.00  0.0    0  5.3 15 240   M    M   2 1      22 240
26  84  48  66   4   0   1    T  0.0    0  8.6 21 150   M    M   2 1      28 150
27  81  66  74  12   0   9 0.00  0.0    0  7.0 15 200   M    M   7 18     18 200
================================================================================
SM 1994 1417       122  80  1.98     0.0 193.4          M      145
================================================================================
AV 73.9 52.5                               7.2 FASTST   M    M   5    MAX(MPH)
                                 MISC ---->  # 33 150               # 43  140
================================================================================
NOTES:
# LAST OF SEVERAL OCCURRENCES

COLUMN 17 PEAK WIND IN M.P.H.

PRELIMINARY LOCAL CLIMATOLOGICAL DATA (WS FORM: F-6) , PAGE 2

                                          STATION:  LUFKIN
                                          MONTH:    MARCH
                                          YEAR:     2017
                                          LATITUDE:   31 14 N
                                          LONGITUDE:  94 45 W

[TEMPERATURE DATA]      [PRECIPITATION DATA]       SYMBOLS USED IN COLUMN 16

AVERAGE MONTHLY: 63.2   TOTAL FOR MONTH:   1.98    1 = FOG OR MIST
DPTR FM NORMAL:   4.1   DPTR FM NORMAL:   -1.35    2 = FOG REDUCING VISIBILITY
HIGHEST:    85 ON 23    GRTST 24HR  0.55 ON  5- 5      TO 1/4 MILE OR LESS
LOWEST:     34 ON  3                               3 = THUNDER
                        SNOW, ICE PELLETS, HAIL    4 = ICE PELLETS
                        TOTAL MONTH:   0.0 INCH    5 = HAIL
                        GRTST 24HR     0.0         6 = FREEZING RAIN OR DRIZZLE
                        GRTST DEPTH:   0           7 = DUSTSTORM OR SANDSTORM:
                                                       VSBY 1/2 MILE OR LESS
                                                   8 = SMOKE OR HAZE
[NO. OF DAYS WITH]      [WEATHER - DAYS WITH]      9 = BLOWING SNOW
                                                   X = TORNADO
MAX 32 OR BELOW:   0    0.01 INCH OR MORE:   6
MAX 90 OR ABOVE:   0    0.10 INCH OR MORE:   6
MIN 32 OR BELOW:   0    0.50 INCH OR MORE:   1
MIN  0 OR BELOW:   0    1.00 INCH OR MORE:   0

[HDD (BASE 65) ]
TOTAL THIS MO.   122    CLEAR  (SCALE 0-3)   8
DPTR FM NORMAL   -71    PTCLDY (SCALE 4-7)  14
TOTAL FM JUL 1  1098    CLOUDY (SCALE 8-10)  5
DPTR FM NORMAL  -729

[CDD (BASE 65) ]
TOTAL THIS MO.    80
DPTR FM NORMAL    47    [PRESSURE DATA]
TOTAL FM JAN 1   162    HIGHEST SLP M ON M
DPTR FM NORMAL   110    LOWEST  SLP 29.81 ON M

[REMARKS]
