000
CXUS55 KLOX 261655
CF6LGB
PRELIMINARY LOCAL CLIMATOLOGICAL DATA (WS FORM: F-6)

                                          STATION:   LONG BEACH AIRPORT CA
                                          MONTH:     MARCH
                                          YEAR:      2017
                                          LATITUDE:   33 49 N
                                          LONGITUDE: 118  9 W

  TEMPERATURE IN F:       :PCPN:    SNOW:  WIND      :SUNSHINE: SKY     :PK WND
================================================================================
1   2   3   4   5  6A  6B    7    8   9   10  11  12  13   14  15   16   17  18
                                     12Z  AVG MX 2MIN
DY MAX MIN AVG DEP HDD CDD  WTR  SNW DPTH SPD SPD DIR MIN PSBL S-S WX    SPD DR
================================================================================

 1  76  44  60   2   5   0 0.00  0.0    0  5.0 15 290   M    M   0 8      20  90
 2  82  45  64   5   1   0 0.00  0.0    0  5.3 16 290   M    M   0        23  60
 3  81  50  66   7   0   1 0.00  0.0    0  4.6 12 300   M    M   0        14 310
 4  66  51  59   0   6   0 0.00  0.0    0  4.2 12 150   M    M   2 12     14 190
 5  63  50  57  -2   8   0 0.05  0.0    0  7.7 17 260   M    M   5 18     24 250
 6  64  43  54  -5  11   0 0.00  0.0    0  5.7 16 290   M    M   0        22 290
 7  74  46  60   1   5   0 0.00  0.0    0  4.3 15 290   M    M   0        17 290
 8  86  51  69  10   0   4 0.00  0.0    0  3.3 16 290   M    M   0        18 290
 9  83  52  68   9   0   3 0.00  0.0    0  3.1 10 310   M    M   0 8      13 300
10  82  54  68   9   0   3 0.00  0.0    0  4.2 15 300   M    M   0 18     16 310
11  77  54  66   7   0   1 0.00  0.0    0  3.9 10 300   M    M   1 18     14 180
12  77  54  66   7   0   1 0.00  0.0    0  4.2 13 300   M    M   5 18     14 300
13  74  55  65   6   0   0 0.00  0.0    0  3.7 12 170   M    M   6 18     15 170
14  85  54  70  11   0   5 0.00  0.0    0  3.6 14 290   M    M   4 128    16 290
15  81  55  68   8   0   3 0.00  0.0    0  4.8 16 290   M    M   0 18     20 280
16  70  56  63   3   2   0 0.00  0.0    0  4.4  9 150   M    M   2 18     15 210
17  76  52  64   4   1   0 0.00  0.0    0  4.4 12 320   M    M   3 128     M  M
18  69  57  63   3   2   0 0.00  0.0    0  4.6 10 300   M    M   4 18     13 210
19  73  56  65   5   0   0 0.00  0.0    0  4.3 10 310   M    M   4 18     14 290
20  68  59  64   4   1   0 0.00  0.0    0  6.2 13 310   M    M   5        18 270
21  66  56  61   1   4   0 0.10  0.0    0  4.0  9 190   M    M   8 18     13 140
22  68  56  62   2   3   0    T  0.0    0 10.0 22 280   M    M   5 1      30 290
23  70  53  62   2   3   0 0.00  0.0    0  7.7 18 340   M    M   0        22 310
24  70  51  61   1   4   0 0.00  0.0    0  5.2 20 290   M    M   0        25 290
25  67  55  61   1   4   0 0.00  0.0    0  4.6 15 300   M    M   6        19 210
================================================================================
SM 1848 1309        60  21  0.15     0.0 123.0          M       60
================================================================================
AV 73.9 52.4                               4.9 FASTST   M    M   2    MAX(MPH)
                                 MISC ---->  # 22 280               # 30  290
================================================================================
NOTES:
# LAST OF SEVERAL OCCURRENCES

COLUMN 17 PEAK WIND IN M.P.H.

PRELIMINARY LOCAL CLIMATOLOGICAL DATA (WS FORM: F-6) , PAGE 2

                                          STATION:  LONG BEACH AIRPORT CA
                                          MONTH:    MARCH
                                          YEAR:     2017
                                          LATITUDE:   33 49 N
                                          LONGITUDE: 118  9 W

[TEMPERATURE DATA]      [PRECIPITATION DATA]       SYMBOLS USED IN COLUMN 16

AVERAGE MONTHLY: 63.1   TOTAL FOR MONTH:   0.15    1 = FOG OR MIST
DPTR FM NORMAL:   3.7   DPTR FM NORMAL:   -1.47    2 = FOG REDUCING VISIBILITY
HIGHEST:    86 ON  8    GRTST 24HR  0.10 ON 21-21      TO 1/4 MILE OR LESS
LOWEST:     43 ON  6                               3 = THUNDER
                        SNOW, ICE PELLETS, HAIL    4 = ICE PELLETS
                        TOTAL MONTH:   0.0 INCH    5 = HAIL
                        GRTST 24HR     0.0         6 = FREEZING RAIN OR DRIZZLE
                        GRTST DEPTH:   0           7 = DUSTSTORM OR SANDSTORM:
                                                       VSBY 1/2 MILE OR LESS
                                                   8 = SMOKE OR HAZE
[NO. OF DAYS WITH]      [WEATHER - DAYS WITH]      9 = BLOWING SNOW
                                                   X = TORNADO
MAX 32 OR BELOW:   0    0.01 INCH OR MORE:   2
MAX 90 OR ABOVE:   0    0.10 INCH OR MORE:   1
MIN 32 OR BELOW:   0    0.50 INCH OR MORE:   0
MIN  0 OR BELOW:   0    1.00 INCH OR MORE:   0

[HDD (BASE 65) ]
TOTAL THIS MO.    60    CLEAR  (SCALE 0-3)  15
DPTR FM NORMAL   -88    PTCLDY (SCALE 4-7)   9
TOTAL FM JUL 1   838    CLOUDY (SCALE 8-10)  1
DPTR FM NORMAL  -201

[CDD (BASE 65) ]
TOTAL THIS MO.    21
DPTR FM NORMAL    21    [PRESSURE DATA]
TOTAL FM JAN 1    22    HIGHEST SLP M ON M
DPTR FM NORMAL    14    LOWEST  SLP 29.90 ON M

[REMARKS]
