000
CXUS56 KMFR 281000
CF6LMT
PRELIMINARY LOCAL CLIMATOLOGICAL DATA (WS FORM: F-6)

                                          STATION:   KLAMATH FALLS OR
                                          MONTH:     JULY
                                          YEAR:      2015
                                          LATITUDE:   42  9 N
                                          LONGITUDE: 121 44 W

  TEMPERATURE IN F:       :PCPN:    SNOW:  WIND      :SUNSHINE: SKY     :PK WND
================================================================================
1   2   3   4   5  6A  6B    7    8   9   10  11  12  13   14  15   16   17  18
                                     12Z  AVG MX 2MIN
DY MAX MIN AVG DEP HDD CDD  WTR  SNW DPTH SPD SPD DIR MIN PSBL S-S WX    SPD DR
================================================================================

 1  98  57  78  15   0  13 0.00    M    M  5.0 17 340   M    M   0        22 320
 2  99  59  79  16   0  14 0.00    M    M  6.4 23 320   M    M   0        27 330
 3  96  60  78  14   0  13 0.00    M    M  6.7 20 330   M    M   1        25 330
 4  94  63  79  15   0  14 0.00    M    M  6.5 23 210   M    M   1 8      28 210
 5  86  56  71   7   0   6    T    M    M 10.3 26 360   M    M   3 3      33 360
 6  90  49  70   6   0   5 0.00    M    M  3.9 15 300   M    M   1 3      17 310
 7  89  55  72   7   0   7 0.19    M    M  5.8 28 280   M    M   3 38     32 280
 8  74  57  66   1   0   1 0.03    M    M  5.9 22 330   M    M   6        25 320
 9  80  57  69   4   0   4 0.22    M    M  6.5 28 260   M    M   4 3      32 260
10  72  54  63  -2   2   0 0.03    M    M  6.0 16 180   M    M   7 3      19 180
11  77  54  66   0   0   1 0.03    M    M  8.1 25 240   M    M   6        31 270
12  78  53  66   0   0   1    T    M    M  7.1 23 300   M    M   5        27 290
13  80  47  64  -2   1   0    T    M    M  5.3 20 330   M    M   2 3      22 340
14  79  48  64  -2   1   0 0.00    M    M  6.5 20 340   M    M   1 3      25 330
15  83  50  67   1   0   2 0.00    M    M  6.3 20 340   M    M   1        23 340
16  84  46  65  -2   0   0 0.00    M    M  7.5 21 330   M    M   0        24 330
17  84  50  67   0   0   2 0.00    M    M  9.2 20 330   M    M   0        23 330
18  87  51  69   2   0   4 0.00    M    M  5.3 15  20   M    M   0        19  10
19  89  48  69   2   0   4 0.00    M    M  6.5 18 320   M    M   1        23 320
20  89  51  70   3   0   5 0.00    M    M  6.3 22 330   M    M   1        25 330
21  88  51  70   3   0   5 0.02    M    M  6.2 22 280   M    M   1 3      27 280
22  82  51  67   0   0   2 0.00    M    M  5.9 23 340   M    M   2        27 350
23  81  45  63  -4   2   0 0.00    M    M  4.8 17 340   M    M   0 8      21 330
24  83  45  64  -3   1   0 0.00    M    M  5.9 18 330   M    M   0        25 280
25  82  47  65  -2   0   0 0.00    M    M  6.8 20 300   M    M   0        26 250
26  76  45  61  -6   4   0 0.00    M    M  8.2 26 330   M    M   1 1      32 310
27   M   M   M   M   M   M    M    M    M   M   M   M   M    M   M 1       M  M
================================================================================
SM 2200 1349        11 103  0.52    M    168.9          M       47
================================================================================
AV 84.6 51.9                               6.5 FASTST   M    M   2    MAX(MPH)
                                 MISC ---->  # 28 280               # 33  360
================================================================================
NOTES:
# LAST OF SEVERAL OCCURRENCES

COLUMN 17 PEAK WIND IN M.P.H.

PRELIMINARY LOCAL CLIMATOLOGICAL DATA (WS FORM: F-6) , PAGE 2

                                          STATION:  KLAMATH FALLS OR
                                          MONTH:    JULY
                                          YEAR:     2015
                                          LATITUDE:   42  9 N
                                          LONGITUDE: 121 44 W

[TEMPERATURE DATA]      [PRECIPITATION DATA]       SYMBOLS USED IN COLUMN 16

AVERAGE MONTHLY: 68.2   TOTAL FOR MONTH:   0.52    1 = FOG OR MIST
DPTR FM NORMAL:   2.5   DPTR FM NORMAL:    0.07    2 = FOG REDUCING VISIBILITY
HIGHEST:    99 ON  2    GRTST 24HR  0.25 ON  9-10      TO 1/4 MILE OR LESS
LOWEST:     45 ON 26,24                            3 = THUNDER
                        SNOW, ICE PELLETS, HAIL    4 = ICE PELLETS
                        TOTAL MONTH:    M          5 = HAIL
                        GRTST 24HR    M  ON   M    6 = FREEZING RAIN OR DRIZZLE
                        GRTST DEPTH:  M  ON   M    7 = DUSTSTORM OR SANDSTORM:
                                                       VSBY 1/2 MILE OR LESS
                                                   8 = SMOKE OR HAZE
[NO. OF DAYS WITH]      [WEATHER - DAYS WITH]      9 = BLOWING SNOW
                                                   X = TORNADO
MAX 32 OR BELOW:   0    0.01 INCH OR MORE:   6
MAX 90 OR ABOVE:   5    0.10 INCH OR MORE:   2
MIN 32 OR BELOW:   0    0.50 INCH OR MORE:   0
MIN  0 OR BELOW:   0    1.00 INCH OR MORE:   0

[HDD (BASE 65) ]
TOTAL THIS MO.    11    CLEAR  (SCALE 0-3)  21
DPTR FM NORMAL   -32    PTCLDY (SCALE 4-7)   5
TOTAL FM JUL 1    11    CLOUDY (SCALE 8-10)  0
DPTR FM NORMAL   -32

[CDD (BASE 65) ]
TOTAL THIS MO.   103
DPTR FM NORMAL    37    [PRESSURE DATA]
TOTAL FM JAN 1   197    HIGHEST SLP M ON M
DPTR FM NORMAL   119    LOWEST  SLP  0.00 ON M

[REMARKS]
