000
CXUS53 KOAX 241000
CF6LNK
PRELIMINARY LOCAL CLIMATOLOGICAL DATA (WS FORM: F-6)

                                          STATION:   LINCOLN, NEBRASKA
                                          MONTH:     NOVEMBER
                                          YEAR:      2017
                                          LATITUDE:   40 50 N
                                          LONGITUDE:  96 45 W

  TEMPERATURE IN F:       :PCPN:    SNOW:  WIND      :SUNSHINE: SKY     :PK WND
================================================================================
1   2   3   4   5  6A  6B    7    8   9   10  11  12  13   14  15   16   17  18
                                     12Z  AVG MX 2MIN
DY MAX MIN AVG DEP HDD CDD  WTR  SNW DPTH SPD SPD DIR MIN PSBL S-S WX    SPD DR
================================================================================

 1  51  31  41  -6  24   0 0.00  0.0    0  9.6 22 160   M    M   2        26 170
 2  56  30  43  -3  22   0 0.00  0.0    0   M  17  20   M    M   2 1      22  20
 3  49  26  38  -8  27   0 0.00  0.0    0  6.9 16  70   M    M   4 1      18  70
 4  54  44  49   4  16   0 0.00  0.0    0  4.8 14 180   M    M   7 8      19 220
 5  50  32  41  -4  24   0 0.00  0.0    0 14.9 28 350   M    M   6        32 350
 6  47  23  35  -9  30   0 0.00  0.0    0   M   M   M   M    M   2        13  60
 7  45  22  34 -10  31   0 0.00  0.0    0   M   M   M   M    M   6 8      16  30
 8  53  19  36  -7  29   0 0.00  0.0    0   M   M   M   M    M   0 1      15 220
 9  41  24  33  -9  32   0 0.00  0.0    0   M   M   M   M    M   0        20  30
10  36  21  29 -13  36   0 0.00  0.0    0   M   M   M   M    M   7        21 140
11  46  36  41   0  24   0 0.01  0.0    0   M   M   M   M    M  10 12     18 140
12  54  25  40  -1  25   0 0.00  0.0    0   M   M   M   M    M   4 18     12 360
13  46  22  34  -6  31   0 0.00  0.0    0   M  17 190   M    M   8 128    22 190
14  54  46  50  10  15   0 0.00  0.0    0   M   M   M   M    M  10 12     21 200
15  56  24  40   1  25   0 0.00  0.0    0  9.7 21 330   M    M   0 1      24 330
16  55  20  38  -1  27   0 0.00  0.0    0 10.5 24 160   M    M   0        30 140
17  66  45  56  18   9   0    T  0.0    0 12.1 28  10   M    M   7 8      33  20
18  52  24  38   0  27   0 0.06  0.0    0 16.9 32 330   M    M   4 1      40 330
19  57  21  39   2  26   0 0.00  0.0    0  8.1 21 220   M    M   0        25 230
20  61  32  47  11  18   0 0.00  0.0    0  9.7 23 210   M    M   0        27 210
21  45  16  31  -5  34   0    T  0.0    0 15.4 36 360   M    M   2        45 340
22  43  12  28  -7  37   0 0.00  0.0    0  8.6 18 210   M    M   0 8      24 190
23  71  29  50  15  15   0 0.00  0.0    0  4.5 13 190   M    M   0        17 190
================================================================================
SM 1188  624       584   0  0.07     0.0 131.7          M       81
================================================================================
AV 51.7 27.1                              10.1 FASTST   M    M   4    MAX(MPH)
                                 MISC ---->  # 36 360               # 45  340
================================================================================
NOTES:
# LAST OF SEVERAL OCCURRENCES

COLUMN 17 PEAK WIND IN M.P.H.

PRELIMINARY LOCAL CLIMATOLOGICAL DATA (WS FORM: F-6) , PAGE 2

                                          STATION:  LINCOLN, NEBRASKA
                                          MONTH:    NOVEMBER
                                          YEAR:     2017
                                          LATITUDE:   40 50 N
                                          LONGITUDE:  96 45 W

[TEMPERATURE DATA]      [PRECIPITATION DATA]       SYMBOLS USED IN COLUMN 16

AVERAGE MONTHLY: 39.4   TOTAL FOR MONTH:   0.07    1 = FOG OR MIST
DPTR FM NORMAL:  -1.4   DPTR FM NORMAL:   -1.07    2 = FOG REDUCING VISIBILITY
HIGHEST:    71 ON 23    GRTST 24HR  0.06 ON 18-18      TO 1/4 MILE OR LESS
LOWEST:     12 ON 22                               3 = THUNDER
                        SNOW, ICE PELLETS, HAIL    4 = ICE PELLETS
                        TOTAL MONTH:   0.0 INCH    5 = HAIL
                        GRTST 24HR     0.0         6 = FREEZING RAIN OR DRIZZLE
                        GRTST DEPTH:   0           7 = DUSTSTORM OR SANDSTORM:
                                                       VSBY 1/2 MILE OR LESS
                                                   8 = SMOKE OR HAZE
[NO. OF DAYS WITH]      [WEATHER - DAYS WITH]      9 = BLOWING SNOW
                                                   X = TORNADO
MAX 32 OR BELOW:   0    0.01 INCH OR MORE:   2
MAX 90 OR ABOVE:   0    0.10 INCH OR MORE:   0
MIN 32 OR BELOW:  19    0.50 INCH OR MORE:   0
MIN  0 OR BELOW:   0    1.00 INCH OR MORE:   0

[HDD (BASE 65) ]
TOTAL THIS MO.   584    CLEAR  (SCALE 0-3)  12
DPTR FM NORMAL    27    PTCLDY (SCALE 4-7)   9
TOTAL FM JUL 1   925    CLOUDY (SCALE 8-10)  2
DPTR FM NORMAL  -111

[CDD (BASE 65) ]
TOTAL THIS MO.     0
DPTR FM NORMAL     0    [PRESSURE DATA]
TOTAL FM JAN 1  1252    HIGHEST SLP M ON M
DPTR FM NORMAL    79    LOWEST  SLP 29.48 ON 17

[REMARKS]
