000
CXUS53 KLMK 010800
CF6LOU
PRELIMINARY LOCAL CLIMATOLOGICAL DATA (WS FORM: F-6)

                                          STATION:   LOUISVILLE BOWMAN KY
                                          MONTH:     JULY
                                          YEAR:      2014
                                          LATITUDE:   38 13 N
                                          LONGITUDE:  85 40 W

  TEMPERATURE IN F:       :PCPN:    SNOW:  WIND      :SUNSHINE: SKY     :PK WND
================================================================================
1   2   3   4   5  6A  6B    7    8   9   10  11  12  13   14  15   16   17  18
                                     12Z  AVG MX 2MIN
DY MAX MIN AVG DEP HDD CDD  WTR  SNW DPTH SPD SPD DIR MIN PSBL S-S WX    SPD DR
================================================================================

 1  93  70  82   4   0  17 0.13    M    M  7.8 32 300   M    M   5 138    47 300
 2  87  68  78   0   0  13 0.52    M    M  5.9 28 310   M    M   6 138    32 310
 3  75  61  68 -10   0   3 0.00    M    M  6.3 13 320   M    M   6        17 290
 4  81  56  69  -9   0   4 0.00    M    M  4.6 14  50   M    M   0        20  50
 5  83  57  70  -8   0   5 0.00    M    M  2.6 13 130   M    M   0        18 120
 6  87  64  76  -2   0  11 0.00    M    M  6.8 17 240   M    M   0        23 250
 7  89  72  81   3   0  16 0.06    M    M  8.8 23 300   M    M   3 13     29 300
 8  87  72  80   2   0  15 0.03    M    M  9.3 21 250   M    M   5 13     28 260
 9  87  69  78   0   0  13 0.00    M    M  5.1 14 310   M    M   2        22 250
10  88  67  78   0   0  13 0.00    M    M  4.6 14 330   M    M   3        16 320
11  90  62  76  -2   0  11 0.00    M    M  2.8  9 210   M    M   0        14 300
12  89  66  78   0   0  13 0.00    M    M  4.1 12 260   M    M   1 8      15 240
13  95  73  84   6   0  19 1.25    M    M  7.2 18 250   M    M   3 13     27 220
14  85  69  77  -1   0  12 0.19    M    M  5.8 23 350   M    M   5 13     31 360
15  77  62  70  -8   0   5 0.00    M    M  8.9 18 310   M    M   3 1      26 280
16  77  57  67 -11   0   2 0.00    M    M  3.0 12 360   M    M   3        15 360
17  80  57  69  -9   0   4 0.00    M    M  3.1 13 360   M    M   1        17 360
18  72  62  67 -11   0   2 0.01    M    M  4.3  9  70   M    M   5 18     12  70
19  76  65  71  -7   0   6 0.00    M    M  4.2  9  70   M    M  10        14  30
20  85  69  77  -1   0  12    T    M    M  3.8 10 350   M    M   7        16 350
21  90  66  78   0   0  13 0.00    M    M  2.3  9  60   M    M   2 18     13  30
22  94  68  81   3   0  16 0.00    M    M  2.8 12 250   M    M   2 18     15 230
23  87  72  80   2   0  15    T    M    M  5.0 15 350   M    M   4        19 350
24  80  67  74  -4   0   9 0.00    M    M  8.0 15  30   M    M   5        22  50
25  85  57  71  -7   0   6 0.00    M    M  3.6 13 200   M    M   1        16 190
26  93  67  80   2   0  15 0.96    M    M  6.8 32 280   M    M   3 13     44 280
27  91  69  80   2   0  15 0.66    M    M  9.9 26 290   M    M   5 13     36 280
28  78  63  71  -7   0   6    T    M    M  8.3 15 310   M    M   4        21 300
29  78  53  66 -12   0   1 0.00    M    M  4.9 13 310   M    M   1        18 360
30  81  60  71  -7   0   6 0.00    M    M  3.5 14 230   M    M   1        19 280
31  84  62  73  -5   0   8 0.00    M    M  2.2 13  70   M    M   1 18     17  40
================================================================================
SM 2624 2002         0 306  3.81    M    166.3          M       97
================================================================================
AV 84.6 64.6                               5.4 FASTST   M    M   3    MAX(MPH)
                                 MISC ---->  # 32 300               # 47  300
================================================================================
NOTES:
# LAST OF SEVERAL OCCURRENCES

COLUMN 17 PEAK WIND IN M.P.H.

PRELIMINARY LOCAL CLIMATOLOGICAL DATA (WS FORM: F-6) , PAGE 2

                                          STATION:  LOUISVILLE BOWMAN KY
                                          MONTH:    JULY
                                          YEAR:     2014
                                          LATITUDE:   38 13 N
                                          LONGITUDE:  85 40 W

[TEMPERATURE DATA]      [PRECIPITATION DATA]       SYMBOLS USED IN COLUMN 16

AVERAGE MONTHLY: 74.6   TOTAL FOR MONTH:   3.81    1 = FOG OR MIST
DPTR FM NORMAL:  -3.2   DPTR FM NORMAL:   -0.36    2 = FOG REDUCING VISIBILITY
HIGHEST:    95 ON 13    GRTST 24HR  1.62 ON 26-27      TO 1/4 MILE OR LESS
LOWEST:     53 ON 29                               3 = THUNDER
                        SNOW, ICE PELLETS, HAIL    4 = ICE PELLETS
                        TOTAL MONTH:    M          5 = HAIL
                        GRTST 24HR    M  ON   M    6 = FREEZING RAIN OR DRIZZLE
                        GRTST DEPTH:  M  ON   M    7 = DUSTSTORM OR SANDSTORM:
                                                       VSBY 1/2 MILE OR LESS
                                                   8 = SMOKE OR HAZE
[NO. OF DAYS WITH]      [WEATHER - DAYS WITH]      9 = BLOWING SNOW
                                                   X = TORNADO
MAX 32 OR BELOW:   0    0.01 INCH OR MORE:   9
MAX 90 OR ABOVE:   7    0.10 INCH OR MORE:   6
MIN 32 OR BELOW:   0    0.50 INCH OR MORE:   4
MIN  0 OR BELOW:   0    1.00 INCH OR MORE:   1

[HDD (BASE 65) ]
TOTAL THIS MO.     0    CLEAR  (SCALE 0-3)  18
DPTR FM NORMAL     0    PTCLDY (SCALE 4-7)  12
TOTAL FM JUL 1     0    CLOUDY (SCALE 8-10)  1
DPTR FM NORMAL     0

[CDD (BASE 65) ]
TOTAL THIS MO.   306
DPTR FM NORMAL   -92    [PRESSURE DATA]
TOTAL FM JAN 1   965    HIGHEST SLP 30.30 ON  5
DPTR FM NORMAL   115    LOWEST  SLP 29.72 ON 27

[REMARKS]
#FINAL-07-14#
