000
CXUS55 KJKL 271000
CF6LOZ
PRELIMINARY LOCAL CLIMATOLOGICAL DATA (WS FORM: F-6)

                                          STATION:   LONDON KY
                                          MONTH:     FEBRUARY
                                          YEAR:      2017
                                          LATITUDE:   37  4 N
                                          LONGITUDE:  84  5 W

  TEMPERATURE IN F:       :PCPN:    SNOW:  WIND      :SUNSHINE: SKY     :PK WND
================================================================================
1   2   3   4   5  6A  6B    7    8   9   10  11  12  13   14  15   16   17  18
                                     12Z  AVG MX 2MIN
DY MAX MIN AVG DEP HDD CDD  WTR  SNW DPTH SPD SPD DIR MIN PSBL S-S WX    SPD DR
================================================================================

 1  51  32  42   5  23   0 0.00    M    M  2.3 12  20   M    M   2 8      15  20
 2  46  29  38   1  27   0 0.00    M    M  3.4 12 350   M    M   2        15 340
 3  35  21  28  -9  37   0 0.00    M    M  7.4 15 300   M    M   7        20 300
 4  43  14  29  -8  36   0 0.00    M    M  3.5 12 100   M    M   1        16 190
 5  55  36  46   9  19   0    T    M    M  7.4 16 200   M    M   6        21 230
 6  63  28  46   8  19   0 0.04    M    M  4.9 16 200   M    M   3 1      21 190
 7  68  51  60  22   5   0 0.14    M    M 11.2 28 220   M    M   8 13     42 200
 8  61  38  50  12  15   0 0.18    M    M  6.3 23 300   M    M   6 13     32 290
 9  38  20  29  -9  36   0    T    M    M 10.5 24 290   M    M   7 1      34 300
10  57  19  38   0  27   0 0.00    M    M  8.1 21 210   M    M   0        28 200
11  62  54  58  19   7   0    T    M    M  7.7 17 220   M    M   8        24 240
12  72  43  58  19   7   0    T    M    M 12.0 25 270   M    M   7        32 280
13  51  31  41   2  24   0 0.00    M    M  3.8 14 340   M    M   0        18 330
14  45  28  37  -2  28   0 0.17    M    M  3.3 14 190   M    M   8 1      19 190
15  46  31  39  -1  26   0 0.17    M    M  7.8 18 320   M    M   5 1      24 330
16  50  25  38  -2  27   0 0.00    M    M  4.7 15 250   M    M   3        20 250
17  67  35  51  11  14   0 0.00    M    M  8.1 17 230   M    M   0        26 250
18  55  38  47   7  18   0 0.07    M    M  3.4 17 230   M    M   7 12     23 230
19  64  43  54  14  11   0 0.00    M    M  1.7  8 190   M    M   6 128    11 200
20  70  35  53  12  12   0 0.00    M    M  1.2  9  80   M    M   0        13 100
21  71  46  59  18   6   0    T    M    M  3.8 14 160   M    M   4        20 160
22  63  53  58  17   7   0 0.36    M    M  3.5 10  10   M    M   8 1      11  10
23  71  45  58  16   7   0 0.00    M    M  2.3 13 190   M    M   7 12     17 200
24  76  53  65  23   0   0 0.00    M    M 10.2 22 220   M    M   0        33 220
25  68  28  48   6  17   0    M    M    M 10.2 26 260   M    M   6 13     33 260
26  49  22  36  -6  29   0 0.00    M    M  2.1 12 180   M    M   0        17 200
================================================================================
SM 1497  898       484   0  1.13    M    150.8          M      111
================================================================================
AV 57.6 34.5                               5.8 FASTST   M    M   4    MAX(MPH)
                                 MISC ---->  # 28 220               # 42  200
================================================================================
NOTES:
# LAST OF SEVERAL OCCURRENCES

COLUMN 17 PEAK WIND IN M.P.H.

PRELIMINARY LOCAL CLIMATOLOGICAL DATA (WS FORM: F-6) , PAGE 2

                                          STATION:  LONDON KY
                                          MONTH:    FEBRUARY
                                          YEAR:     2017
                                          LATITUDE:   37  4 N
                                          LONGITUDE:  84  5 W

[TEMPERATURE DATA]      [PRECIPITATION DATA]       SYMBOLS USED IN COLUMN 16

AVERAGE MONTHLY: 46.1   TOTAL FOR MONTH:   1.13    1 = FOG OR MIST
DPTR FM NORMAL:   6.8   DPTR FM NORMAL:   -2.31    2 = FOG REDUCING VISIBILITY
HIGHEST:    76 ON 24    GRTST 24HR  0.36 ON 22-22      TO 1/4 MILE OR LESS
LOWEST:     14 ON  4                               3 = THUNDER
                        SNOW, ICE PELLETS, HAIL    4 = ICE PELLETS
                        TOTAL MONTH:    M          5 = HAIL
                        GRTST 24HR    M  ON   M    6 = FREEZING RAIN OR DRIZZLE
                        GRTST DEPTH:  M  ON   M    7 = DUSTSTORM OR SANDSTORM:
                                                       VSBY 1/2 MILE OR LESS
                                                   8 = SMOKE OR HAZE
[NO. OF DAYS WITH]      [WEATHER - DAYS WITH]      9 = BLOWING SNOW
                                                   X = TORNADO
MAX 32 OR BELOW:   0    0.01 INCH OR MORE:   7
MAX 90 OR ABOVE:   0    0.10 INCH OR MORE:   5
MIN 32 OR BELOW:  13    0.50 INCH OR MORE:   0
MIN  0 OR BELOW:   0    1.00 INCH OR MORE:   0

[HDD (BASE 65) ]
TOTAL THIS MO.   484    CLEAR  (SCALE 0-3)  11
DPTR FM NORMAL  -183    PTCLDY (SCALE 4-7)  13
TOTAL FM JUL 1  2561    CLOUDY (SCALE 8-10)  2
DPTR FM NORMAL  -669

[CDD (BASE 65) ]
TOTAL THIS MO.     0
DPTR FM NORMAL     0    [PRESSURE DATA]
TOTAL FM JAN 1     0    HIGHEST SLP M ON M
DPTR FM NORMAL     0    LOWEST  SLP 29.56 ON 25

[REMARKS]
