000
CXUS54 KCRP 241300
CF6LRD
PRELIMINARY LOCAL CLIMATOLOGICAL DATA (WS FORM: F-6)

                                          STATION:   LAREDO
                                          MONTH:     MAY
                                          YEAR:      2016
                                          LATITUDE:   27 31 N
                                          LONGITUDE:  99 28 W

  TEMPERATURE IN F:       :PCPN:    SNOW:  WIND      :SUNSHINE: SKY     :PK WND
================================================================================
1   2   3   4   5  6A  6B    7    8   9   10  11  12  13   14  15   16   17  18
                                     12Z  AVG MX 2MIN
DY MAX MIN AVG DEP HDD CDD  WTR  SNW DPTH SPD SPD DIR MIN PSBL S-S WX    SPD DR
================================================================================

 1  95  73  84   5   0  19 0.00  0.0    0  9.4 21  40   M    M   5 18     31  40
 2  76  64  70 -10   0   5    T  0.0    0 14.0 20 330   M    M  10        24 320
 3  83  63  73  -7   0   8 0.00  0.0    0  7.3 13 180   M    M   8         M  M
 4  90  60  75  -5   0  10 0.00  0.0    0  5.2 12 130   M    M   1         M  M
 5  95  63  79  -1   0  14 0.00  0.0    0  6.8 12  50   M    M   0         M  M
 6  96  65  81   0   0  16 0.00  0.0    0 10.1 18 110   M    M   0        20 110
 7  93  67  80  -1   0  15 0.00  0.0    0 15.7 25 130   M    M   0        33 130
 8  90  72  81   0   0  16 0.06  0.0    0 16.4 23 130   M    M   1 3      29 130
 9  95  70  83   2   0  18 0.37  0.0    0 15.8 22 150   M    M   3 3      35 140
10 100  73  87   6   0  22 0.00  0.0    0 14.7 23 130   M    M   1 18     32 130
11  94  76  85   3   0  20 0.00  0.0    0 12.5 18 130   M    M   6 8      23  60
12  91  73  82   0   0  17 0.00  0.0    0 10.5 16  90   M    M   6         M  M
13  96  73  85   3   0  20 0.00  0.0    0  9.1 17 110   M    M   4         M  M
14  80  68  74  -8   0   9 0.44  0.0    0  9.6 18  20   M    M   5 13      M  M
15  80  70  75  -7   0  10    T  0.0    0  7.2 14  70   M    M   9 13      M  M
16  92  67  80  -3   0  15 0.37  0.0    0  5.4 13  90   M    M   4 13     28  M
17  97  71  84   1   0  19 0.05  0.0    0  9.2 13 190   M    M   3 3      30 160
18  83  69  76  -7   0  11 0.29  0.0    0 12.4 22  70   M    M   8 3      31  70
19  78  66  72 -11   0   7 0.75  0.0    0  8.4 14  20   M    M   9 13     21  30
20  78  66  72 -11   0   7    T  0.0    0  7.5 14  60   M    M   8         M  M
21  93  75  84   0   0  19    T  0.0    0  8.4 14  90   M    M   7 8       M  M
22  90  76  83  -1   0  18 0.00  0.0    0 11.1 16 110   M    M   7 8       M  M
23  95  75  85   1   0  20 0.00  0.0    0 13.0 22 110   M    M   6 13     33 110
================================================================================
SM 2060 1595         0 335  2.33     0.0 239.7          M      111
================================================================================
AV 89.6 69.3                              10.4 FASTST   M    M   5    MAX(MPH)
                                 MISC ---->    25   M               # 35  140
================================================================================
NOTES:
# LAST OF SEVERAL OCCURRENCES

COLUMN 17 PEAK WIND IN M.P.H.

PRELIMINARY LOCAL CLIMATOLOGICAL DATA (WS FORM: F-6) , PAGE 2

                                          STATION:  LAREDO
                                          MONTH:    MAY
                                          YEAR:     2016
                                          LATITUDE:   27 31 N
                                          LONGITUDE:  99 28 W

[TEMPERATURE DATA]      [PRECIPITATION DATA]       SYMBOLS USED IN COLUMN 16

AVERAGE MONTHLY: 79.5   TOTAL FOR MONTH:   2.33    1 = FOG OR MIST
DPTR FM NORMAL:  -2.3   DPTR FM NORMAL:    0.50    2 = FOG REDUCING VISIBILITY
HIGHEST:   100 ON 10    GRTST 24HR  0.75 ON 19-19      TO 1/4 MILE OR LESS
LOWEST:     60 ON  4                               3 = THUNDER
                        SNOW, ICE PELLETS, HAIL    4 = ICE PELLETS
                        TOTAL MONTH:   0.0 INCH    5 = HAIL
                        GRTST 24HR     0.0         6 = FREEZING RAIN OR DRIZZLE
                        GRTST DEPTH:   0           7 = DUSTSTORM OR SANDSTORM:
                                                       VSBY 1/2 MILE OR LESS
                                                   8 = SMOKE OR HAZE
[NO. OF DAYS WITH]      [WEATHER - DAYS WITH]      9 = BLOWING SNOW
                                                   X = TORNADO
MAX 32 OR BELOW:   0    0.01 INCH OR MORE:   7
MAX 90 OR ABOVE:  16    0.10 INCH OR MORE:   5
MIN 32 OR BELOW:   0    0.50 INCH OR MORE:   1
MIN  0 OR BELOW:   0    1.00 INCH OR MORE:   0

[HDD (BASE 65) ]
TOTAL THIS MO.     0    CLEAR  (SCALE 0-3)   8
DPTR FM NORMAL     0    PTCLDY (SCALE 4-7)  11
TOTAL FM JUL 1   594    CLOUDY (SCALE 8-10)  4
DPTR FM NORMAL  -332

[CDD (BASE 65) ]
TOTAL THIS MO.   335
DPTR FM NORMAL   -50    [PRESSURE DATA]
TOTAL FM JAN 1  1094    HIGHEST SLP M ON M
DPTR FM NORMAL   109    LOWEST  SLP M ON M

[REMARKS]
