000
CXUS54 KLZK 211130
CF6LRF
PRELIMINARY LOCAL CLIMATOLOGICAL DATA (WS FORM: F-6)

                                          STATION:   Jacksonville/Little Rock AFB
                                          MONTH:     JANUARY
                                          YEAR:      2018
                                          LATITUDE:   34 55 N
                                          LONGITUDE:  92  9 W

  TEMPERATURE IN F:       :PCPN:    SNOW:  WIND      :SUNSHINE: SKY     :PK WND
================================================================================
1   2   3   4   5  6A  6B    7    8   9   10  11  12  13   14  15   16   17  18
                                     12Z  AVG MX 2MIN
DY MAX MIN AVG DEP HDD CDD  WTR  SNW DPTH SPD SPD DIR MIN PSBL S-S WX    SPD DR
================================================================================

 1  24  10  17 -23  48   0 0.00  0.0    0  7.1 14  30   M    M   0        20  30
 2  23   8  16 -24  49   0 0.00  0.0    0  4.2  9  30   M    M   8         M  M
 3  38  10  24 -16  41   0 0.00  0.0    0  5.2 14 270   M    M   1        16 290
 4  39  16  28 -12  37   0 0.00  0.0    0  2.3  8  10   M    M   1         M  M
 5  50  13  32  -8  33   0 0.00  0.0    0  2.7  8  70   M    M   0         M  M
 6  40  23  32  -8  33   0 0.00  0.0    0  8.6 14  60   M    M   0        20  50
 7   M   M   M   M   M   M 0.20    M    0  5.4 10 140   M    M   7        16 140
 8  47  42  45   5  20   0 0.32    M    0  5.7  8  10   M    M  10 1       M  M
 9  46  41  44   4  21   0 0.00  0.0    0  3.4  6  70   M    M  10 1       M  M
10  59  45  52  12  13   0 0.05    M    0  4.2 12 140   M    M  10 12     20 140
11   M   M   M   M   M   M 0.34    M    0  6.4 15 320   M    M   9 16     30 310
12  38  23  31  -9  34   0 0.02    M    0 10.9 20 330   M    M   2 6      30 330
13  35  20  28 -12  37   0 0.00  0.0    0  4.7 10 350   M    M   1        20 360
14  33  21  27 -13  38   0 0.00  0.0    0  5.2  9 130   M    M   6         M  M
15  48  23  36  -4  29   0 0.03  1.0    0  4.5 12 350   M    M   6 8      18 340
16  23  10  17 -23  48   0 0.01  1.0    2  8.8 15 310   M    M   3        21 300
17  30   4  17 -23  48   0 0.00  0.0    1  2.3  7 140   M    M   0         M  M
18  42   8  25 -15  40   0 0.00  0.0    0  3.8 10 200   M    M   0         M  M
19  45  19  32  -8  33   0 0.00  0.0    0  3.8  9 160   M    M   6         M  M
20  58  31  45   5  20   0    T  0.0    0  3.4  7 130   M    M   9         M  M
================================================================================
SM  718  367       622   0  0.97     2.0 102.6          M       89
================================================================================
AV 39.9 20.4                               5.1 FASTST   M    M   4    MAX(MPH)
                                 MISC ---->  # 20 330               # 30  310
================================================================================
NOTES:
# LAST OF SEVERAL OCCURRENCES

COLUMN 17 PEAK WIND IN M.P.H.

PRELIMINARY LOCAL CLIMATOLOGICAL DATA (WS FORM: F-6) , PAGE 2

                                          STATION:  Jacksonville/Little Rock AFB
                                          MONTH:    JANUARY
                                          YEAR:     2018
                                          LATITUDE:   34 55 N
                                          LONGITUDE:  92  9 W

[TEMPERATURE DATA]      [PRECIPITATION DATA]       SYMBOLS USED IN COLUMN 16

AVERAGE MONTHLY: 30.1   TOTAL FOR MONTH:   0.97    1 = FOG OR MIST
DPTR FM NORMAL:  -9.9   DPTR FM NORMAL:   -1.23    2 = FOG REDUCING VISIBILITY
HIGHEST:    59 ON 10    GRTST 24HR  0.34 ON 11-11      TO 1/4 MILE OR LESS
LOWEST:      4 ON 17                               3 = THUNDER
                        SNOW, ICE PELLETS, HAIL    4 = ICE PELLETS
                        TOTAL MONTH:   2.0 INCHES  5 = HAIL
                        GRTST 24HR   1.0 ON 16-16  6 = FREEZING RAIN OR DRIZZLE
                        GRTST DEPTH:   2 ON 16     7 = DUSTSTORM OR SANDSTORM:
                                                       VSBY 1/2 MILE OR LESS
                                                   8 = SMOKE OR HAZE
[NO. OF DAYS WITH]      [WEATHER - DAYS WITH]      9 = BLOWING SNOW
                                                   X = TORNADO
MAX 32 OR BELOW:   4    0.01 INCH OR MORE:   7
MAX 90 OR ABOVE:   0    0.10 INCH OR MORE:   3
MIN 32 OR BELOW:  15    0.50 INCH OR MORE:   0
MIN  0 OR BELOW:   0    1.00 INCH OR MORE:   0

[HDD (BASE 65) ]
TOTAL THIS MO.   622    CLEAR  (SCALE 0-3)  10
DPTR FM NORMAL   107    PTCLDY (SCALE 4-7)   4
TOTAL FM JUL 1  1722    CLOUDY (SCALE 8-10)  6
DPTR FM NORMAL   -54

[CDD (BASE 65) ]
TOTAL THIS MO.     0
DPTR FM NORMAL     0    [PRESSURE DATA]
TOTAL FM JAN 1     0    HIGHEST SLP M ON M
DPTR FM NORMAL     0    LOWEST  SLP M ON M

[REMARKS]
