000
CXUS53 KARX 260930
CF6LSE
PRELIMINARY LOCAL CLIMATOLOGICAL DATA (WS FORM: F-6)

                                          STATION:   LA CROSSE WI
                                          MONTH:     MAY
                                          YEAR:      2015
                                          LATITUDE:   43 52 N
                                          LONGITUDE:  91 15 W

  TEMPERATURE IN F:       :PCPN:    SNOW:  WIND      :SUNSHINE: SKY     :PK WND
================================================================================
1   2   3   4   5  6A  6B    7    8   9   10  11  12  13   14  15   16   17  18
                                     12Z  AVG MX 2MIN
DY MAX MIN AVG DEP HDD CDD  WTR  SNW DPTH SPD SPD DIR MIN PSBL S-S WX    SPD DR
================================================================================

 1  70  37  54  -1  11   0 0.00  0.0    0  7.2 16 210   M    M   4        19 210
 2  82  54  68  13   0   3 0.00  0.0    0 11.0 23 190   M    M   3        30 190
 3  85  59  72  16   0   7 0.82  0.0    0  9.3 26 330   M    M   1 13     31 270
 4  75  55  65   9   0   0 0.00  0.0    0  7.4 16 350   M    M   1        21  10
 5  59  53  56   0   9   0 0.19  0.0    0  6.0 16 120   M    M   9 1      21 120
 6  82  56  69  12   0   4 0.03  0.0    0  7.6 25 190   M    M   8 138    33 160
 7  84  64  74  17   0   9 0.03  0.0    0 14.3 29 180   M    M   3 3      37 180
 8  68  58  63   6   2   0    T  0.0    0  9.3 21 270   M    M   8        25 270
 9  68  56  62   4   3   0 0.00  0.0    0  6.5 10  80   M    M  10        14  70
10  64  52  58   0   7   0    T  0.0    0 10.7 23  80   M    M  10        31  90
11  62  48  55  -3  10   0 0.24  0.0    0 12.8 24 230   M    M   9 13     31 230
12  56  41  49  -9  16   0 0.01  0.0    0 12.3 23 310   M    M   7 18     29 310
13  69  37  53  -6  12   0 0.00  0.0    0  8.0 15 150   M    M   1        21 160
14  66  50  58  -1   7   0 0.36  0.0    0 11.2 25 170   M    M   5 1      34 150
15  74  58  66   7   0   1 0.02  0.0    0  4.6 12 320   M    M   7 1      16 310
16  81  56  69   9   0   4    T  0.0    0  7.4 16 150   M    M   6        21 150
17  80  63  72  12   0   7 0.12  0.0    0 16.0 28 170   M    M   7        36 160
18  63  46  55  -5  10   0    T  0.0    0 16.4 25 270   M    M   9        33 240
19  56  40  48 -13  17   0 0.01  0.0    0  9.9 18 320   M    M   6 1      24 290
20  60  42  51 -10  14   0 0.00  0.0    0  3.8 12 200   M    M   3        13 200
21  78  45  62   1   3   0 0.00  0.0    0  7.7 21 250   M    M   1        24 290
22  77  43  60  -2   5   0 0.00  0.0    0  3.4  9  10   M    M   0        15  20
23  80  48  64   2   1   0 0.00  0.0    0  5.9 14 180   M    M   2        17 180
24  62  57  60  -2   5   0 0.82  0.0    0  6.4 12 110   M    M   9 1      19 140
25  81  60  71   9   0   6 0.21  0.0    0  8.0 30 270   M    M   7 138    38 260
================================================================================
SM 1782 1278       132  41  2.86     0.0 223.1          M      136
================================================================================
AV 71.3 51.1                               8.9 FASTST   M    M   5    MAX(MPH)
                                 MISC ---->  # 30 270               # 38  260
================================================================================
NOTES:
# LAST OF SEVERAL OCCURRENCES

COLUMN 17 PEAK WIND IN M.P.H.

PRELIMINARY LOCAL CLIMATOLOGICAL DATA (WS FORM: F-6) , PAGE 2

                                          STATION:  LA CROSSE WI
                                          MONTH:    MAY
                                          YEAR:     2015
                                          LATITUDE:   43 52 N
                                          LONGITUDE:  91 15 W

[TEMPERATURE DATA]      [PRECIPITATION DATA]       SYMBOLS USED IN COLUMN 16

AVERAGE MONTHLY: 61.2   TOTAL FOR MONTH:   2.86    1 = FOG OR MIST
DPTR FM NORMAL:   2.4   DPTR FM NORMAL:    0.06    2 = FOG REDUCING VISIBILITY
HIGHEST:    85 ON  3    GRTST 24HR  0.82 ON 24-24      TO 1/4 MILE OR LESS
LOWEST:     37 ON 13, 1                            3 = THUNDER
                        SNOW, ICE PELLETS, HAIL    4 = ICE PELLETS
                        TOTAL MONTH:   0.0 INCH    5 = HAIL
                        GRTST 24HR     0.0         6 = FREEZING RAIN OR DRIZZLE
                        GRTST DEPTH:   0           7 = DUSTSTORM OR SANDSTORM:
                                                       VSBY 1/2 MILE OR LESS
                                                   8 = SMOKE OR HAZE
[NO. OF DAYS WITH]      [WEATHER - DAYS WITH]      9 = BLOWING SNOW
                                                   X = TORNADO
MAX 32 OR BELOW:   0    0.01 INCH OR MORE:  12
MAX 90 OR ABOVE:   0    0.10 INCH OR MORE:   7
MIN 32 OR BELOW:   0    0.50 INCH OR MORE:   2
MIN  0 OR BELOW:   0    1.00 INCH OR MORE:   0

[HDD (BASE 65) ]
TOTAL THIS MO.   132    CLEAR  (SCALE 0-3)   9
DPTR FM NORMAL   -49    PTCLDY (SCALE 4-7)  10
TOTAL FM JUL 1  7039    CLOUDY (SCALE 8-10)  6
DPTR FM NORMAL   -94

[CDD (BASE 65) ]
TOTAL THIS MO.    41
DPTR FM NORMAL    13    [PRESSURE DATA]
TOTAL FM JAN 1    42    HIGHEST SLP M ON M
DPTR FM NORMAL     7    LOWEST  SLP 29.61 ON 17

[REMARKS]
