000
CXUS56 KMTR 011000
CF6LVK
PRELIMINARY LOCAL CLIMATOLOGICAL DATA (WS FORM: F-6)

                                          STATION:   LIVERMORE AIRPORT
                                          MONTH:     JANUARY
                                          YEAR:      2015
                                          LATITUDE:   37 42 N
                                          LONGITUDE: 121 49 W

  TEMPERATURE IN F:       :PCPN:    SNOW:  WIND      :SUNSHINE: SKY     :PK WND
================================================================================
1   2   3   4   5  6A  6B    7    8   9   10  11  12  13   14  15   16   17  18
                                     12Z  AVG MX 2MIN
DY MAX MIN AVG DEP HDD CDD  WTR  SNW DPTH SPD SPD DIR MIN PSBL S-S WX    SPD DR
================================================================================

 1  52  32  42  -4  23   0 0.00  0.0    0  3.5 13  60   M    M   0        17  90
 2  53  30  42  -4  23   0 0.00  0.0    0  2.6  9  50   M    M   0        12  50
 3  56  30  43  -3  22   0 0.00  0.0    0  2.2 12  60   M    M   0 18     15  50
 4  56  33  45  -1  20   0 0.00  0.0    0  3.6 20 280   M    M   1 18     22 290
 5  58  37  48   2  17   0 0.00  0.0    0  5.7 18  60   M    M   0 18     24  40
 6  63  38  51   5  14   0 0.00  0.0    0  4.2 17  50   M    M   0 18     21  60
 7  70  38  54   8  11   0 0.00  0.0    0  2.9 13  90   M    M   0 18     15  60
 8  64  41  53   7  12   0 0.00  0.0    0  2.0 13  70   M    M   1 18     15  60
 9  67  47  57  11   8   0 0.00  0.0    0  1.3  6 300   M    M   0 18      8 250
10  67  46  57  11   8   0 0.00  0.0    0  0.9  6 320   M    M   1 18      8  50
11  66  40  53   7  12   0 0.00  0.0    0  1.9  9 280   M    M   0 18     12 280
12  65  40  53   7  12   0 0.00  0.0    M  0.3  5 100   M    M   1 12     10  90
13  62  41  52   6  13   0 0.00  0.0    0  4.5 16  60   M    M   0        21  60
14  57  36  47   1  18   0 0.00  0.0    0  3.0 16  60   M    M   0 18     21  60
15  60  39  50   4  15   0 0.00  0.0    0  3.0 12  80   M    M   4 128    15  80
16  65  42  54   8  11   0 0.00  0.0    0  2.3 12  80   M    M   5 18     14  60
17  56  49  53   6  12   0 0.00  0.0    0  5.2 14  50   M    M   7 18     17  40
18  69  48  59  12   6   0 0.00  0.0    0  1.5  9  50   M    M   5 128    32  40
19  59  43  51   4  14   0 0.00  0.0    0  4.9 12  60   M    M   6 1      15  60
20  62  41  52   5  13   0 0.00  0.0    0  2.4 10  80   M    M   4 12      M  M
21  61  37  49   2  16   0 0.00  0.0    0  3.7 14  60   M    M   0 18     20  80
22  53  39  46  -1  19   0 0.00  0.0    0  6.1 20  60   M    M   3 18     26  60
23  68  36  52   5  13   0 0.00  0.0    0  5.0 17  60   M    M   0 18     23  90
24  68  40  54   7  11   0 0.00  0.0    0  5.5 18  50   M    M   0 18     24  50
25  66  42  54   7  11   0 0.00  0.0    0  4.0 14  60   M    M   3 18     16  60
26  66  38  52   5  13   0 0.00  0.0    0  2.7 13  50   M    M   2 12     15  40
27  69  45  57  10   8   0 0.00  0.0    0  1.8 12 300   M    M   3        14 280
28  67  41  54   6  11   0 0.00  0.0    0  2.3 13  80   M    M   0        15  80
29  68  41  55   7  10   0 0.00  0.0    0  2.2 10  90   M    M   0        14  50
30  71  39  55   7  10   0 0.00  0.0    0  2.8  9 280   M    M   0        12 270
31  74  41  58  10   7   0 0.00  0.0    0  4.9 17  20   M    M   0        23  30
================================================================================
SM 1958 1230       413   0  0.00     0.0  98.9          M       46
================================================================================
AV 63.2 39.7                               3.2 FASTST   M    M   1    MAX(MPH)
                                 MISC ---->  # 20 280               # 32   40
================================================================================
NOTES:
# LAST OF SEVERAL OCCURRENCES

COLUMN 17 PEAK WIND IN M.P.H.

PRELIMINARY LOCAL CLIMATOLOGICAL DATA (WS FORM: F-6) , PAGE 2

                                          STATION:  LIVERMORE AIRPORT
                                          MONTH:    JANUARY
                                          YEAR:     2015
                                          LATITUDE:   37 42 N
                                          LONGITUDE: 121 49 W

[TEMPERATURE DATA]      [PRECIPITATION DATA]       SYMBOLS USED IN COLUMN 16

AVERAGE MONTHLY: 51.4   TOTAL FOR MONTH:   0.00    1 = FOG OR MIST
DPTR FM NORMAL:   4.7   DPTR FM NORMAL:   -3.01    2 = FOG REDUCING VISIBILITY
HIGHEST:    74 ON 31    GRTST 24HR  0.00 ON 31-31      TO 1/4 MILE OR LESS
LOWEST:     30 ON  3, 2                            3 = THUNDER
                        SNOW, ICE PELLETS, HAIL    4 = ICE PELLETS
                        TOTAL MONTH:   0.0 INCH    5 = HAIL
                        GRTST 24HR     0.0         6 = FREEZING RAIN OR DRIZZLE
                        GRTST DEPTH:   0           7 = DUSTSTORM OR SANDSTORM:
                                                       VSBY 1/2 MILE OR LESS
                                                   8 = SMOKE OR HAZE
[NO. OF DAYS WITH]      [WEATHER - DAYS WITH]      9 = BLOWING SNOW
                                                   X = TORNADO
MAX 32 OR BELOW:   0    0.01 INCH OR MORE:   0
MAX 90 OR ABOVE:   0    0.10 INCH OR MORE:   0
MIN 32 OR BELOW:   3    0.50 INCH OR MORE:   0
MIN  0 OR BELOW:   0    1.00 INCH OR MORE:   0

[HDD (BASE 65) ]
TOTAL THIS MO.   413    CLEAR  (SCALE 0-3)  22
DPTR FM NORMAL  -154    PTCLDY (SCALE 4-7)   9
TOTAL FM JUL 1   946    CLOUDY (SCALE 8-10)  0
DPTR FM NORMAL  -652

[CDD (BASE 65) ]
TOTAL THIS MO.     0
DPTR FM NORMAL     0    [PRESSURE DATA]
TOTAL FM JAN 1     0    HIGHEST SLP M ON M
DPTR FM NORMAL     0    LOWEST  SLP 29.90 ON 30

[REMARKS]
#FINAL-01-15#
