000
CXUS51 KRNK 270744
CF6LWB

PRELIMINARY LOCAL CLIMATOLOGICAL DATA (WS FORM: F-6)

                                          STATION:   LEWISBURG WV
                                          MONTH:     DECEMBER
                                          YEAR:      2014
                                          LATITUDE:   37 52 N
                                          LONGITUDE:  80 24 W

  TEMPERATURE IN F:       :PCPN:    SNOW:  WIND      :SUNSHINE: SKY     :PK WND
================================================================================
1   2   3   4   5  6A  6B    7    8   9   10  11  12  13   14  15   16   17  18
                                     12Z  AVG MX 2MIN
DY MAX MIN AVG DEP HDD CDD  WTR  SNW DPTH SPD SPD DIR MIN PSBL S-S WX    SPD DR
================================================================================

 1  62  44  53  18  12   0    T  0.0    0  2.8 10 260   M    M   8        17 250
 2  44  37  41   6  24   0 0.47  0.0    0  3.2  8  70   M    M  10 1       M  M
 3  56  34  45  10  20   0 0.05  0.0    0  3.7 18 260   M    M   8 1      26 260
 4  44  31  38   4  27   0 0.11  0.0    0  1.5  6  10   M    M   5 1       M  M
 5  44  40  42   8  23   0 0.05  0.0    0  3.3  6  20   M    M   9 1       M  M
 6  51  41  46  12  19   0 0.21  0.0    0  4.9 14 330   M    M  10 1      23 350
 7  50  29  40   7  25   0 0.00  0.0    0  4.6 10  70   M    M   1        16  70
 8  36  29  33   0  32   0 0.01    T    0  5.0 10 100   M    M   5 4      16 100
 9  46  33  40   7  25   0    T    T    0  3.0 10 310   M    M   9 1       M  M
10  38  27  33   0  32   0 0.02    T    0  8.1 16 310   M    M  10 1      23 320
11  37  26  32   0  33   0 0.00  0.0    0  9.4 14 280   M    M   4        23 280
12  44  28  36   4  29   0 0.00  0.0    0  8.2 13 270   M    M   0        21 260
13  36  31  34   2  31   0 0.00  0.0    0  8.7 15 260   M    M   4        21 260
14  46  32  39   8  26   0 0.00  0.0    0  3.6 10 330   M    M   9 12     16 330
15  51  28  40   9  25   0 0.00  0.0    0  1.5  8 360   M    M   5 12      M  M
16  54  32  43  12  22   0 0.13  0.0    0  4.8 10 220   M    M   8        17 220
17  42  32  37   6  28   0    T  0.0    0  6.7 15 270   M    M   7        23 290
18  38  27  33   2  32   0 0.00  0.0    0  6.1 10 270   M    M   6        16 270
19  37  22  30   0  35   0 0.00  0.0    0  4.0 10 270   M    M   2         M  M
20  37  22  30   0  35   0    T    T    0  1.2  6  20   M    M   8         M  M
21  47  32  40  10  25   0 0.00  0.0    0  1.6  6 230   M    M   5 1       M  M
22  38  36  37   7  28   0    T  0.0    0  3.3  7  20   M    M  10 1       M  M
23  51  37  44  14  21   0 0.13  0.0    0  4.6 10  20   M    M   9 1       M  M
24  60  47  54  25  11   0 0.32  0.0    0  4.3 18 270   M    M   9        26 270
25  47  28  38   9  27   0 0.01  0.0    0  5.8 15 270   M    M   6        24 270
26  50  21  36   7  29   0 0.00  0.0    0  1.2  7 220   M    M   2 12      M  M
================================================================================
SM 1186  826       676   0  1.51    T    115.1          M      169
================================================================================
AV 45.6 31.8                               4.4 FASTST   M    M   7    MAX(MPH)
                                 MISC ---->  # 18 260               # 26  260
================================================================================
NOTES:
# LAST OF SEVERAL OCCURRENCES

COLUMN 17 PEAK WIND IN M.P.H.

PRELIMINARY LOCAL CLIMATOLOGICAL DATA (WS FORM: F-6) , PAGE 2

                                          STATION:  LEWISBURG WV
                                          MONTH:    DECEMBER
                                          YEAR:     2014
                                          LATITUDE:   37 52 N
                                          LONGITUDE:  80 24 W

[TEMPERATURE DATA]      [PRECIPITATION DATA]       SYMBOLS USED IN COLUMN 16

AVERAGE MONTHLY: 38.7   TOTAL FOR MONTH:   1.51    1 = FOG OR MIST
DPTR FM NORMAL:   6.9   DPTR FM NORMAL:   -1.21    2 = FOG REDUCING VISIBILITY
HIGHEST:    62 ON  1    GRTST 24HR  0.47 ON  2- 2      TO 1/4 MILE OR LESS
LOWEST:     21 ON 26                               3 = THUNDER
                        SNOW, ICE PELLETS, HAIL    4 = ICE PELLETS
                        TOTAL MONTH:    T          5 = HAIL
                        GRTST 24HR    T  ON 20-20  6 = FREEZING RAIN OR DRIZZLE
                        GRTST DEPTH:   0           7 = DUSTSTORM OR SANDSTORM:
                                                       VSBY 1/2 MILE OR LESS
                                                   8 = SMOKE OR HAZE
[NO. OF DAYS WITH]      [WEATHER - DAYS WITH]      9 = BLOWING SNOW
                                                   X = TORNADO
MAX 32 OR BELOW:   0    0.01 INCH OR MORE:  11
MAX 90 OR ABOVE:   0    0.10 INCH OR MORE:   6
MIN 32 OR BELOW:  17    0.50 INCH OR MORE:   0
MIN  0 OR BELOW:   0    1.00 INCH OR MORE:   0

[HDD (BASE 65) ]
TOTAL THIS MO.   676    CLEAR  (SCALE 0-3)   4
DPTR FM NORMAL  -189    PTCLDY (SCALE 4-7)  12
TOTAL FM JUL 1  1888    CLOUDY (SCALE 8-10) 10
DPTR FM NORMAL  -294

[CDD (BASE 65) ]
TOTAL THIS MO.     0
DPTR FM NORMAL     0    [PRESSURE DATA]
TOTAL FM JAN 1   619    HIGHEST SLP M ON M
DPTR FM NORMAL   120    LOWEST  SLP M ON M

[REMARKS]
DUE TO MISSING PRECIPITATION DATA ON JANUARY 25...THE
ANNUAL TOTAL AND DEPARTURE FROM NORMAL FOR PRECIPITATION WILL BE
CALCULATED WITHOUT DATA FROM THAT DATE.
