000
CXUS51 KRNK 280657
CF6LWB

PRELIMINARY LOCAL CLIMATOLOGICAL DATA (WS FORM: F-6)

                                          STATION:   LEWISBURG WV
                                          MONTH:     MAY
                                          YEAR:      2015
                                          LATITUDE:   37 52 N
                                          LONGITUDE:  80 24 W

  TEMPERATURE IN F:       :PCPN:    SNOW:  WIND      :SUNSHINE: SKY     :PK WND
================================================================================
1   2   3   4   5  6A  6B    7    8   9   10  11  12  13   14  15   16   17  18
                                     12Z  AVG MX 2MIN
DY MAX MIN AVG DEP HDD CDD  WTR  SNW DPTH SPD SPD DIR MIN PSBL S-S WX    SPD DR
================================================================================

 1  63  46  55   0  10   0    M  0.0    0  3.6 15 360   M    M   8 3      25 360
 2  69  41  55   0  10   0    M  0.0    0  2.4  8 350   M    M   5 1       M  M
 3  73  38  56   1   9   0    M  0.0    0  1.2  7 230   M    M   0         M  M
 4  79  43  61   6   4   0    M  0.0    0  4.0 10 240   M    M   1        17 240
 5  79  49  64   8   1   0    M  0.0    0  1.2  8 220   M    M   4         M  M
 6  82  55  69  13   0   4    M  0.0    0  1.9  8  10   M    M   7 1       M  M
 7  78  54  66  10   0   1    M  0.0    0  2.5 10 350   M    M   4 1      16 160
 8  84  53  69  13   0   4    M  0.0    0  1.7 15  70   M    M   4 12     20  70
 9  83  54  69  12   0   4    M  0.0    0  3.4 10 150   M    M   1 1      16 160
10  80  57  69  12   0   4    M  0.0    0  2.2  7  80   M    M   5         M  M
11  87  54  71  14   0   6    M  0.0    0  2.9 12 300   M    M   4 123    38 300
12  80  60  70  12   0   5    M  0.0    0  7.8 22 260   M    M   4 12     29 250
13  67  46  57  -1   8   0    M  0.0    0  6.6 14 320   M    M   1        20 330
14  74  38  56  -2   9   0    M  0.0    0  1.6  7  60   M    M   0         M  M
15  77  52  65   7   0   0    M  0.0    0  2.4 12 270   M    M   2         M  M
16  80  54  67   8   0   2    M  0.0    0  2.4 17 240   M    M   5 13     25 240
17  80  62  71  12   0   6    M  0.0    0  2.0  8 260   M    M   7 12      M  M
18  79  62  71  12   0   6    M  0.0    0  1.5  9 230   M    M   5 123     M  M
19  82  60  71  12   0   6    M  0.0    0  4.2 10 270   M    M   3 1      21 270
20  74  49  62   2   3   0    M  0.0    0  5.1 13 260   M    M   0        18 260
21  62  48  55  -5  10   0    M  0.0    0  3.8 12 270   M    M  10 1      20 280
22  69  43  56  -4   9   0    M  0.0    0  4.6 12 300   M    M   3        17 290
23  75  42  59  -2   6   0    M  0.0    0  2.6 10 200   M    M   1        16 210
24  81  46  64   3   1   0    M  0.0    0  4.4 10 200   M    M   0         M  M
25  82  49  66   5   0   1    M  0.0    0  2.8 10 240   M    M   0         M  M
26  82  55  69   8   0   4    M  0.0    0  2.6  9 250   M    M   3 3       M  M
27  83  61  72  10   0   7    M  0.0    0  3.2 12 230   M    M   3 1       M  M
================================================================================
SM 2084 1371        80  60    M      0.0  84.6          M       90
================================================================================
AV 77.2 50.8                               3.1 FASTST   M    M   3    MAX(MPH)
                                 MISC ---->  # 22 260               # 38  300
================================================================================
NOTES:
# LAST OF SEVERAL OCCURRENCES

COLUMN 17 PEAK WIND IN M.P.H.

PRELIMINARY LOCAL CLIMATOLOGICAL DATA (WS FORM: F-6) , PAGE 2

                                          STATION:  LEWISBURG WV
                                          MONTH:    MAY
                                          YEAR:     2015
                                          LATITUDE:   37 52 N
                                          LONGITUDE:  80 24 W

[TEMPERATURE DATA]      [PRECIPITATION DATA]       SYMBOLS USED IN COLUMN 16

AVERAGE MONTHLY: 64.0   TOTAL FOR MONTH:      M    1 = FOG OR MIST
DPTR FM NORMAL:   5.9   DPTR FM NORMAL:       M    2 = FOG REDUCING VISIBILITY
HIGHEST:    87 ON 11    GRTST 24HR    M  ON   M        TO 1/4 MILE OR LESS
LOWEST:     38 ON 14, 3                            3 = THUNDER
                        SNOW, ICE PELLETS, HAIL    4 = ICE PELLETS
                        TOTAL MONTH:   0.0 INCH    5 = HAIL
                        GRTST 24HR     0.0         6 = FREEZING RAIN OR DRIZZLE
                        GRTST DEPTH:   0           7 = DUSTSTORM OR SANDSTORM:
                                                       VSBY 1/2 MILE OR LESS
                                                   8 = SMOKE OR HAZE
[NO. OF DAYS WITH]      [WEATHER - DAYS WITH]      9 = BLOWING SNOW
                                                   X = TORNADO
MAX 32 OR BELOW:   0    0.01 INCH OR MORE:   0
MAX 90 OR ABOVE:   0    0.10 INCH OR MORE:   0
MIN 32 OR BELOW:   0    0.50 INCH OR MORE:   0
MIN  0 OR BELOW:   0    1.00 INCH OR MORE:   0

[HDD (BASE 65) ]
TOTAL THIS MO.    80    CLEAR  (SCALE 0-3)  13
DPTR FM NORMAL  -125    PTCLDY (SCALE 4-7)  13
TOTAL FM JUL 1  5295    CLOUDY (SCALE 8-10)  1
DPTR FM NORMAL  -592

[CDD (BASE 65) ]
TOTAL THIS MO.    60
DPTR FM NORMAL    46    [PRESSURE DATA]
TOTAL FM JAN 1    61    HIGHEST SLP M ON M
DPTR FM NORMAL    44    LOWEST  SLP M ON M

[REMARKS]
DUE TO HIGHLY SUSPECT PRECIPITATION VALUES FROM THE
AUTOMATED RAIN GAUGE...ALL LIQUID PRECIPITATION DATA WILL BE CODED
AS MISSING. ALSO...DUE TO EQUIPMENT FAILURE RESULTING IN MISSING
TEMPERATURE DATA ON APRIL 26...THE SEASONAL TOTAL AND DEPARTURE FROM
NORMAL FOR HDD WILL BE CALCULATED WITHOUT DATA FROM THIS DATE.
