000
CXUS56 KOTX 281500
CF6LWS
PRELIMINARY LOCAL CLIMATOLOGICAL DATA (WS FORM: F-6)

                                          STATION:   LEWISTON ID AIRPORT
                                          MONTH:     FEBRUARY
                                          YEAR:      2015
                                          LATITUDE:   46 22 N
                                          LONGITUDE: 117  1 W

  TEMPERATURE IN F:       :PCPN:    SNOW:  WIND      :SUNSHINE: SKY     :PK WND
================================================================================
1   2   3   4   5  6A  6B    7    8   9   10  11  12  13   14  15   16   17  18
                                     12Z  AVG MX 2MIN
DY MAX MIN AVG DEP HDD CDD  WTR  SNW DPTH SPD SPD DIR MIN PSBL S-S WX    SPD DR
================================================================================

 1  39  32  36  -1  29   0 0.22    T    0  3.3 12  80   M    M   9 12     14  80
 2  45  33  39   2  26   0 0.06  0.0    0  4.0 16  60   M    M   9 12     19  80
 3  43  35  39   2  26   0 0.11  0.0    0  0.8  8 150   M    M   7 12      9 150
 4  47  35  41   4  24   0 0.02  0.0    0  9.0 18 130   M    M   7 12     23 120
 5  59  42  51  13  14   0 0.01  0.0    0  9.3 18  70   M    M   6        24  60
 6  66  47  57  19   8   0    T  0.0    0  8.6 32 210   M    M   8        38 210
 7  66  48  57  19   8   0 0.14  0.0    0  8.6 25 210   M    M   8        33 210
 8  54  40  47   9  18   0    T  0.0    0  3.9 14  70   M    M   2 12     17  70
 9  53  45  49  11  16   0 0.42  0.0    0  6.4 17 200   M    M   9 18     22 200
10  55  43  49  11  16   0 0.09  0.0    0  5.0 10  50   M    M   8        13 180
11  57  40  49  11  16   0 0.00  0.0    0  6.7 16 160   M    M   1        18  90
12  62  42  52  14  13   0 0.00  0.0    0  4.4 13  80   M    M   2        18  80
13  57  38  48  10  17   0 0.00  0.0    0  4.6 14  70   M    M   0        16  60
14  58  38  48  10  17   0 0.00  0.0    0  2.3 10 320   M    M   4        16 280
15  53  34  44   6  21   0 0.00  0.0    0  4.5 13 310   M    M   4        16 300
16  52  30  41   2  24   0 0.00  0.0    0  2.0 10 200   M    M   0        16 130
17  52  28  40   1  25   0 0.00  0.0    0  2.3  8 100   M    M   0        11 320
18  52  31  42   3  23   0 0.00  0.0    0  2.6  9  90   M    M   0        13  80
19  49  32  41   2  24   0 0.07  0.0    0  2.7 12 300   M    M   5        13 300
20  54  39  47   8  18   0 0.01  0.0    0  4.3 18 360   M    M   8 128    22 350
21  48  32  40   0  25   0 0.04  0.0    0  6.2 18  80   M    M   6 1      24  70
22  43  27  35  -5  30   0 0.00  0.0    0  5.4 14  80   M    M   0        17  70
23  45  20  33  -7  32   0 0.00  0.0    0  2.4  7 190   M    M   0        12 320
24  50  25  38  -2  27   0    T  0.0    0  2.9  8 120   M    M   1        11  40
25  54  30  42   2  23   0 0.01  0.0    0  2.7 10 320   M    M   3        14 310
26  46  38  42   1  23   0 0.26  0.0    0  2.6  8  90   M    M  10 1      13  90
27  54  32  43   2  22   0 0.00  0.0    0  3.9 14  50   M    M   0 1      18  40
================================================================================
SM 1413  956       565   0  1.46    T    121.4          M      117
================================================================================
AV 52.3 35.4                               4.5 FASTST   M    M   4    MAX(MPH)
                                 MISC ---->  # 32 210               # 38  210
================================================================================
NOTES:
# LAST OF SEVERAL OCCURRENCES

COLUMN 17 PEAK WIND IN M.P.H.

PRELIMINARY LOCAL CLIMATOLOGICAL DATA (WS FORM: F-6) , PAGE 2

                                          STATION:  LEWISTON ID AIRPORT
                                          MONTH:    FEBRUARY
                                          YEAR:     2015
                                          LATITUDE:   46 22 N
                                          LONGITUDE: 117  1 W

[TEMPERATURE DATA]      [PRECIPITATION DATA]       SYMBOLS USED IN COLUMN 16

AVERAGE MONTHLY: 43.9   TOTAL FOR MONTH:   1.46    1 = FOG OR MIST
DPTR FM NORMAL:   5.2   DPTR FM NORMAL:    0.71    2 = FOG REDUCING VISIBILITY
HIGHEST:    66 ON  7, 6 GRTST 24HR  0.42 ON  9- 9      TO 1/4 MILE OR LESS
LOWEST:     20 ON 23                               3 = THUNDER
                        SNOW, ICE PELLETS, HAIL    4 = ICE PELLETS
                        TOTAL MONTH:    T          5 = HAIL
                        GRTST 24HR    T  ON  1- 1  6 = FREEZING RAIN OR DRIZZLE
                        GRTST DEPTH:   0           7 = DUSTSTORM OR SANDSTORM:
                                                       VSBY 1/2 MILE OR LESS
                                                   8 = SMOKE OR HAZE
[NO. OF DAYS WITH]      [WEATHER - DAYS WITH]      9 = BLOWING SNOW
                                                   X = TORNADO
MAX 32 OR BELOW:   0    0.01 INCH OR MORE:  13
MAX 90 OR ABOVE:   0    0.10 INCH OR MORE:   5
MIN 32 OR BELOW:  11    0.50 INCH OR MORE:   0
MIN  0 OR BELOW:   0    1.00 INCH OR MORE:   0

[HDD (BASE 65) ]
TOTAL THIS MO.   565    CLEAR  (SCALE 0-3)  11
DPTR FM NORMAL  -147    PTCLDY (SCALE 4-7)  10
TOTAL FM JUL 1  3196    CLOUDY (SCALE 8-10)  6
DPTR FM NORMAL  -635

[CDD (BASE 65) ]
TOTAL THIS MO.     0
DPTR FM NORMAL     0    [PRESSURE DATA]
TOTAL FM JAN 1     0    HIGHEST SLP M ON M
DPTR FM NORMAL     0    LOWEST  SLP  0.00 ON M

[REMARKS]
